{"text_format":"1","workbook":"xlsx","n_sheets":12,"sheets":["Markets","MyBets","Markets_QuickPickList","display","lookups","public","settings","ratings","past_races","bet_log","bf_data","data_log"],"not_rendered":{"charts":3,"images":9,"macros":1,"external_links":0,"defined_names":9,"comments":0,"pivot_tables":0},"unopened":[],"bounds":{"document_bytes":16777216,"sheet_cells":100000,"rows_first":2000,"rows_last":500,"rows_between":2000,"halvings":0,"cell_chars":16384,"cell_head_chars":4096},"cells_cut":0,"cells_raw":0,"read":"whole","date_system":"1900"}

{"sheet":"Markets","index":0,"n_rows":12,"n_cols":118,"rows_kept":12,"cut":false,"hidden":false,"merged":[[1,59,1,64],[1,106,1,109],[1,87,1,92],[1,114,1,116],[1,65,1,68],[1,69,1,72],[1,94,1,95],[1,96,1,97],[1,73,1,76],[1,77,1,79],[1,111,1,112],[1,104,1,105],[1,100,1,101],[1,102,1,103],[1,80,1,85]]}
["Shep (AUS) 10th Apr - 11:20 R12 385m Gr5",null,null,"17:27:00",null,"Greyhound Racing\\AUS\\Shep (AUS) 10th Apr",null,"BFSP","Y","Streaming",null,null,"Parent id",30413036,"Version",3733719052]
["Last updated:",44296.466235335647,"11:11:22","00:08:39","Not In Play",null,null,"Balance:",102386.46,null,"Exposure:",-652.48,"Trans:",84,null,"Refresh rate(0.5):",null,null,null,null,null,null,null,null,null,null,null,null,null,null,null,null,null,null,null,null,null,null,null,null,null,null,null,null,null,null,null,null,null,null,null,null,null,null,null,null,null,null,null,"bet placement",null,null,null,null,null,"unmatched",null,null,null,"matched",null,null,null,"unmatched",null,null,null,"matched",null,null,"updated price adjustments",null,null,null,null,null,null,"fair odds calculation",null,null,null,null,null,20,"wom formulas",null,"market efficiency",null,2,2,"back lone ranger",null,"lay lone ranger",null,"aggressive bet",null,"mlo & mbo calculations",null,null,null,8,"pricing setup",null,1,"pricing setup",null,null,1]
["Total matched:",289.24,null,"Winners",1,"NR",0,"Turn IP","N",66,"IR Delay",0,"Market id",181705171,"Comm:",2.8,null,null,null,null,null,null,null,null,null,null,null,null,null,null,null,null,null,null,null,null,null,null,null,null,null,null,null,null,null,null,null,null,null,null,null,null,"clean","unique","truncated","odds",null,null,"fair","final","lay","lay","final","back","back","lay","lay","lay","bet","lay","lay","average","current","back","back","back","bet","back",null,"average","lay","lay","back","back","lay","back",null,"public ","ln","comb","sum","comb","fair","weight","wom","wom ","back","lay","back 1 - 2","lay 1 - 2","back","prefered","lay","prefered","back","lay","raw","raw","rounded","rounded","rounded",null,"remaining",null,"fair",null,"remaining"]
["Selection name","Back Odds 3",null,"Back Odds 2",null,"Back Odds 1",null,"Lay Odds 1",null,"Lay Odds 2",null,"Lay Odds 3",null,"Reduction factor","Last price matched","Total amount matched","Trigger","Odds","Stake","Bet ref","Bet time","Avg matched odds","Matched stake","Profit / Loss","SP","Average last price matched","Close Profit/Loss","Race Status","Result","Result",null,null,null,null,null,null,null,null,null,null,null,null,null,null,null,null,null,null,null,null,null,null,"runner","id","rating","coeff","filter","public","odds","mlo","price","stake","mbo","price","stake","count","odds","stake","id","matched","liability","odds","payout","count","odds","stake","id","matched","potential","odds","odds","stake","odds","stake","agg odds","agg odds",null,"price","public","sum","exp","prob","odds","perc","prob","fair odds","market","market","tick count","tick count","flag","back","flag","lay","+1 tick"," -1 tick","mlo","mbo","mlo","mbo","secondary","L","payout","LS","back","B","payout","BS"]
["1. Kamari",13,8,14,30,15,7,34,6,44,6,55,5,0,0,0,null,null,null,null,null,0,0,0,22.5,0,0,null,null,null,null,null,null,null,null,null,null,null,null,null,null,null,null,null,null,null,null,null,null,null,null,null,"Kamari","KAMARI44296",43.178649999999998,-0.90637659999999998,0,13,{"$f":"IFERROR(CR5,\"\")","v":15.158048837331512},{"$f":"DE5","v":12},{"$f":"DH5","v":12},{"$f":"DJ5","v":21},{"$f":"DF5","v":22},{"$f":"DL5","v":34},{"$f":"DN5","v":9},{"$f":"IF(BA5<>\"\",COUNTIFS(MyBets!B$2:B$1000,A5,MyBets!F$2:F$1000,\"L\",MyBets!E$2:E$1000,\"U\"),\"\")","v":0},{"$f":"IF(A5<>\"\",SUMIFS(MyBets!$D$2:$D$1000,MyBets!$B$2:$B$1000,A5,MyBets!$E$2:$E$1000,\"U\",MyBets!$F$2:$F$1000,\"L\"),\"\")","v":0},{"$f":"IF(A5<>\"\",SUMIFS(MyBets!$C$2:$C$1000,MyBets!$B$2:$B$1000,A5,MyBets!$E$2:$E$1000,\"U\",MyBets!$F$2:$F$1000,\"L\"),\"\")","v":0},{"$f":"IF(A5<>\"\",SUMIFS(MyBets!$A$2:$A$1000,MyBets!$B$2:$B$1000,A5,MyBets!$E$2:$E$1000,\"U\",MyBets!$F$2:$F$1000,\"L\"),\"\")","v":0},{"$f":"IF(A5<>\"\",SUMIFS(MyBets!$C$2:$C$1000,MyBets!$B$2:$B$1000,A5,MyBets!$E$2:$E$1000,\"F\",MyBets!$F$2:$F$1000,\"L\"),\"\")","v":0},{"$f":"IF(A5<>\"\",SUMIFS(MyBets!$I$2:$I$1000,MyBets!$B$2:$B$1000,A5,MyBets!$E$2:$E$1000,\"F\",MyBets!$F$2:$F$1000,\"L\"),\"\")","v":0},{"$f":"IF(A5<>\"\",IF(BR5>0,(BS5+BR5)/BR5,\"\"),\"\")","v":""},{"$f":"IF(A5<>\"\",IF(BT5<>\"\",BT5*BR5,0),\"\")","v":0},{"$f":"IF(BA5<>\"\",COUNTIFS(MyBets!B$2:B$1000,A5,MyBets!F$2:F$1000,\"B\",MyBets!E$2:E$1000,\"U\"),\"\")","v":0},{"$f":"IF(A5<>\"\",SUMIFS(MyBets!$D$2:$D$1000,MyBets!$B$2:$B$1000,A5,MyBets!$E$2:$E$1000,\"U\",MyBets!$F$2:$F$1000,\"B\"),\"\")","v":0},{"$f":"IF(A5<>\"\",SUMIFS(MyBets!$C$2:$C$1000,MyBets!$B$2:$B$1000,A5,MyBets!$E$2:$E$1000,\"U\",MyBets!$F$2:$F$1000,\"B\"),\"\")","v":0},{"$f":"IF(A5<>\"\",SUMIFS(MyBets!$A$2:$A$1000,MyBets!$B$2:$B$1000,A5,MyBets!$E$2:$E$1000,\"U\",MyBets!$F$2:$F$1000,\"B\"),\"\")","v":0},{"$f":"IF(A5<>\"\",SUMIFS(MyBets!$C$2:$C$1000,MyBets!$B$2:$B$1000,A5,MyBets!$E$2:$E$1000,\"F\",MyBets!$F$2:$F$1000,\"B\"),\"\")","v":0},{"$f":"IF(A5<>\"\",SUMIFS(MyBets!$G$2:$G$1000,MyBets!$B$2:$B$1000,A5,MyBets!$E$2:$E$1000,\"F\",MyBets!$F$2:$F$1000,\"B\"),\"\")","v":0},{"$f":"IF(A5<>\"\",IF(BZ5>0,SUM((CA5+BZ5)/BZ5)-1,\"\"),\"\")","v":""},null,null,null,null,null,null,null,{"$f":"IF(A5<>\"\",BF5,\"\")","v":13},{"$f":"IF(A5<>\"\",LN(CJ5),\"\")","v":2.5649493574615367},{"$f":"IF(A5<>\"\",BC5+BD5*CK5,\"\")","v":40.853839922211826},{"$f":"IF(A5<>\"\",EXP(CL5),\"\")","v":5.5283717973004224E+17},{"$f":"IF(A5<>\"\",CM5/SUM($CM$5:$CM$29),\"\")","v":6.5971551532225045E-2},{"$f":"IF(A5<>\"\",1/CN5,\"\")","v":15.158048837331515},{"$f":"IFERROR((BR5+BS5-BZ5-CA5)/MAX(LPO,BPO),\"\")","v":0},{"$f":"IF(CO5<>\"\",(1/CO5)^(1-CP5/$CP$2),\"\")","v":6.5971551532225045E-2},{"$f":"IFERROR(1/(CQ5/SUM($CQ$5:$CQ$29)),\"\")","v":15.158048837331512},{"$f":"IFERROR(1/F5,\"\")","v":6.6666666666666666E-2},{"$f":"IFERROR(1/H5,\"\")","v":2.9411764705882353E-2},{"$f":"IF(A5<>\"\",VLOOKUP(F5,bf_odds,2,FALSE)-VLOOKUP(D5,bf_odds,2,FALSE),\"\")","v":2},{"$f":"IF(A5<>\"\",VLOOKUP(IF(J5=0,1,J5),bf_odds,2,FALSE)-VLOOKUP(H5,bf_odds,2,FALSE),\"\")","v":5},{"$f":"IF(A5<>\"\",IF(AND(I5<=BX5+1,H5=BW5,CV5>=$CV$2),1,0),\"\")","v":0},{"$f":"IF(CW5=1,VLOOKUP(J5-0.001,bf_odds,1),\"\")","v":""},{"$f":"IF(A5<>\"\",IF(AND(E5<=BP5+1,F5=BO5,CU5>=$CU$2),1,0),\"\")","v":0},{"$f":"IF(CY5=1,VLOOKUP(D5+0.001,bf_odds,1),\"\")","v":""},{"$f":"IF(F5<>\"\",IF(CG5=F5,F5,VLOOKUP(F5+0.001,bf_odds,3)),\"\")","v":15.5},{"$f":"IF(H5<>\"\",IF(CH5=H5,H5,VLOOKUP(H5-0.001,bf_odds,1)),\"\")","v":32},{"$f":"IF(A5<>\"\",CR5*mlo,\"\")","v":12.429600046611839},{"$f":"IF(A5<>\"\",IF(CR5>40,1000,EXP(LN(CR5)*mbo)),\"\")","v":21.004894192211903},{"$f":"IFERROR(IF(A5<>\"\",VLOOKUP(DC5,bf_odds,1),\"\"),\"\")","v":12},{"$f":"IFERROR(IF(A5<>\"\",VLOOKUP(DD5,bf_odds,3),\"\"),\"\")","v":22},{"$f":"IFERROR(IF(DD5*$DG$2,VLOOKUP(DD5*$DG$2,bf_odds,3),\"\"),\"\")","v":170},{"$f":"IF(A5<>\"\",IF(F5<=DE5,IF(TTJ<AGR,DA5,IF(CZ5<>\"\",CZ5,F5)),DE5),\"\")","v":12},{"$f":"IF(A5<>\"\",IF(LPO-BU5<0,0,LPO-BU5),\"\")","v":1473.0479146365008},{"$f":"IF(A5<>\"\",CEILING(IF(DI5>LTR,LTR/DH5,DI5/DH5),$DJ$2),\"\")","v":21},{"$f":"IF(A5<>\"\",IF(H5=0,DG5,DF5),\"\")","v":22},{"$f":"IF(A5<>\"\",IF(H5=0,DK5,IF(H5>=DK5,IF(TTJ<AGR,DB5,IF(CX5<>\"\",CX5,H5)),DK5)),\"\")","v":34},{"$f":"IF(A5<>\"\",IF(BPO-CA5<0,0,BPO-CA5),\"\")","v":1178.4383317092006},{"$f":"IFERROR(IF(A5<>\"\",CEILING(IF(DM5>BTR,BTR/DL5,DM5/DL5),$DN$2),\"\"),\"\")","v":9}]
["2. Lucas Entity",30,5,36,11,38,6,260,9,380,6,990,7,0,0,0,null,null,null,null,null,0,0,0,94,0,0,null,null,null,null,null,null,null,null,null,null,null,null,null,null,null,null,null,null,null,null,null,null,null,null,null,"Lucas Entity","LUCAS ENTITY44296",42.695450000000001,-0.90637659999999998,0,34,{"$f":"IFERROR(CR6,\"\")","v":58.740665315723788},48,38,7,{"$f":"DF6","v":1000},1000,1,{"$f":"IF(BA6<>\"\",COUNTIFS(MyBets!B$2:B$1000,A6,MyBets!F$2:F$1000,\"L\",MyBets!E$2:E$1000,\"U\"),\"\")","v":0},{"$f":"IF(A6<>\"\",SUMIFS(MyBets!$D$2:$D$1000,MyBets!$B$2:$B$1000,A6,MyBets!$E$2:$E$1000,\"U\",MyBets!$F$2:$F$1000,\"L\"),\"\")","v":0},{"$f":"IF(A6<>\"\",SUMIFS(MyBets!$C$2:$C$1000,MyBets!$B$2:$B$1000,A6,MyBets!$E$2:$E$1000,\"U\",MyBets!$F$2:$F$1000,\"L\"),\"\")","v":0},{"$f":"IF(A6<>\"\",SUMIFS(MyBets!$A$2:$A$1000,MyBets!$B$2:$B$1000,A6,MyBets!$E$2:$E$1000,\"U\",MyBets!$F$2:$F$1000,\"L\"),\"\")","v":0},{"$f":"IF(A6<>\"\",SUMIFS(MyBets!$C$2:$C$1000,MyBets!$B$2:$B$1000,A6,MyBets!$E$2:$E$1000,\"F\",MyBets!$F$2:$F$1000,\"L\"),\"\")","v":0},{"$f":"IF(A6<>\"\",SUMIFS(MyBets!$I$2:$I$1000,MyBets!$B$2:$B$1000,A6,MyBets!$E$2:$E$1000,\"F\",MyBets!$F$2:$F$1000,\"L\"),\"\")","v":0},"",0,{"$f":"IF(BA6<>\"\",COUNTIFS(MyBets!B$2:B$1000,A6,MyBets!F$2:F$1000,\"B\",MyBets!E$2:E$1000,\"U\"),\"\")","v":0},{"$f":"IF(A6<>\"\",SUMIFS(MyBets!$D$2:$D$1000,MyBets!$B$2:$B$1000,A6,MyBets!$E$2:$E$1000,\"U\",MyBets!$F$2:$F$1000,\"B\"),\"\")","v":0},{"$f":"IF(A6<>\"\",SUMIFS(MyBets!$C$2:$C$1000,MyBets!$B$2:$B$1000,A6,MyBets!$E$2:$E$1000,\"U\",MyBets!$F$2:$F$1000,\"B\"),\"\")","v":0},{"$f":"IF(A6<>\"\",SUMIFS(MyBets!$A$2:$A$1000,MyBets!$B$2:$B$1000,A6,MyBets!$E$2:$E$1000,\"U\",MyBets!$F$2:$F$1000,\"B\"),\"\")","v":0},{"$f":"IF(A6<>\"\",SUMIFS(MyBets!$C$2:$C$1000,MyBets!$B$2:$B$1000,A6,MyBets!$E$2:$E$1000,\"F\",MyBets!$F$2:$F$1000,\"B\"),\"\")","v":0},{"$f":"IF(A6<>\"\",SUMIFS(MyBets!$G$2:$G$1000,MyBets!$B$2:$B$1000,A6,MyBets!$E$2:$E$1000,\"F\",MyBets!$F$2:$F$1000,\"B\"),\"\")","v":0},"",null,null,null,null,null,null,null,34,3.5263605246161616,39.499239337324191,1.4265982389541382E+17,1.7023981506255059E-2,58.740665315723803,0,{"$f":"IF(CO6<>\"\",(1/CO6)^(1-CP6/$CP$2),\"\")","v":1.7023981506255059E-2},{"$f":"IFERROR(1/(CQ6/SUM($CQ$5:$CQ$29)),\"\")","v":58.740665315723788},2.6315789473684209E-2,3.8461538461538464E-3,{"$f":"IF(A6<>\"\",VLOOKUP(F6,bf_odds,2,FALSE)-VLOOKUP(D6,bf_odds,2,FALSE),\"\")","v":1},12,{"$f":"IF(A6<>\"\",IF(AND(I6<=BX6+1,H6=BW6,CV6>=$CV$2),1,0),\"\")","v":0},"",{"$f":"IF(A6<>\"\",IF(AND(E6<=BP6+1,F6=BO6,CU6>=$CU$2),1,0),\"\")","v":0},"",40,250,48.167345558893501,1000,48,1000,1000,38,1473.0479146365008,7,1000,1000,1178.4383317092006,1]
["3. All Inn Mia",5.2,7,5.4,7,5.6,7,7.8,22,8.6,15,9.4,5,0,7.6,118.34,null,null,null,null,null,0,0,0,5.52,7.23,0,null,null,null,null,null,null,null,null,null,null,null,null,null,null,null,null,null,null,null,null,null,null,null,null,null,"All Inn Mia","ALL INN MIA44296",43.37527,-0.90637659999999998,0,4.8,5.0473247571793918,4.0999999999999996,4.0999999999999996,60,6.2,7.8,38,{"$f":"IF(BA7<>\"\",COUNTIFS(MyBets!B$2:B$1000,A7,MyBets!F$2:F$1000,\"L\",MyBets!E$2:E$1000,\"U\"),\"\")","v":0},{"$f":"IF(A7<>\"\",SUMIFS(MyBets!$D$2:$D$1000,MyBets!$B$2:$B$1000,A7,MyBets!$E$2:$E$1000,\"U\",MyBets!$F$2:$F$1000,\"L\"),\"\")","v":0},{"$f":"IF(A7<>\"\",SUMIFS(MyBets!$C$2:$C$1000,MyBets!$B$2:$B$1000,A7,MyBets!$E$2:$E$1000,\"U\",MyBets!$F$2:$F$1000,\"L\"),\"\")","v":0},{"$f":"IF(A7<>\"\",SUMIFS(MyBets!$A$2:$A$1000,MyBets!$B$2:$B$1000,A7,MyBets!$E$2:$E$1000,\"U\",MyBets!$F$2:$F$1000,\"L\"),\"\")","v":0},{"$f":"IF(A7<>\"\",SUMIFS(MyBets!$C$2:$C$1000,MyBets!$B$2:$B$1000,A7,MyBets!$E$2:$E$1000,\"F\",MyBets!$F$2:$F$1000,\"L\"),\"\")","v":0},{"$f":"IF(A7<>\"\",SUMIFS(MyBets!$I$2:$I$1000,MyBets!$B$2:$B$1000,A7,MyBets!$E$2:$E$1000,\"F\",MyBets!$F$2:$F$1000,\"L\"),\"\")","v":0},"",0,{"$f":"IF(BA7<>\"\",COUNTIFS(MyBets!B$2:B$1000,A7,MyBets!F$2:F$1000,\"B\",MyBets!E$2:E$1000,\"U\"),\"\")","v":0},{"$f":"IF(A7<>\"\",SUMIFS(MyBets!$D$2:$D$1000,MyBets!$B$2:$B$1000,A7,MyBets!$E$2:$E$1000,\"U\",MyBets!$F$2:$F$1000,\"B\"),\"\")","v":0},{"$f":"IF(A7<>\"\",SUMIFS(MyBets!$C$2:$C$1000,MyBets!$B$2:$B$1000,A7,MyBets!$E$2:$E$1000,\"U\",MyBets!$F$2:$F$1000,\"B\"),\"\")","v":0},{"$f":"IF(A7<>\"\",SUMIFS(MyBets!$A$2:$A$1000,MyBets!$B$2:$B$1000,A7,MyBets!$E$2:$E$1000,\"U\",MyBets!$F$2:$F$1000,\"B\"),\"\")","v":0},{"$f":"IF(A7<>\"\",SUMIFS(MyBets!$C$2:$C$1000,MyBets!$B$2:$B$1000,A7,MyBets!$E$2:$E$1000,\"F\",MyBets!$F$2:$F$1000,\"B\"),\"\")","v":0},{"$f":"IF(A7<>\"\",SUMIFS(MyBets!$G$2:$G$1000,MyBets!$B$2:$B$1000,A7,MyBets!$E$2:$E$1000,\"F\",MyBets!$F$2:$F$1000,\"B\"),\"\")","v":0},"",null,null,null,null,null,null,null,4.8,1.5686159179138452,41.953513237615368,1.660272198162176E+18,0.19812475877990307,5.0473247571793927,0,0.19812475877990307,5.0473247571793918,0.17857142857142858,0.12820512820512822,2,4,0,"",0,"",5.7,7.6,4.1388063008871008,6.1295500998999604,4.0999999999999996,6.2,50,4.0999999999999996,1473.0479146365008,60,6.2,7.8,1178.4383317092006,38]
["5. Madame Pookie",6.6,80,8,42,9.4,8,10,5,12,15,14.5,8,0,9.6,127.31,null,null,null,null,null,0,0,0,9.6999999999999993,8.74,0,null,null,null,null,null,null,null,null,null,null,null,null,null,null,null,null,null,null,null,null,null,null,null,null,null,"Madame Pookie","MADAME POOKIE44296",43.08717,-0.90637659999999998,0,7,9.4775800461589146,7.6,7.6,33,12.5,12.5,24,{"$f":"IF(BA8<>\"\",COUNTIFS(MyBets!B$2:B$1000,A8,MyBets!F$2:F$1000,\"L\",MyBets!E$2:E$1000,\"U\"),\"\")","v":0},{"$f":"IF(A8<>\"\",SUMIFS(MyBets!$D$2:$D$1000,MyBets!$B$2:$B$1000,A8,MyBets!$E$2:$E$1000,\"U\",MyBets!$F$2:$F$1000,\"L\"),\"\")","v":0},{"$f":"IF(A8<>\"\",SUMIFS(MyBets!$C$2:$C$1000,MyBets!$B$2:$B$1000,A8,MyBets!$E$2:$E$1000,\"U\",MyBets!$F$2:$F$1000,\"L\"),\"\")","v":0},{"$f":"IF(A8<>\"\",SUMIFS(MyBets!$A$2:$A$1000,MyBets!$B$2:$B$1000,A8,MyBets!$E$2:$E$1000,\"U\",MyBets!$F$2:$F$1000,\"L\"),\"\")","v":0},{"$f":"IF(A8<>\"\",SUMIFS(MyBets!$C$2:$C$1000,MyBets!$B$2:$B$1000,A8,MyBets!$E$2:$E$1000,\"F\",MyBets!$F$2:$F$1000,\"L\"),\"\")","v":0},{"$f":"IF(A8<>\"\",SUMIFS(MyBets!$I$2:$I$1000,MyBets!$B$2:$B$1000,A8,MyBets!$E$2:$E$1000,\"F\",MyBets!$F$2:$F$1000,\"L\"),\"\")","v":0},"",0,{"$f":"IF(BA8<>\"\",COUNTIFS(MyBets!B$2:B$1000,A8,MyBets!F$2:F$1000,\"B\",MyBets!E$2:E$1000,\"U\"),\"\")","v":0},{"$f":"IF(A8<>\"\",SUMIFS(MyBets!$D$2:$D$1000,MyBets!$B$2:$B$1000,A8,MyBets!$E$2:$E$1000,\"U\",MyBets!$F$2:$F$1000,\"B\"),\"\")","v":0},{"$f":"IF(A8<>\"\",SUMIFS(MyBets!$C$2:$C$1000,MyBets!$B$2:$B$1000,A8,MyBets!$E$2:$E$1000,\"U\",MyBets!$F$2:$F$1000,\"B\"),\"\")","v":0},{"$f":"IF(A8<>\"\",SUMIFS(MyBets!$A$2:$A$1000,MyBets!$B$2:$B$1000,A8,MyBets!$E$2:$E$1000,\"U\",MyBets!$F$2:$F$1000,\"B\"),\"\")","v":0},{"$f":"IF(A8<>\"\",SUMIFS(MyBets!$C$2:$C$1000,MyBets!$B$2:$B$1000,A8,MyBets!$E$2:$E$1000,\"F\",MyBets!$F$2:$F$1000,\"B\"),\"\")","v":0},{"$f":"IF(A8<>\"\",SUMIFS(MyBets!$G$2:$G$1000,MyBets!$B$2:$B$1000,A8,MyBets!$E$2:$E$1000,\"F\",MyBets!$F$2:$F$1000,\"B\"),\"\")","v":0},"",null,null,null,null,null,null,null,7,1.9459101490553132,41.323442575193752,8.8418487932864563E+17,0.10551216609405278,9.4775800461589164,0,0.10551216609405278,9.4775800461589146,0.10638297872340426,0.1,7,4,0,"",0,"",9.6,9.8000000000000007,7.7716156378503092,12.413697449811586,7.6,12.5,100,7.6,1473.0479146365008,33,12.5,12.5,1178.4383317092006,24]
["6. Six And Out",6.6,17,7.4,61,7.8,6,15.5,6,16.5,5,19,10,0,0,0,null,null,null,null,null,0,0,0,9.15,0,0,null,null,null,null,null,null,null,null,null,null,null,null,null,null,null,null,null,null,null,null,null,null,null,null,null,"Six And Out","SIX AND OUT44296",43.085740000000001,-0.90637659999999998,0,6.5,8.874564666123808,7.2,7.2,35,12,15.5,20,{"$f":"IF(BA9<>\"\",COUNTIFS(MyBets!B$2:B$1000,A9,MyBets!F$2:F$1000,\"L\",MyBets!E$2:E$1000,\"U\"),\"\")","v":0},{"$f":"IF(A9<>\"\",SUMIFS(MyBets!$D$2:$D$1000,MyBets!$B$2:$B$1000,A9,MyBets!$E$2:$E$1000,\"U\",MyBets!$F$2:$F$1000,\"L\"),\"\")","v":0},{"$f":"IF(A9<>\"\",SUMIFS(MyBets!$C$2:$C$1000,MyBets!$B$2:$B$1000,A9,MyBets!$E$2:$E$1000,\"U\",MyBets!$F$2:$F$1000,\"L\"),\"\")","v":0},{"$f":"IF(A9<>\"\",SUMIFS(MyBets!$A$2:$A$1000,MyBets!$B$2:$B$1000,A9,MyBets!$E$2:$E$1000,\"U\",MyBets!$F$2:$F$1000,\"L\"),\"\")","v":0},{"$f":"IF(A9<>\"\",SUMIFS(MyBets!$C$2:$C$1000,MyBets!$B$2:$B$1000,A9,MyBets!$E$2:$E$1000,\"F\",MyBets!$F$2:$F$1000,\"L\"),\"\")","v":0},{"$f":"IF(A9<>\"\",SUMIFS(MyBets!$I$2:$I$1000,MyBets!$B$2:$B$1000,A9,MyBets!$E$2:$E$1000,\"F\",MyBets!$F$2:$F$1000,\"L\"),\"\")","v":0},"",0,{"$f":"IF(BA9<>\"\",COUNTIFS(MyBets!B$2:B$1000,A9,MyBets!F$2:F$1000,\"B\",MyBets!E$2:E$1000,\"U\"),\"\")","v":0},{"$f":"IF(A9<>\"\",SUMIFS(MyBets!$D$2:$D$1000,MyBets!$B$2:$B$1000,A9,MyBets!$E$2:$E$1000,\"U\",MyBets!$F$2:$F$1000,\"B\"),\"\")","v":0},{"$f":"IF(A9<>\"\",SUMIFS(MyBets!$C$2:$C$1000,MyBets!$B$2:$B$1000,A9,MyBets!$E$2:$E$1000,\"U\",MyBets!$F$2:$F$1000,\"B\"),\"\")","v":0},{"$f":"IF(A9<>\"\",SUMIFS(MyBets!$A$2:$A$1000,MyBets!$B$2:$B$1000,A9,MyBets!$E$2:$E$1000,\"U\",MyBets!$F$2:$F$1000,\"B\"),\"\")","v":0},{"$f":"IF(A9<>\"\",SUMIFS(MyBets!$C$2:$C$1000,MyBets!$B$2:$B$1000,A9,MyBets!$E$2:$E$1000,\"F\",MyBets!$F$2:$F$1000,\"B\"),\"\")","v":0},{"$f":"IF(A9<>\"\",SUMIFS(MyBets!$G$2:$G$1000,MyBets!$B$2:$B$1000,A9,MyBets!$E$2:$E$1000,\"F\",MyBets!$F$2:$F$1000,\"B\"),\"\")","v":0},"",null,null,null,null,null,null,null,6.5,1.8718021769015913,41.38918230702734,9.442641171378999E+17,0.11268158356175179,8.8745646661238098,0,0.1126815835617518,8.874564666123808,0.12820512820512822,6.4516129032258063E-2,2,2,0,"",0,"",8,15,7.2771430262215224,11.532532981828838,7.2,12,95,7.2,1473.0479146365008,35,12,15.5,1178.4383317092006,20]
["7. Walk On Bye",1.95,409,2.04,377,2.06,7,2.6,9,2.62,8,2.7,5,0,2.06,43.59,null,null,null,null,null,0,0,0,2.39,2.3199999999999998,0,null,null,null,null,null,null,null,null,null,null,null,null,null,null,null,null,null,null,null,null,null,null,null,null,null,"Walk On Bye","WALK ON BYE44296",43.246650000000002,-0.90637659999999998,0,2,2.5960056474874551,2.12,2.06,120,2.92,2.92,101,{"$f":"IF(BA10<>\"\",COUNTIFS(MyBets!B$2:B$1000,A10,MyBets!F$2:F$1000,\"L\",MyBets!E$2:E$1000,\"U\"),\"\")","v":0},{"$f":"IF(A10<>\"\",SUMIFS(MyBets!$D$2:$D$1000,MyBets!$B$2:$B$1000,A10,MyBets!$E$2:$E$1000,\"U\",MyBets!$F$2:$F$1000,\"L\"),\"\")","v":0},{"$f":"IF(A10<>\"\",SUMIFS(MyBets!$C$2:$C$1000,MyBets!$B$2:$B$1000,A10,MyBets!$E$2:$E$1000,\"U\",MyBets!$F$2:$F$1000,\"L\"),\"\")","v":0},{"$f":"IF(A10<>\"\",SUMIFS(MyBets!$A$2:$A$1000,MyBets!$B$2:$B$1000,A10,MyBets!$E$2:$E$1000,\"U\",MyBets!$F$2:$F$1000,\"L\"),\"\")","v":0},{"$f":"IF(A10<>\"\",SUMIFS(MyBets!$C$2:$C$1000,MyBets!$B$2:$B$1000,A10,MyBets!$E$2:$E$1000,\"F\",MyBets!$F$2:$F$1000,\"L\"),\"\")","v":0},{"$f":"IF(A10<>\"\",SUMIFS(MyBets!$I$2:$I$1000,MyBets!$B$2:$B$1000,A10,MyBets!$E$2:$E$1000,\"F\",MyBets!$F$2:$F$1000,\"L\"),\"\")","v":0},"",0,{"$f":"IF(BA10<>\"\",COUNTIFS(MyBets!B$2:B$1000,A10,MyBets!F$2:F$1000,\"B\",MyBets!E$2:E$1000,\"U\"),\"\")","v":0},{"$f":"IF(A10<>\"\",SUMIFS(MyBets!$D$2:$D$1000,MyBets!$B$2:$B$1000,A10,MyBets!$E$2:$E$1000,\"U\",MyBets!$F$2:$F$1000,\"B\"),\"\")","v":0},{"$f":"IF(A10<>\"\",SUMIFS(MyBets!$C$2:$C$1000,MyBets!$B$2:$B$1000,A10,MyBets!$E$2:$E$1000,\"U\",MyBets!$F$2:$F$1000,\"B\"),\"\")","v":0},{"$f":"IF(A10<>\"\",SUMIFS(MyBets!$A$2:$A$1000,MyBets!$B$2:$B$1000,A10,MyBets!$E$2:$E$1000,\"U\",MyBets!$F$2:$F$1000,\"B\"),\"\")","v":0},{"$f":"IF(A10<>\"\",SUMIFS(MyBets!$C$2:$C$1000,MyBets!$B$2:$B$1000,A10,MyBets!$E$2:$E$1000,\"F\",MyBets!$F$2:$F$1000,\"B\"),\"\")","v":0},{"$f":"IF(A10<>\"\",SUMIFS(MyBets!$G$2:$G$1000,MyBets!$B$2:$B$1000,A10,MyBets!$E$2:$E$1000,\"F\",MyBets!$F$2:$F$1000,\"B\"),\"\")","v":0},"",null,null,null,null,null,null,null,2,0.69314718055994529,42.618397615184492,3.2280103001898788E+18,0.3852071743248518,2.5960056474874555,0,0.3852071743248518,2.5960056474874551,0.4854368932038835,0.38461538461538458,1,1,0,"",0,"",2.08,2.58,2.128724630939713,2.9108666398080185,2.12,2.92,24,2.06,1473.0479146365008,120,2.92,2.92,1178.4383317092006,101]
["8. Jaimandy Roy",4.8,25,5.2,93,5.3,6,11.5,12,14.5,9,16,16,0,0,0,null,null,null,null,null,0,0,0,5.32,0,0,null,null,null,null,null,null,null,null,null,null,null,null,null,null,null,null,null,null,null,null,null,null,null,null,null,"Jaimandy Roy","JAIMANDY ROY44296",42.872459999999997,-0.90637659999999998,0,5,8.6595993101188462,7,5.3,47,11.5,11.5,26,{"$f":"IF(BA11<>\"\",COUNTIFS(MyBets!B$2:B$1000,A11,MyBets!F$2:F$1000,\"L\",MyBets!E$2:E$1000,\"U\"),\"\")","v":0},{"$f":"IF(A11<>\"\",SUMIFS(MyBets!$D$2:$D$1000,MyBets!$B$2:$B$1000,A11,MyBets!$E$2:$E$1000,\"U\",MyBets!$F$2:$F$1000,\"L\"),\"\")","v":0},{"$f":"IF(A11<>\"\",SUMIFS(MyBets!$C$2:$C$1000,MyBets!$B$2:$B$1000,A11,MyBets!$E$2:$E$1000,\"U\",MyBets!$F$2:$F$1000,\"L\"),\"\")","v":0},{"$f":"IF(A11<>\"\",SUMIFS(MyBets!$A$2:$A$1000,MyBets!$B$2:$B$1000,A11,MyBets!$E$2:$E$1000,\"U\",MyBets!$F$2:$F$1000,\"L\"),\"\")","v":0},{"$f":"IF(A11<>\"\",SUMIFS(MyBets!$C$2:$C$1000,MyBets!$B$2:$B$1000,A11,MyBets!$E$2:$E$1000,\"F\",MyBets!$F$2:$F$1000,\"L\"),\"\")","v":0},{"$f":"IF(A11<>\"\",SUMIFS(MyBets!$I$2:$I$1000,MyBets!$B$2:$B$1000,A11,MyBets!$E$2:$E$1000,\"F\",MyBets!$F$2:$F$1000,\"L\"),\"\")","v":0},"",0,{"$f":"IF(BA11<>\"\",COUNTIFS(MyBets!B$2:B$1000,A11,MyBets!F$2:F$1000,\"B\",MyBets!E$2:E$1000,\"U\"),\"\")","v":0},{"$f":"IF(A11<>\"\",SUMIFS(MyBets!$D$2:$D$1000,MyBets!$B$2:$B$1000,A11,MyBets!$E$2:$E$1000,\"U\",MyBets!$F$2:$F$1000,\"B\"),\"\")","v":0},{"$f":"IF(A11<>\"\",SUMIFS(MyBets!$C$2:$C$1000,MyBets!$B$2:$B$1000,A11,MyBets!$E$2:$E$1000,\"U\",MyBets!$F$2:$F$1000,\"B\"),\"\")","v":0},{"$f":"IF(A11<>\"\",SUMIFS(MyBets!$A$2:$A$1000,MyBets!$B$2:$B$1000,A11,MyBets!$E$2:$E$1000,\"U\",MyBets!$F$2:$F$1000,\"B\"),\"\")","v":0},{"$f":"IF(A11<>\"\",SUMIFS(MyBets!$C$2:$C$1000,MyBets!$B$2:$B$1000,A11,MyBets!$E$2:$E$1000,\"F\",MyBets!$F$2:$F$1000,\"B\"),\"\")","v":0},{"$f":"IF(A11<>\"\",SUMIFS(MyBets!$G$2:$G$1000,MyBets!$B$2:$B$1000,A11,MyBets!$E$2:$E$1000,\"F\",MyBets!$F$2:$F$1000,\"B\"),\"\")","v":0},"",null,null,null,null,null,null,null,5,1.6094379124341003,41.413703137016881,9.6770447099654438E+17,0.11547878420096039,8.659599310118848,0,0.1154787842009604,8.6595993101188462,0.18867924528301888,8.6956521739130432E-2,1,6,0,"",0,"",5.4,11,7.1008714342974537,11.220120802639419,7,11.5,90,5.3,1473.0479146365008,47,11.5,11.5,1178.4383317092006,26]
[null,null,null,null,null,null,null,null,null,null,null,null,null,null,null,null,null,null,null,null,null,null,null,null,null,null,null,null,null,null,null,null,null,null,null,null,null,null,null,null,null,null,null,null,null,null,null,null,null,null,null,null,null,null,null,null,null,null,"","","","","","","",{"$f":"IF(BA12<>\"\",COUNTIFS(MyBets!B$2:B$1000,A12,MyBets!F$2:F$1000,\"L\",MyBets!E$2:E$1000,\"U\"),\"\")","v":""},{"$f":"IF(A12<>\"\",SUMIFS(MyBets!$D$2:$D$1000,MyBets!$B$2:$B$1000,A12,MyBets!$E$2:$E$1000,\"U\",MyBets!$F$2:$F$1000,\"L\"),\"\")","v":""},{"$f":"IF(A12<>\"\",SUMIFS(MyBets!$C$2:$C$1000,MyBets!$B$2:$B$1000,A12,MyBets!$E$2:$E$1000,\"U\",MyBets!$F$2:$F$1000,\"L\"),\"\")","v":""},{"$f":"IF(A12<>\"\",SUMIFS(MyBets!$A$2:$A$1000,MyBets!$B$2:$B$1000,A12,MyBets!$E$2:$E$1000,\"U\",MyBets!$F$2:$F$1000,\"L\"),\"\")","v":""},{"$f":"IF(A12<>\"\",SUMIFS(MyBets!$C$2:$C$1000,MyBets!$B$2:$B$1000,A12,MyBets!$E$2:$E$1000,\"F\",MyBets!$F$2:$F$1000,\"L\"),\"\")","v":""},{"$f":"IF(A12<>\"\",SUMIFS(MyBets!$I$2:$I$1000,MyBets!$B$2:$B$1000,A12,MyBets!$E$2:$E$1000,\"F\",MyBets!$F$2:$F$1000,\"L\"),\"\")","v":""},"","",{"$f":"IF(BA12<>\"\",COUNTIFS(MyBets!B$2:B$1000,A12,MyBets!F$2:F$1000,\"B\",MyBets!E$2:E$1000,\"U\"),\"\")","v":""},{"$f":"IF(A12<>\"\",SUMIFS(MyBets!$D$2:$D$1000,MyBets!$B$2:$B$1000,A12,MyBets!$E$2:$E$1000,\"U\",MyBets!$F$2:$F$1000,\"B\"),\"\")","v":""},{"$f":"IF(A12<>\"\",SUMIFS(MyBets!$C$2:$C$1000,MyBets!$B$2:$B$1000,A12,MyBets!$E$2:$E$1000,\"U\",MyBets!$F$2:$F$1000,\"B\"),\"\")","v":""},{"$f":"IF(A12<>\"\",SUMIFS(MyBets!$A$2:$A$1000,MyBets!$B$2:$B$1000,A12,MyBets!$E$2:$E$1000,\"U\",MyBets!$F$2:$F$1000,\"B\"),\"\")","v":""},{"$f":"IF(A12<>\"\",SUMIFS(MyBets!$C$2:$C$1000,MyBets!$B$2:$B$1000,A12,MyBets!$E$2:$E$1000,\"F\",MyBets!$F$2:$F$1000,\"B\"),\"\")","v":""},{"$f":"IF(A12<>\"\",SUMIFS(MyBets!$G$2:$G$1000,MyBets!$B$2:$B$1000,A12,MyBets!$E$2:$E$1000,\"F\",MyBets!$F$2:$F$1000,\"B\"),\"\")","v":""},"",null,null,null,null,null,null,null,"","","","","","","","","","","","","","","","","","","","","","","","","","","","","","",""]

{"sheet":"MyBets","index":1,"n_rows":100,"n_cols":10,"rows_kept":100,"cut":false,"hidden":false,"merged":[]}
["Ref","Selection","Stake","Odds","Matched","Type","back_pot","lay_pot","lay_lia","recorded"]
[null,null,null,null,null,null,{"$f":"IF(A2>0,IF(F2=\"B\",C2*D2,\"\"),\"\")","v":""},{"$f":"IF(A2>0,IF(F2=\"L\",C2,\"\"),\"\")","v":""},{"$f":"IF(A2>0,IF(F2=\"L\",C2*(D2-1),\"\"),\"\")","v":""},{"$f":"IFERROR(VLOOKUP(A2,bet_log!A:A,1,FALSE),\"\")","v":""}]
[null,null,null,null,null,null,{"$f":"IF(A3>0,IF(F3=\"B\",C3*D3,\"\"),\"\")","v":""},{"$f":"IF(A3>0,IF(F3=\"L\",C3,\"\"),\"\")","v":""},{"$f":"IF(A3>0,IF(F3=\"L\",C3*(D3-1),\"\"),\"\")","v":""},{"$f":"IFERROR(VLOOKUP(A3,bet_log!A:A,1,FALSE),\"\")","v":""}]
[null,null,null,null,null,null,"","","",{"$f":"IFERROR(VLOOKUP(A4,bet_log!A:A,1,FALSE),\"\")","v":""}]
[null,null,null,null,null,null,"","","",{"$f":"IFERROR(VLOOKUP(A5,bet_log!A:A,1,FALSE),\"\")","v":""}]
[null,null,null,null,null,null,"","","",{"$f":"IFERROR(VLOOKUP(A6,bet_log!A:A,1,FALSE),\"\")","v":""}]
[null,null,null,null,null,null,"","","",{"$f":"IFERROR(VLOOKUP(A7,bet_log!A:A,1,FALSE),\"\")","v":""}]
[null,null,null,null,null,null,"","","",{"$f":"IFERROR(VLOOKUP(A8,bet_log!A:A,1,FALSE),\"\")","v":""}]
[null,null,null,null,null,null,"","","",{"$f":"IFERROR(VLOOKUP(A9,bet_log!A:A,1,FALSE),\"\")","v":""}]
[null,null,null,null,null,null,"","","",{"$f":"IFERROR(VLOOKUP(A10,bet_log!A:A,1,FALSE),\"\")","v":""}]
[null,null,null,null,null,null,"","","",{"$f":"IFERROR(VLOOKUP(A11,bet_log!A:A,1,FALSE),\"\")","v":""}]
[null,null,null,null,null,null,"","","",{"$f":"IFERROR(VLOOKUP(A12,bet_log!A:A,1,FALSE),\"\")","v":""}]
[null,null,null,null,null,null,"","","",{"$f":"IFERROR(VLOOKUP(A13,bet_log!A:A,1,FALSE),\"\")","v":""}]
[null,null,null,null,null,null,"","","",{"$f":"IFERROR(VLOOKUP(A14,bet_log!A:A,1,FALSE),\"\")","v":""}]
[null,null,null,null,null,null,"","","",{"$f":"IFERROR(VLOOKUP(A15,bet_log!A:A,1,FALSE),\"\")","v":""}]
[null,null,null,null,null,null,"","","",{"$f":"IFERROR(VLOOKUP(A16,bet_log!A:A,1,FALSE),\"\")","v":""}]
[null,null,null,null,null,null,"","","",{"$f":"IFERROR(VLOOKUP(A17,bet_log!A:A,1,FALSE),\"\")","v":""}]
[null,null,null,null,null,null,"","","",{"$f":"IFERROR(VLOOKUP(A18,bet_log!A:A,1,FALSE),\"\")","v":""}]
[null,null,null,null,null,null,"","","",{"$f":"IFERROR(VLOOKUP(A19,bet_log!A:A,1,FALSE),\"\")","v":""}]
[null,null,null,null,null,null,"","","",{"$f":"IFERROR(VLOOKUP(A20,bet_log!A:A,1,FALSE),\"\")","v":""}]
[null,null,null,null,null,null,"","","",{"$f":"IFERROR(VLOOKUP(A21,bet_log!A:A,1,FALSE),\"\")","v":""}]
[null,null,null,null,null,null,"","","",{"$f":"IFERROR(VLOOKUP(A22,bet_log!A:A,1,FALSE),\"\")","v":""}]
[null,null,null,null,null,null,"","","",{"$f":"IFERROR(VLOOKUP(A23,bet_log!A:A,1,FALSE),\"\")","v":""}]
[null,null,null,null,null,null,"","","",{"$f":"IFERROR(VLOOKUP(A24,bet_log!A:A,1,FALSE),\"\")","v":""}]
[null,null,null,null,null,null,"","","",{"$f":"IFERROR(VLOOKUP(A25,bet_log!A:A,1,FALSE),\"\")","v":""}]
[null,null,null,null,null,null,"","","",{"$f":"IFERROR(VLOOKUP(A26,bet_log!A:A,1,FALSE),\"\")","v":""}]
[null,null,null,null,null,null,"","","",{"$f":"IFERROR(VLOOKUP(A27,bet_log!A:A,1,FALSE),\"\")","v":""}]
[null,null,null,null,null,null,"","","",{"$f":"IFERROR(VLOOKUP(A28,bet_log!A:A,1,FALSE),\"\")","v":""}]
[null,null,null,null,null,null,"","","",{"$f":"IFERROR(VLOOKUP(A29,bet_log!A:A,1,FALSE),\"\")","v":""}]
[null,null,null,null,null,null,"","","",{"$f":"IFERROR(VLOOKUP(A30,bet_log!A:A,1,FALSE),\"\")","v":""}]
[null,null,null,null,null,null,"","","",{"$f":"IFERROR(VLOOKUP(A31,bet_log!A:A,1,FALSE),\"\")","v":""}]
[null,null,null,null,null,null,"","","",{"$f":"IFERROR(VLOOKUP(A32,bet_log!A:A,1,FALSE),\"\")","v":""}]
[null,null,null,null,null,null,"","","",{"$f":"IFERROR(VLOOKUP(A33,bet_log!A:A,1,FALSE),\"\")","v":""}]
[null,null,null,null,null,null,"","","",{"$f":"IFERROR(VLOOKUP(A34,bet_log!A:A,1,FALSE),\"\")","v":""}]
[null,null,null,null,null,null,"","","",{"$f":"IFERROR(VLOOKUP(A35,bet_log!A:A,1,FALSE),\"\")","v":""}]
[null,null,null,null,null,null,"","","",{"$f":"IFERROR(VLOOKUP(A36,bet_log!A:A,1,FALSE),\"\")","v":""}]
[null,null,null,null,null,null,"","","",{"$f":"IFERROR(VLOOKUP(A37,bet_log!A:A,1,FALSE),\"\")","v":""}]
[null,null,null,null,null,null,"","","",{"$f":"IFERROR(VLOOKUP(A38,bet_log!A:A,1,FALSE),\"\")","v":""}]
[null,null,null,null,null,null,"","","",{"$f":"IFERROR(VLOOKUP(A39,bet_log!A:A,1,FALSE),\"\")","v":""}]
[null,null,null,null,null,null,"","","",{"$f":"IFERROR(VLOOKUP(A40,bet_log!A:A,1,FALSE),\"\")","v":""}]
[null,null,null,null,null,null,"","","",{"$f":"IFERROR(VLOOKUP(A41,bet_log!A:A,1,FALSE),\"\")","v":""}]
[null,null,null,null,null,null,"","","",{"$f":"IFERROR(VLOOKUP(A42,bet_log!A:A,1,FALSE),\"\")","v":""}]
[null,null,null,null,null,null,"","","",{"$f":"IFERROR(VLOOKUP(A43,bet_log!A:A,1,FALSE),\"\")","v":""}]
[null,null,null,null,null,null,"","","",{"$f":"IFERROR(VLOOKUP(A44,bet_log!A:A,1,FALSE),\"\")","v":""}]
[null,null,null,null,null,null,"","","",{"$f":"IFERROR(VLOOKUP(A45,bet_log!A:A,1,FALSE),\"\")","v":""}]
[null,null,null,null,null,null,"","","",{"$f":"IFERROR(VLOOKUP(A46,bet_log!A:A,1,FALSE),\"\")","v":""}]
[null,null,null,null,null,null,"","","",{"$f":"IFERROR(VLOOKUP(A47,bet_log!A:A,1,FALSE),\"\")","v":""}]
[null,null,null,null,null,null,"","","",{"$f":"IFERROR(VLOOKUP(A48,bet_log!A:A,1,FALSE),\"\")","v":""}]
[null,null,null,null,null,null,"","","",{"$f":"IFERROR(VLOOKUP(A49,bet_log!A:A,1,FALSE),\"\")","v":""}]
[null,null,null,null,null,null,"","","",{"$f":"IFERROR(VLOOKUP(A50,bet_log!A:A,1,FALSE),\"\")","v":""}]
[null,null,null,null,null,null,"","","",{"$f":"IFERROR(VLOOKUP(A51,bet_log!A:A,1,FALSE),\"\")","v":""}]
[null,null,null,null,null,null,"","","",{"$f":"IFERROR(VLOOKUP(A52,bet_log!A:A,1,FALSE),\"\")","v":""}]
[null,null,null,null,null,null,"","","",{"$f":"IFERROR(VLOOKUP(A53,bet_log!A:A,1,FALSE),\"\")","v":""}]
[null,null,null,null,null,null,"","","",{"$f":"IFERROR(VLOOKUP(A54,bet_log!A:A,1,FALSE),\"\")","v":""}]
[null,null,null,null,null,null,"","","",{"$f":"IFERROR(VLOOKUP(A55,bet_log!A:A,1,FALSE),\"\")","v":""}]
[null,null,null,null,null,null,"","","",{"$f":"IFERROR(VLOOKUP(A56,bet_log!A:A,1,FALSE),\"\")","v":""}]
[null,null,null,null,null,null,"","","",{"$f":"IFERROR(VLOOKUP(A57,bet_log!A:A,1,FALSE),\"\")","v":""}]
[null,null,null,null,null,null,"","","",{"$f":"IFERROR(VLOOKUP(A58,bet_log!A:A,1,FALSE),\"\")","v":""}]
[null,null,null,null,null,null,"","","",{"$f":"IFERROR(VLOOKUP(A59,bet_log!A:A,1,FALSE),\"\")","v":""}]
[null,null,null,null,null,null,"","","",{"$f":"IFERROR(VLOOKUP(A60,bet_log!A:A,1,FALSE),\"\")","v":""}]
[null,null,null,null,null,null,"","","",{"$f":"IFERROR(VLOOKUP(A61,bet_log!A:A,1,FALSE),\"\")","v":""}]
[null,null,null,null,null,null,"","","",{"$f":"IFERROR(VLOOKUP(A62,bet_log!A:A,1,FALSE),\"\")","v":""}]
[null,null,null,null,null,null,"","","",{"$f":"IFERROR(VLOOKUP(A63,bet_log!A:A,1,FALSE),\"\")","v":""}]
[null,null,null,null,null,null,"","","",{"$f":"IFERROR(VLOOKUP(A64,bet_log!A:A,1,FALSE),\"\")","v":""}]
[null,null,null,null,null,null,"","","",{"$f":"IFERROR(VLOOKUP(A65,bet_log!A:A,1,FALSE),\"\")","v":""}]
[null,null,null,null,null,null,"","","",{"$f":"IFERROR(VLOOKUP(A66,bet_log!A:A,1,FALSE),\"\")","v":""}]
[null,null,null,null,null,null,{"$f":"IF(A67>0,IF(F67=\"B\",C67*D67,\"\"),\"\")","v":""},{"$f":"IF(A67>0,IF(F67=\"L\",C67,\"\"),\"\")","v":""},{"$f":"IF(A67>0,IF(F67=\"L\",C67*(D67-1),\"\"),\"\")","v":""},{"$f":"IFERROR(VLOOKUP(A67,bet_log!A:A,1,FALSE),\"\")","v":""}]
[null,null,null,null,null,null,"","","",{"$f":"IFERROR(VLOOKUP(A68,bet_log!A:A,1,FALSE),\"\")","v":""}]
[null,null,null,null,null,null,"","","",{"$f":"IFERROR(VLOOKUP(A69,bet_log!A:A,1,FALSE),\"\")","v":""}]
[null,null,null,null,null,null,"","","",{"$f":"IFERROR(VLOOKUP(A70,bet_log!A:A,1,FALSE),\"\")","v":""}]
[null,null,null,null,null,null,"","","",{"$f":"IFERROR(VLOOKUP(A71,bet_log!A:A,1,FALSE),\"\")","v":""}]
[null,null,null,null,null,null,"","","",{"$f":"IFERROR(VLOOKUP(A72,bet_log!A:A,1,FALSE),\"\")","v":""}]
[null,null,null,null,null,null,"","","",{"$f":"IFERROR(VLOOKUP(A73,bet_log!A:A,1,FALSE),\"\")","v":""}]
[null,null,null,null,null,null,"","","",{"$f":"IFERROR(VLOOKUP(A74,bet_log!A:A,1,FALSE),\"\")","v":""}]
[null,null,null,null,null,null,"","","",{"$f":"IFERROR(VLOOKUP(A75,bet_log!A:A,1,FALSE),\"\")","v":""}]
[null,null,null,null,null,null,"","","",{"$f":"IFERROR(VLOOKUP(A76,bet_log!A:A,1,FALSE),\"\")","v":""}]
[null,null,null,null,null,null,"","","",{"$f":"IFERROR(VLOOKUP(A77,bet_log!A:A,1,FALSE),\"\")","v":""}]
[null,null,null,null,null,null,"","","",{"$f":"IFERROR(VLOOKUP(A78,bet_log!A:A,1,FALSE),\"\")","v":""}]
[null,null,null,null,null,null,"","","",{"$f":"IFERROR(VLOOKUP(A79,bet_log!A:A,1,FALSE),\"\")","v":""}]
[null,null,null,null,null,null,"","","",{"$f":"IFERROR(VLOOKUP(A80,bet_log!A:A,1,FALSE),\"\")","v":""}]
[null,null,null,null,null,null,"","","",{"$f":"IFERROR(VLOOKUP(A81,bet_log!A:A,1,FALSE),\"\")","v":""}]
[null,null,null,null,null,null,"","","",{"$f":"IFERROR(VLOOKUP(A82,bet_log!A:A,1,FALSE),\"\")","v":""}]
[null,null,null,null,null,null,"","","",{"$f":"IFERROR(VLOOKUP(A83,bet_log!A:A,1,FALSE),\"\")","v":""}]
[null,null,null,null,null,null,"","","",{"$f":"IFERROR(VLOOKUP(A84,bet_log!A:A,1,FALSE),\"\")","v":""}]
[null,null,null,null,null,null,"","","",{"$f":"IFERROR(VLOOKUP(A85,bet_log!A:A,1,FALSE),\"\")","v":""}]
[null,null,null,null,null,null,"","","",{"$f":"IFERROR(VLOOKUP(A86,bet_log!A:A,1,FALSE),\"\")","v":""}]
[null,null,null,null,null,null,"","","",{"$f":"IFERROR(VLOOKUP(A87,bet_log!A:A,1,FALSE),\"\")","v":""}]
[null,null,null,null,null,null,"","","",{"$f":"IFERROR(VLOOKUP(A88,bet_log!A:A,1,FALSE),\"\")","v":""}]
[null,null,null,null,null,null,"","","",{"$f":"IFERROR(VLOOKUP(A89,bet_log!A:A,1,FALSE),\"\")","v":""}]
[null,null,null,null,null,null,"","","",{"$f":"IFERROR(VLOOKUP(A90,bet_log!A:A,1,FALSE),\"\")","v":""}]
[null,null,null,null,null,null,"","","",{"$f":"IFERROR(VLOOKUP(A91,bet_log!A:A,1,FALSE),\"\")","v":""}]
[null,null,null,null,null,null,"","","",{"$f":"IFERROR(VLOOKUP(A92,bet_log!A:A,1,FALSE),\"\")","v":""}]
[null,null,null,null,null,null,"","","",{"$f":"IFERROR(VLOOKUP(A93,bet_log!A:A,1,FALSE),\"\")","v":""}]
[null,null,null,null,null,null,"","","",{"$f":"IFERROR(VLOOKUP(A94,bet_log!A:A,1,FALSE),\"\")","v":""}]
[null,null,null,null,null,null,"","","",{"$f":"IFERROR(VLOOKUP(A95,bet_log!A:A,1,FALSE),\"\")","v":""}]
[null,null,null,null,null,null,"","","",{"$f":"IFERROR(VLOOKUP(A96,bet_log!A:A,1,FALSE),\"\")","v":""}]
[null,null,null,null,null,null,"","","",{"$f":"IFERROR(VLOOKUP(A97,bet_log!A:A,1,FALSE),\"\")","v":""}]
[null,null,null,null,null,null,"","","",{"$f":"IFERROR(VLOOKUP(A98,bet_log!A:A,1,FALSE),\"\")","v":""}]
[null,null,null,null,null,null,"","","",{"$f":"IFERROR(VLOOKUP(A99,bet_log!A:A,1,FALSE),\"\")","v":""}]
[null,null,null,null,null,null,"","","",{"$f":"IFERROR(VLOOKUP(A100,bet_log!A:A,1,FALSE),\"\")","v":""}]

{"sheet":"Markets_QuickPickList","index":2,"n_rows":72,"n_cols":16,"rows_kept":72,"cut":false,"hidden":false,"merged":[]}
["Market","Start Time","Market Id","Parent Market Id","Turn In Play","BSP Market","Number Of Winners","jur","time","location","race","distance","grade","key","full location","mnemonic"]
["11:00 Town (AUS) 10th Apr (R10 380m Gr5)","2021-04-10T11:00:00",181709354,30413367,"N","Y",1,"AUS","11:00:00","Town","R10","380m","Gr5","Townsville R10 380m","Townsville","TWN"]
["11:05 Shep (AUS) 10th Apr (R11 385m Gr5)","2021-04-10T11:05:00",181705169,30413036,"N","Y",1,"AUS","11:05:00","Shep","R11","385m","Gr5","Shepparton R11 385m","Shepparton","SHE"]
["11:10 Rich (AUS) 10th Apr (R10 330m Rest)","2021-04-10T11:10:00",181703117,30412865,"N","Y",1,"AUS","11:10:00","Rich","R10","330m","Rest","Richmond R10 330m","Richmond","RIC"]
["11:15 Town (AUS) 10th Apr (R11 380m Gr5)","2021-04-10T11:15:00",181709356,30413367,"N","Y",1,"AUS","11:15:00","Town","R11","380m","Gr5","Townsville R11 380m","Townsville","TWN"]
["11:20 Shep (AUS) 10th Apr (R12 385m Gr5)","2021-04-10T11:20:00",181705171,30413036,"N","Y",1,"AUS","11:20:00","Shep","R12","385m","Gr5","Shepparton R12 385m","Shepparton","SHE"]
["17:27 Hshm (AUS) 10th Apr (R1 410m Mdn)","2021-04-10T17:27:00",181711382,30413490,"N","Y",1,"AUS","17:27:00","Hshm","R1","410m","Mdn","Horsham R1 410m","Horsham","HOR"]
["17:44 Gard (AUS) 10th Apr (R1 272m Mdn)","2021-04-10T17:44:00",181707150,30413123,"N","Y",1,"AUS","17:44:00","Gard","R1","272m","Mdn","The Gardens R1 272m","The Gardens","GAR"]
["17:49 Ipsw (AUS) 10th Apr (R1 431m Mdn)","2021-04-10T17:49:00",181704753,30412970,"N","Y",1,"AUS","17:49:00","Ipsw","R1","431m","Mdn","Ipswich R1 431m","Ipswich","IPS"]
["17:52 Hshm (AUS) 10th Apr (R2 410m Gr7)","2021-04-10T17:52:00",181711384,30413490,"N","Y",1,"AUS","17:52:00","Hshm","R2","410m","Gr7","Horsham R2 410m","Horsham","HOR"]
["17:59 Gard (AUS) 10th Apr (R2 400m Mdn)","2021-04-10T17:59:00",181707152,30413123,"N","Y",1,"AUS","17:59:00","Gard","R2","400m","Mdn","The Gardens R2 400m","The Gardens","GAR"]
["18:04 Ipsw (AUS) 10th Apr (R2 520m Mdn)","2021-04-10T18:04:00",181704755,30412970,"N","Y",1,"AUS","18:04:00","Ipsw","R2","520m","Mdn","Ipswich R2 520m","Ipswich","IPS"]
["18:07 Hshm (AUS) 10th Apr (R3 410m Gr7)","2021-04-10T18:07:00",181711386,30413490,"N","Y",1,"AUS","18:07:00","Hshm","R3","410m","Gr7","Horsham R3 410m","Horsham","HOR"]
["18:19 Gard (AUS) 10th Apr (R3 600m Gr5)","2021-04-10T18:19:00",181707154,30413123,"N","Y",1,"AUS","18:19:00","Gard","R3","600m","Gr5","The Gardens R3 600m","The Gardens","GAR"]
["18:23 Ipsw (AUS) 10th Apr (R3 431m Nvce)","2021-04-10T18:23:00",181704757,30412970,"N","Y",1,"AUS","18:23:00","Ipsw","R3","431m","Nvce","Ipswich R3 431m","Ipswich","IPS"]
["18:27 WPrk (AUS) 10th Apr (R1 520m Gr5)","2021-04-10T18:27:00",181704899,30412982,"N","Y",1,"AUS","18:27:00","WPrk","R1","520m","Gr5","Wentworth Park R1 520m","Wentworth Park","WWP"]
["18:29 Hshm (AUS) 10th Apr (R4 485m Heat)","2021-04-10T18:29:00",181711388,30413490,"N","Y",1,"AUS","18:29:00","Hshm","R4","485m","Heat","Horsham R4 485m","Horsham","HOR"]
["18:34 Gard (AUS) 10th Apr (R4 272m Gr5)","2021-04-10T18:34:00",181707156,30413123,"N","Y",1,"AUS","18:34:00","Gard","R4","272m","Gr5","The Gardens R4 272m","The Gardens","GAR"]
["18:39 Mead (AUS) 10th Apr (R1 525m Gr7)","2021-04-10T18:39:00",181711406,30413500,"N","Y",1,"AUS","18:39:00","Mead","R1","525m","Gr7","The Meadows R1 525m","The Meadows","MEA"]
["18:42 Ipsw (AUS) 10th Apr (R4 520m Nvce)","2021-04-10T18:42:00",181704759,30412970,"N","Y",1,"AUS","18:42:00","Ipsw","R4","520m","Nvce","Ipswich R4 520m","Ipswich","IPS"]
["18:47 WPrk (AUS) 10th Apr (R2 520m Final)","2021-04-10T18:47:00",181704901,30412982,"N","Y",1,"AUS","18:47:00","WPrk","R2","520m","Final","Wentworth Park R2 520m","Wentworth Park","WWP"]
["18:54 Hshm (AUS) 10th Apr (R5 485m Rest)","2021-04-10T18:54:00",181711390,30413490,"N","Y",1,"AUS","18:54:00","Hshm","R5","485m","Rest","Horsham R5 485m","Horsham","HOR"]
["18:57 Gard (AUS) 10th Apr (R5 272m Gr5)","2021-04-10T18:57:00",181707158,30413123,"N","Y",1,"AUS","18:57:00","Gard","R5","272m","Gr5","The Gardens R5 272m","The Gardens","GAR"]
["18:59 Mead (AUS) 10th Apr (R2 525m Gr6/7)","2021-04-10T18:59:00",181711408,30413500,"N","Y",1,"AUS","18:59:00","Mead","R2","525m","Gr6/7","The Meadows R2 525m","The Meadows","MEA"]
["19:04 Ipsw (AUS) 10th Apr (R5 630m Rest)","2021-04-10T19:04:00",181704761,30412970,"N","Y",1,"AUS","19:04:00","Ipsw","R5","630m","Rest","Ipswich R5 630m","Ipswich","IPS"]
["19:07 WPrk (AUS) 10th Apr (R3 520m Gr5)","2021-04-10T19:07:00",181704903,30412982,"N","Y",1,"AUS","19:07:00","WPrk","R3","520m","Gr5","Wentworth Park R3 520m","Wentworth Park","WWP"]
["19:10 Hshm (AUS) 10th Apr (R6 410m Gr4/5)","2021-04-10T19:10:00",181711392,30413490,"N","Y",1,"AUS","19:10:00","Hshm","R6","410m","Gr4/5","Horsham R6 410m","Horsham","HOR"]
["19:13 Gard (AUS) 10th Apr (R6 400m Gr4/5)","2021-04-10T19:13:00",181707160,30413123,"N","Y",1,"AUS","19:13:00","Gard","R6","400m","Gr4/5","The Gardens R6 400m","The Gardens","GAR"]
["19:16 Dubb (AUS) 10th Apr (R1 318m Mdn)","2021-04-10T19:16:00",181703119,30412866,"N","Y",1,"AUS","19:16:00","Dubb","R1","318m","Mdn","Dubbo R1 318m","Dubbo","DBO"]
["19:18 Mead (AUS) 10th Apr (R3 525m Gr5)","2021-04-10T19:18:00",181711410,30413500,"N","Y",1,"AUS","19:18:00","Mead","R3","525m","Gr5","The Meadows R3 525m","The Meadows","MEA"]
["19:22 Ipsw (AUS) 10th Apr (R6 520m Semi)","2021-04-10T19:22:00",181704763,30412970,"N","Y",1,"AUS","19:22:00","Ipsw","R6","520m","Semi","Ipswich R6 520m","Ipswich","IPS"]
["19:25 Hshm (AUS) 10th Apr (R7 410m Gr5)","2021-04-10T19:25:00",181711394,30413490,"N","Y",1,"AUS","19:25:00","Hshm","R7","410m","Gr5","Horsham R7 410m","Horsham","HOR"]
["19:28 WPrk (AUS) 10th Apr (R4 520m Gr4/5)","2021-04-10T19:28:00",181704905,30412982,"N","Y",1,"AUS","19:28:00","WPrk","R4","520m","Gr4/5","Wentworth Park R4 520m","Wentworth Park","WWP"]
["19:31 Gard (AUS) 10th Apr (R7 400m Gr5)","2021-04-10T19:31:00",181707162,30413123,"N","Y",1,"AUS","19:31:00","Gard","R7","400m","Gr5","The Gardens R7 400m","The Gardens","GAR"]
["19:34 Dubb (AUS) 10th Apr (R2 318m N/G)","2021-04-10T19:34:00",181703121,30412866,"N","Y",1,"AUS","19:34:00","Dubb","R2","318m","N/G","Dubbo R2 318m","Dubbo","DBO"]
["19:39 Mead (AUS) 10th Apr (R4 525m FFA)","2021-04-10T19:39:00",181711412,30413500,"N","Y",1,"AUS","19:39:00","Mead","R4","525m","FFA","The Meadows R4 525m","The Meadows","MEA"]
["19:42 Ipsw (AUS) 10th Apr (R7 520m Semi)","2021-04-10T19:42:00",181704765,30412970,"N","Y",1,"AUS","19:42:00","Ipsw","R7","520m","Semi","Ipswich R7 520m","Ipswich","IPS"]
["19:47 WPrk (AUS) 10th Apr (R5 520m Grp3)","2021-04-10T19:47:00",181704907,30412982,"N","Y",1,"AUS","19:47:00","WPrk","R5","520m","Grp3","Wentworth Park R5 520m","Wentworth Park","WWP"]
["19:50 Hshm (AUS) 10th Apr (R8 485m Gr5)","2021-04-10T19:50:00",181711396,30413490,"N","Y",1,"AUS","19:50:00","Hshm","R8","485m","Gr5","Horsham R8 485m","Horsham","HOR"]
["19:53 Gard (AUS) 10th Apr (R8 400m Gr5)","2021-04-10T19:53:00",181707164,30413123,"N","Y",1,"AUS","19:53:00","Gard","R8","400m","Gr5","The Gardens R8 400m","The Gardens","GAR"]
["19:56 Dubb (AUS) 10th Apr (R3 318m Gr5)","2021-04-10T19:56:00",181703123,30412866,"N","Y",1,"AUS","19:56:00","Dubb","R3","318m","Gr5","Dubbo R3 318m","Dubbo","DBO"]
["19:59 Mead (AUS) 10th Apr (R5 525m Final)","2021-04-10T19:59:00",181711414,30413500,"N","Y",1,"AUS","19:59:00","Mead","R5","525m","Final","The Meadows R5 525m","The Meadows","MEA"]
["20:03 Ipsw (AUS) 10th Apr (R8 520m Semi)","2021-04-10T20:03:00",181704767,30412970,"N","Y",1,"AUS","20:03:00","Ipsw","R8","520m","Semi","Ipswich R8 520m","Ipswich","IPS"]
["20:07 WPrk (AUS) 10th Apr (R6 720m Grp1)","2021-04-10T20:07:00",181704909,30412982,"N","Y",1,"AUS","20:07:00","WPrk","R6","720m","Grp1","Wentworth Park R6 720m","Wentworth Park","WWP"]
["20:11 Hshm (AUS) 10th Apr (R9 485m Heat)","2021-04-10T20:11:00",181711398,30413490,"N","Y",1,"AUS","20:11:00","Hshm","R9","485m","Heat","Horsham R9 485m","Horsham","HOR"]
["20:14 Gard (AUS) 10th Apr (R9 400m Gr5)","2021-04-10T20:14:00",181707166,30413123,"N","Y",1,"AUS","20:14:00","Gard","R9","400m","Gr5","The Gardens R9 400m","The Gardens","GAR"]
["20:18 Mead (AUS) 10th Apr (R6 525m Gr5)","2021-04-10T20:18:00",181711416,30413500,"N","Y",1,"AUS","20:18:00","Mead","R6","525m","Gr5","The Meadows R6 525m","The Meadows","MEA"]
["20:20 Dubb (AUS) 10th Apr (R4 318m Gr5)","2021-04-10T20:20:00",181703125,30412866,"N","Y",1,"AUS","20:20:00","Dubb","R4","318m","Gr5","Dubbo R4 318m","Dubbo","DBO"]
["20:27 Ipsw (AUS) 10th Apr (R9 520m Gr4/5)","2021-04-10T20:27:00",181704769,30412970,"N","Y",1,"AUS","20:27:00","Ipsw","R9","520m","Gr4/5","Ipswich R9 520m","Ipswich","IPS"]
["20:31 WPrk (AUS) 10th Apr (R7 520m Grp3)","2021-04-10T20:31:00",181704911,30412982,"N","Y",1,"AUS","20:31:00","WPrk","R7","520m","Grp3","Wentworth Park R7 520m","Wentworth Park","WWP"]
["20:34 Hshm (AUS) 10th Apr (R10 410m Gr6)","2021-04-10T20:34:00",181711400,30413490,"N","Y",1,"AUS","20:34:00","Hshm","R10","410m","Gr6","Horsham R10 410m","Horsham","HOR"]
["20:37 Mead (AUS) 10th Apr (R7 525m Gr4)","2021-04-10T20:37:00",181711418,30413500,"N","Y",1,"AUS","20:37:00","Mead","R7","525m","Gr4","The Meadows R7 525m","The Meadows","MEA"]
["20:41 Gard (AUS) 10th Apr (R10 515m Gr5)","2021-04-10T20:41:00",181707168,30413123,"N","Y",1,"AUS","20:41:00","Gard","R10","515m","Gr5","The Gardens R10 515m","The Gardens","GAR"]
["20:44 Dubb (AUS) 10th Apr (R5 516m Gr5)","2021-04-10T20:44:00",181703127,30412866,"N","Y",1,"AUS","20:44:00","Dubb","R5","516m","Gr5","Dubbo R5 516m","Dubbo","DBO"]
["20:47 Ipsw (AUS) 10th Apr (R10 431m Gr4/5)","2021-04-10T20:47:00",181704771,30412970,"N","Y",1,"AUS","20:47:00","Ipsw","R10","431m","Gr4/5","Ipswich R10 431m","Ipswich","IPS"]
["20:50 Hshm (AUS) 10th Apr (R11 410m Rest)","2021-04-10T20:50:00",181711402,30413490,"N","Y",1,"AUS","20:50:00","Hshm","R11","410m","Rest","Horsham R11 410m","Horsham","HOR"]
["20:54 WPrk (AUS) 10th Apr (R8 520m Grp1)","2021-04-10T20:54:00",181704913,30412982,"N","Y",1,"AUS","20:54:00","WPrk","R8","520m","Grp1","Wentworth Park R8 520m","Wentworth Park","WWP"]
["21:00 Gard (AUS) 10th Apr (R11 515m Gr4/5)","2021-04-10T21:00:00",181707172,30413123,"N","Y",1,"AUS","21:00:00","Gard","R11","515m","Gr4/5","The Gardens R11 515m","The Gardens","GAR"]
["21:03 Mead (AUS) 10th Apr (R8 600m Gr4/5)","2021-04-10T21:03:00",181711420,30413500,"N","Y",1,"AUS","21:03:00","Mead","R8","600m","Gr4/5","The Meadows R8 600m","The Meadows","MEA"]
["21:04 Dubb (AUS) 10th Apr (R6 400m Gr5)","2021-04-10T21:04:00",181703129,30412866,"N","Y",1,"AUS","21:04:00","Dubb","R6","400m","Gr5","Dubbo R6 400m","Dubbo","DBO"]
["21:15 Hshm (AUS) 10th Apr (R12 410m Gr5)","2021-04-10T21:15:00",181711404,30413490,"N","Y",1,"AUS","21:15:00","Hshm","R12","410m","Gr5","Horsham R12 410m","Horsham","HOR"]
["21:22 Mead (AUS) 10th Apr (R9 525m Gr5)","2021-04-10T21:22:00",181711422,30413500,"N","Y",1,"AUS","21:22:00","Mead","R9","525m","Gr5","The Meadows R9 525m","The Meadows","MEA"]
["21:27 Dubb (AUS) 10th Apr (R7 400m Gr4/5)","2021-04-10T21:27:00",181703131,30412866,"N","Y",1,"AUS","21:27:00","Dubb","R7","400m","Gr4/5","Dubbo R7 400m","Dubbo","DBO"]
["21:36 WPrk (AUS) 10th Apr (R9 520m Gr5)","2021-04-10T21:36:00",181704915,30412982,"N","Y",1,"AUS","21:36:00","WPrk","R9","520m","Gr5","Wentworth Park R9 520m","Wentworth Park","WWP"]
["21:43 Mead (AUS) 10th Apr (R10 525m Gr5)","2021-04-10T21:43:00",181711424,30413500,"N","Y",1,"AUS","21:43:00","Mead","R10","525m","Gr5","The Meadows R10 525m","The Meadows","MEA"]
["21:49 Dubb (AUS) 10th Apr (R8 318m Final)","2021-04-10T21:49:00",181703133,30412866,"N","Y",1,"AUS","21:49:00","Dubb","R8","318m","Final","Dubbo R8 318m","Dubbo","DBO"]
["22:00 WPrk (AUS) 10th Apr (R10 520m M1/2/3)","2021-04-10T22:00:00",181704917,30412982,"N","Y",1,"AUS","22:00:00","WPrk","R10","520m","M1/2/3","Wentworth Park R10 520m","Wentworth Park","WWP"]
["22:07 Mead (AUS) 10th Apr (R11 525m Gr5)","2021-04-10T22:07:00",181711426,30413500,"N","Y",1,"AUS","22:07:00","Mead","R11","525m","Gr5","The Meadows R11 525m","The Meadows","MEA"]
["22:11 Dubb (AUS) 10th Apr (R9 318m Gr5)","2021-04-10T22:11:00",181703135,30412866,"N","Y",1,"AUS","22:11:00","Dubb","R9","318m","Gr5","Dubbo R9 318m","Dubbo","DBO"]
["22:18 WPrk (AUS) 10th Apr (R11 520m FFA)","2021-04-10T22:18:00",181704919,30412982,"N","Y",1,"AUS","22:18:00","WPrk","R11","520m","FFA","Wentworth Park R11 520m","Wentworth Park","WWP"]
["22:26 Mead (AUS) 10th Apr (R12 525m Gr5)","2021-04-10T22:26:00",181711428,30413500,"N","Y",1,"AUS","22:26:00","Mead","R12","525m","Gr5","The Meadows R12 525m","The Meadows","MEA"]
["22:34 Dubb (AUS) 10th Apr (R10 318m Gr5)","2021-04-10T22:34:00",181703137,30412866,"N","Y",1,"AUS","22:34:00","Dubb","R10","318m","Gr5","Dubbo R10 318m","Dubbo","DBO"]

{"sheet":"display","index":3,"n_rows":76,"n_cols":44,"rows_kept":76,"cut":false,"hidden":false,"merged":[[2,21,3,22],[999,1,999,3],[990,1,990,3],[991,1,991,3],[992,1,992,3],[993,1,993,3],[994,1,994,3],[995,1,995,3],[996,1,996,3],[997,1,997,3],[998,1,998,3],[981,1,981,3],[982,1,982,3],[983,1,983,3],[984,1,984,3],[985,1,985,3],[986,1,986,3],[987,1,987,3],[988,1,988,3],[989,1,989,3],[956,1,956,3],[957,1,957,3],[958,1,958,3],[959,1,959,3],[960,1,960,3],[961,1,961,3],[962,1,962,3],[975,1,975,3],[976,1,976,3],[977,1,977,3],[978,1,978,3],[979,1,979,3],[980,1,980,3],[963,1,963,3],[964,1,964,3],[965,1,965,3],[966,1,966,3],[967,1,967,3],[968,1,968,3],[969,1,969,3],[970,1,970,3],[971,1,971,3],[972,1,972,3],[973,1,973,3],[974,1,974,3],[939,1,939,3],[940,1,940,3],[941,1,941,3],[942,1,942,3],[943,1,943,3],[944,1,944,3],[945,1,945,3],[946,1,946,3],[947,1,947,3],[948,1,948,3],[949,1,949,3],[950,1,950,3],[951,1,951,3],[952,1,952,3],[953,1,953,3],[954,1,954,3],[955,1,955,3],[922,1,922,3],[923,1,923,3],[924,1,924,3],[925,1,925,3],[926,1,926,3],[927,1,927,3],[928,1,928,3],[929,1,929,3],[930,1,930,3],[931,1,931,3],[932,1,932,3],[933,1,933,3],[934,1,934,3],[935,1,935,3],[936,1,936,3],[937,1,937,3],[938,1,938,3],[905,1,905,3],[906,1,906,3],[907,1,907,3],[908,1,908,3],[909,1,909,3],[910,1,910,3],[911,1,911,3],[912,1,912,3],[913,1,913,3],[914,1,914,3],[915,1,915,3],[916,1,916,3],[917,1,917,3],[918,1,918,3],[919,1,919,3],[920,1,920,3],[921,1,921,3],[888,1,888,3],[889,1,889,3],[890,1,890,3],[891,1,891,3],[892,1,892,3],[893,1,893,3],[894,1,894,3],[895,1,895,3],[896,1,896,3],[897,1,897,3],[898,1,898,3],[899,1,899,3],[900,1,900,3],[901,1,901,3],[902,1,902,3],[903,1,903,3],[904,1,904,3],[871,1,871,3],[872,1,872,3],[873,1,873,3],[874,1,874,3],[875,1,875,3],[876,1,876,3],[877,1,877,3],[878,1,878,3],[879,1,879,3],[880,1,880,3],[881,1,881,3],[882,1,882,3],[883,1,883,3],[884,1,884,3],[885,1,885,3],[886,1,886,3],[887,1,887,3],[854,1,854,3],[855,1,855,3],[856,1,856,3],[857,1,857,3],[858,1,858,3],[859,1,859,3],[860,1,860,3],[861,1,861,3],[862,1,862,3],[863,1,863,3],[864,1,864,3],[865,1,865,3],[866,1,866,3],[867,1,867,3],[868,1,868,3],[869,1,869,3],[870,1,870,3],[837,1,837,3],[838,1,838,3],[839,1,839,3],[840,1,840,3],[841,1,841,3],[842,1,842,3],[843,1,843,3],[844,1,844,3],[845,1,845,3],[846,1,846,3],[847,1,847,3],[848,1,848,3],[849,1,849,3],[850,1,850,3],[851,1,851,3],[852,1,852,3],[853,1,853,3],[820,1,820,3],[821,1,821,3],[822,1,822,3],[823,1,823,3],[824,1,824,3],[825,1,825,3],[826,1,826,3],[827,1,827,3],[828,1,828,3],[829,1,829,3],[830,1,830,3],[831,1,831,3],[832,1,832,3],[833,1,833,3],[834,1,834,3],[835,1,835,3],[836,1,836,3],[803,1,803,3],[804,1,804,3],[805,1,805,3],[806,1,806,3],[807,1,807,3],[808,1,808,3],[809,1,809,3],[810,1,810,3],[811,1,811,3],[812,1,812,3],[813,1,813,3],[814,1,814,3],[815,1,815,3],[816,1,816,3],[817,1,817,3],[818,1,818,3],[819,1,819,3],[786,1,786,3],[787,1,787,3],[788,1,788,3],[789,1,789,3],[790,1,790,3],[791,1,791,3],[792,1,792,3],[793,1,793,3],[794,1,794,3],[795,1,795,3],[796,1,796,3],[797,1,797,3],[798,1,798,3],[799,1,799,3],[800,1,800,3],[801,1,801,3],[802,1,802,3],[769,1,769,3],[770,1,770,3],[771,1,771,3],[772,1,772,3],[773,1,773,3],[774,1,774,3],[775,1,775,3],[776,1,776,3],[777,1,777,3],[778,1,778,3],[779,1,779,3],[780,1,780,3],[781,1,781,3],[782,1,782,3],[783,1,783,3],[784,1,784,3],[785,1,785,3],[752,1,752,3],[753,1,753,3],[754,1,754,3],[755,1,755,3],[756,1,756,3],[757,1,757,3],[758,1,758,3],[759,1,759,3],[760,1,760,3],[761,1,761,3],[762,1,762,3],[763,1,763,3],[764,1,764,3],[765,1,765,3],[766,1,766,3],[767,1,767,3],[768,1,768,3],[735,1,735,3],[736,1,736,3],[737,1,737,3],[738,1,738,3],[739,1,739,3],[740,1,740,3],[741,1,741,3],[742,1,742,3],[743,1,743,3],[744,1,744,3],[745,1,745,3],[746,1,746,3],[747,1,747,3],[748,1,748,3],[749,1,749,3],[750,1,750,3],[751,1,751,3],[718,1,718,3],[719,1,719,3],[720,1,720,3],[721,1,721,3],[722,1,722,3],[723,1,723,3],[724,1,724,3],[725,1,725,3],[726,1,726,3],[727,1,727,3],[728,1,728,3],[729,1,729,3],[730,1,730,3],[731,1,731,3],[732,1,732,3],[733,1,733,3],[734,1,734,3],[701,1,701,3],[702,1,702,3],[703,1,703,3],[704,1,704,3],[705,1,705,3],[706,1,706,3],[707,1,707,3],[708,1,708,3],[709,1,709,3],[710,1,710,3],[711,1,711,3],[712,1,712,3],[713,1,713,3],[714,1,714,3],[715,1,715,3],[716,1,716,3],[717,1,717,3],[684,1,684,3],[685,1,685,3],[686,1,686,3],[687,1,687,3],[688,1,688,3],[689,1,689,3],[690,1,690,3],[691,1,691,3],[692,1,692,3],[693,1,693,3],[694,1,694,3],[695,1,695,3],[696,1,696,3],[697,1,697,3],[698,1,698,3],[699,1,699,3],[700,1,700,3],[667,1,667,3],[668,1,668,3],[669,1,669,3],[670,1,670,3],[671,1,671,3],[672,1,672,3],[673,1,673,3],[674,1,674,3],[675,1,675,3],[676,1,676,3],[677,1,677,3],[678,1,678,3],[679,1,679,3],[680,1,680,3],[681,1,681,3],[682,1,682,3],[683,1,683,3],[650,1,650,3],[651,1,651,3],[652,1,652,3],[653,1,653,3],[654,1,654,3],[655,1,655,3],[656,1,656,3],[657,1,657,3],[658,1,658,3],[659,1,659,3],[660,1,660,3],[661,1,661,3],[662,1,662,3],[663,1,663,3],[664,1,664,3],[665,1,665,3],[666,1,666,3],[633,1,633,3],[634,1,634,3],[635,1,635,3],[636,1,636,3],[637,1,637,3],[638,1,638,3],[639,1,639,3],[640,1,640,3],[641,1,641,3],[642,1,642,3],[643,1,643,3],[644,1,644,3],[645,1,645,3],[646,1,646,3],[647,1,647,3],[648,1,648,3],[649,1,649,3],[616,1,616,3],[617,1,617,3],[618,1,618,3],[619,1,619,3],[620,1,620,3],[621,1,621,3],[622,1,622,3],[623,1,623,3],[624,1,624,3],[625,1,625,3],[626,1,626,3],[627,1,627,3],[628,1,628,3],[629,1,629,3],[630,1,630,3],[631,1,631,3],[632,1,632,3],[599,1,599,3],[600,1,600,3],[601,1,601,3],[602,1,602,3],[603,1,603,3],[604,1,604,3],[605,1,605,3],[606,1,606,3],[607,1,607,3],[608,1,608,3],[609,1,609,3],[610,1,610,3],[611,1,611,3],[612,1,612,3],[613,1,613,3],[614,1,614,3],[615,1,615,3],[582,1,582,3],[583,1,583,3],[584,1,584,3],[585,1,585,3],[586,1,586,3],[587,1,587,3],[588,1,588,3],[589,1,589,3],[590,1,590,3],[591,1,591,3],[592,1,592,3],[593,1,593,3],[594,1,594,3],[595,1,595,3],[596,1,596,3],[597,1,597,3],[598,1,598,3],[565,1,565,3],[566,1,566,3],[567,1,567,3],[568,1,568,3],[569,1,569,3],[570,1,570,3],[571,1,571,3],[572,1,572,3],[573,1,573,3],[574,1,574,3],[575,1,575,3],[576,1,576,3],[577,1,577,3],[578,1,578,3],[579,1,579,3],[580,1,580,3],[581,1,581,3],[548,1,548,3],[549,1,549,3],[550,1,550,3],[551,1,551,3],[552,1,552,3],[553,1,553,3],[554,1,554,3],[555,1,555,3],[556,1,556,3],[557,1,557,3],[558,1,558,3],[559,1,559,3],[560,1,560,3],[561,1,561,3],[562,1,562,3],[563,1,563,3],[564,1,564,3],[531,1,531,3],[532,1,532,3],[533,1,533,3],[534,1,534,3],[535,1,535,3],[536,1,536,3],[537,1,537,3],[538,1,538,3],[539,1,539,3],[540,1,540,3],[541,1,541,3],[542,1,542,3],[543,1,543,3],[544,1,544,3],[545,1,545,3],[546,1,546,3],[547,1,547,3],[529,1,529,3],[530,1,530,3],[513,1,513,3],[514,1,514,3],[515,1,515,3],[516,1,516,3],[517,1,517,3],[518,1,518,3],[519,1,519,3],[520,1,520,3],[521,1,521,3],[522,1,522,3],[523,1,523,3],[524,1,524,3],[525,1,525,3],[526,1,526,3],[527,1,527,3],[528,1,528,3],[5,1,5,3],[6,1,6,3],[7,1,7,3],[8,1,8,3],[9,1,9,3],[10,1,10,3],[11,1,11,3],[12,1,12,3],[19,1,19,3],[20,1,20,3],[21,1,21,3],[40,1,40,3],[13,1,13,3],[14,1,14,3],[15,1,15,3],[16,1,16,3],[17,1,17,3],[18,1,18,3],[31,1,31,3],[32,1,32,3],[33,1,33,3],[34,1,34,3],[41,1,41,3],[42,1,42,3],[43,1,43,3],[44,1,44,3],[45,1,45,3],[22,1,22,3],[23,1,23,3],[24,1,24,3],[25,1,25,3],[26,1,26,3],[27,1,27,3],[28,1,28,3],[29,1,29,3],[30,1,30,3],[58,1,58,3],[59,1,59,3],[60,1,60,3],[35,1,35,3],[36,1,36,3],[37,1,37,3],[38,1,38,3],[39,1,39,3],[46,1,46,3],[47,1,47,3],[48,1,48,3],[61,1,61,3],[62,1,62,3],[63,1,63,3],[64,1,64,3],[65,1,65,3],[66,1,66,3],[49,1,49,3],[50,1,50,3],[51,1,51,3],[52,1,52,3],[53,1,53,3],[54,1,54,3],[55,1,55,3],[56,1,56,3],[57,1,57,3],[76,1,76,3],[77,1,77,3],[78,1,78,3],[79,1,79,3],[80,1,80,3],[81,1,81,3],[82,1,82,3],[83,1,83,3],[84,1,84,3],[67,1,67,3],[68,1,68,3],[69,1,69,3],[70,1,70,3],[71,1,71,3],[72,1,72,3],[73,1,73,3],[74,1,74,3],[75,1,75,3],[94,1,94,3],[95,1,95,3],[96,1,96,3],[97,1,97,3],[98,1,98,3],[99,1,99,3],[100,1,100,3],[101,1,101,3],[102,1,102,3],[85,1,85,3],[86,1,86,3],[87,1,87,3],[88,1,88,3],[89,1,89,3],[90,1,90,3],[91,1,91,3],[92,1,92,3],[93,1,93,3],[112,1,112,3],[113,1,113,3],[114,1,114,3],[115,1,115,3],[116,1,116,3],[117,1,117,3],[118,1,118,3],[119,1,119,3],[120,1,120,3],[103,1,103,3],[104,1,104,3],[105,1,105,3],[106,1,106,3],[107,1,107,3],[108,1,108,3],[109,1,109,3],[110,1,110,3],[111,1,111,3],[130,1,130,3],[131,1,131,3],[132,1,132,3],[133,1,133,3],[134,1,134,3],[135,1,135,3],[136,1,136,3],[137,1,137,3],[138,1,138,3],[121,1,121,3],[122,1,122,3],[123,1,123,3],[124,1,124,3],[125,1,125,3],[126,1,126,3],[127,1,127,3],[128,1,128,3],[129,1,129,3],[148,1,148,3],[149,1,149,3],[150,1,150,3],[151,1,151,3],[152,1,152,3],[153,1,153,3],[154,1,154,3],[155,1,155,3],[156,1,156,3],[139,1,139,3],[140,1,140,3],[141,1,141,3],[142,1,142,3],[143,1,143,3],[144,1,144,3],[145,1,145,3],[146,1,146,3],[147,1,147,3],[166,1,166,3],[167,1,167,3],[168,1,168,3],[169,1,169,3],[170,1,170,3],[171,1,171,3],[172,1,172,3],[173,1,173,3],[174,1,174,3],[157,1,157,3],[158,1,158,3],[159,1,159,3],[160,1,160,3],[161,1,161,3],[162,1,162,3],[163,1,163,3],[164,1,164,3],[165,1,165,3],[184,1,184,3],[185,1,185,3],[186,1,186,3],[187,1,187,3],[188,1,188,3],[189,1,189,3],[190,1,190,3],[191,1,191,3],[192,1,192,3],[175,1,175,3],[176,1,176,3],[177,1,177,3],[178,1,178,3],[179,1,179,3],[180,1,180,3],[181,1,181,3],[182,1,182,3],[183,1,183,3],[202,1,202,3],[203,1,203,3],[204,1,204,3],[205,1,205,3],[206,1,206,3],[207,1,207,3],[208,1,208,3],[209,1,209,3],[210,1,210,3],[193,1,193,3],[194,1,194,3],[195,1,195,3],[196,1,196,3],[197,1,197,3],[198,1,198,3],[199,1,199,3],[200,1,200,3],[201,1,201,3],[220,1,220,3],[221,1,221,3],[222,1,222,3],[223,1,223,3],[224,1,224,3],[225,1,225,3],[226,1,226,3],[227,1,227,3],[228,1,228,3],[211,1,211,3],[212,1,212,3],[213,1,213,3],[214,1,214,3],[215,1,215,3],[216,1,216,3],[217,1,217,3],[218,1,218,3],[219,1,219,3],[238,1,238,3],[239,1,239,3],[240,1,240,3],[241,1,241,3],[242,1,242,3],[243,1,243,3],[244,1,244,3],[245,1,245,3],[246,1,246,3],[229,1,229,3],[230,1,230,3],[231,1,231,3],[232,1,232,3],[233,1,233,3],[234,1,234,3],[235,1,235,3],[236,1,236,3],[237,1,237,3],[256,1,256,3],[257,1,257,3],[258,1,258,3],[259,1,259,3],[260,1,260,3],[261,1,261,3],[262,1,262,3],[263,1,263,3],[264,1,264,3],[247,1,247,3],[248,1,248,3],[249,1,249,3],[250,1,250,3],[251,1,251,3],[252,1,252,3],[253,1,253,3],[254,1,254,3],[255,1,255,3],[274,1,274,3],[275,1,275,3],[276,1,276,3],[277,1,277,3],[278,1,278,3],[279,1,279,3],[280,1,280,3],[281,1,281,3],[282,1,282,3],[265,1,265,3],[266,1,266,3],[267,1,267,3],[268,1,268,3],[269,1,269,3],[270,1,270,3],[271,1,271,3],[272,1,272,3],[273,1,273,3],[292,1,292,3],[293,1,293,3],[294,1,294,3],[295,1,295,3],[296,1,296,3],[297,1,297,3],[298,1,298,3],[299,1,299,3],[300,1,300,3],[283,1,283,3],[284,1,284,3],[285,1,285,3],[286,1,286,3],[287,1,287,3],[288,1,288,3],[289,1,289,3],[290,1,290,3],[291,1,291,3],[310,1,310,3],[311,1,311,3],[312,1,312,3],[313,1,313,3],[314,1,314,3],[315,1,315,3],[316,1,316,3],[317,1,317,3],[318,1,318,3],[301,1,301,3],[302,1,302,3],[303,1,303,3],[304,1,304,3],[305,1,305,3],[306,1,306,3],[307,1,307,3],[308,1,308,3],[309,1,309,3],[328,1,328,3],[329,1,329,3],[330,1,330,3],[331,1,331,3],[332,1,332,3],[333,1,333,3],[334,1,334,3],[335,1,335,3],[336,1,336,3],[319,1,319,3],[320,1,320,3],[321,1,321,3],[322,1,322,3],[323,1,323,3],[324,1,324,3],[325,1,325,3],[326,1,326,3],[327,1,327,3],[346,1,346,3],[347,1,347,3],[348,1,348,3],[349,1,349,3],[350,1,350,3],[351,1,351,3],[352,1,352,3],[353,1,353,3],[354,1,354,3],[337,1,337,3],[338,1,338,3],[339,1,339,3],[340,1,340,3],[341,1,341,3],[342,1,342,3],[343,1,343,3],[344,1,344,3],[345,1,345,3],[364,1,364,3],[365,1,365,3],[366,1,366,3],[367,1,367,3],[368,1,368,3],[369,1,369,3],[370,1,370,3],[371,1,371,3],[372,1,372,3],[355,1,355,3],[356,1,356,3],[357,1,357,3],[358,1,358,3],[359,1,359,3],[360,1,360,3],[361,1,361,3],[362,1,362,3],[363,1,363,3],[382,1,382,3],[383,1,383,3],[384,1,384,3],[385,1,385,3],[386,1,386,3],[387,1,387,3],[388,1,388,3],[389,1,389,3],[390,1,390,3],[373,1,373,3],[374,1,374,3],[375,1,375,3],[376,1,376,3],[377,1,377,3],[378,1,378,3],[379,1,379,3],[380,1,380,3],[381,1,381,3],[400,1,400,3],[401,1,401,3],[402,1,402,3],[403,1,403,3],[404,1,404,3],[405,1,405,3],[406,1,406,3],[407,1,407,3],[408,1,408,3],[391,1,391,3],[392,1,392,3],[393,1,393,3],[394,1,394,3],[395,1,395,3],[396,1,396,3],[397,1,397,3],[398,1,398,3],[399,1,399,3],[418,1,418,3],[419,1,419,3],[420,1,420,3],[421,1,421,3],[422,1,422,3],[423,1,423,3],[424,1,424,3],[425,1,425,3],[426,1,426,3],[409,1,409,3],[410,1,410,3],[411,1,411,3],[412,1,412,3],[413,1,413,3],[414,1,414,3],[415,1,415,3],[416,1,416,3],[417,1,417,3],[436,1,436,3],[437,1,437,3],[438,1,438,3],[439,1,439,3],[440,1,440,3],[441,1,441,3],[442,1,442,3],[443,1,443,3],[444,1,444,3],[427,1,427,3],[428,1,428,3],[429,1,429,3],[430,1,430,3],[431,1,431,3],[432,1,432,3],[433,1,433,3],[434,1,434,3],[435,1,435,3],[454,1,454,3],[455,1,455,3],[456,1,456,3],[457,1,457,3],[458,1,458,3],[459,1,459,3],[460,1,460,3],[461,1,461,3],[462,1,462,3],[445,1,445,3],[446,1,446,3],[447,1,447,3],[448,1,448,3],[449,1,449,3],[450,1,450,3],[451,1,451,3],[452,1,452,3],[453,1,453,3],[485,1,485,3],[486,1,486,3],[487,1,487,3],[488,1,488,3],[489,1,489,3],[472,1,472,3],[473,1,473,3],[474,1,474,3],[475,1,475,3],[476,1,476,3],[477,1,477,3],[478,1,478,3],[479,1,479,3],[480,1,480,3],[463,1,463,3],[464,1,464,3],[465,1,465,3],[466,1,466,3],[467,1,467,3],[468,1,468,3],[469,1,469,3],[470,1,470,3],[471,1,471,3],[29,21,30,22],[1,19,1,20],[1,17,1,18],[508,1,508,3],[509,1,509,3],[510,1,510,3],[511,1,511,3],[512,1,512,3],[4,1,4,3],[1,21,1,22],[499,1,499,3],[500,1,500,3],[501,1,501,3],[502,1,502,3],[503,1,503,3],[504,1,504,3],[505,1,505,3],[506,1,506,3],[507,1,507,3],[490,1,490,3],[491,1,491,3],[492,1,492,3],[493,1,493,3],[494,1,494,3],[495,1,495,3],[496,1,496,3],[497,1,497,3],[498,1,498,3],[481,1,481,3],[482,1,482,3],[483,1,483,3]],"merged_total":1001,"flags":["merged_cut"]}
[]
[".+3-","Balance","Staked","Profit","Yield",{"$f":"\"R\"&settings!B26","v":"R12"},{"$f":"PROPER(settings!B25)","v":"Shepparton"},null,null,null,null,null,null,null,null,null,null,{"$f":"settings!B27","v":"385m"},null,{"$f":"settings!B28","v":"Gr5"},null,{"$f":"IF(ABS(TTJ)/60>=3,IF(MOD(TRUNC(TTJ,0),6)>0,TRUNC(TTJ/60,0) & \" min\",\"\"),TRUNC(TTJ,0)&\" sec\")","v":"8 min"},null,"Warrnambool R9 390m"]
[4,{"$f":"settings!B8","v":103038.94},{"$f":"settings!B11","v":9914680.679999996},{"$f":"settings!B12","v":204038.94},{"$f":"IFERROR(D3/C3,0)","v":2.0579476695763849E-2},"Public Status: ",{"$f":"IF(MOD(TTJ,3)>0,IF(settings!B50>10,\"Public Error...\",settings!B54&\" \"&ROUND(settings!B50,0)&\" sec\"),\"\")","v":""},null,null,null,null,null,null,null,null,null,null,null,null,null,null,"116 ms"]
[null,{"$f":"settings!B10","v":-652.48},{"$f":"settings!B14","v":820.67999999597669},{"$f":"settings!B15","v":-393.70000000001164},{"$f":"IFERROR(D4/C4,0)","v":-0.47972413121063229},"Market Status:",{"$f":"IF(MOD(TTJ,3)>0,IF(Markets!F2<>\"\",Markets!F2,settings!B64),\"\")","v":""},null,null,null,null,null,null,null,null,null,null,null,"Option Explicit"]
[null,"key",null,null,"time","Runner","ULS","UL","MLO","Back","Lay","MBO","UB","UBS","Matched","BF","Public","LS","L","Fair Odds","B","BS","P/L","Race","Status","Time","Runner","ULS","UL","MLO","Back","Lay","MBO","UB","UBS","Matched","BF","Public","LS","L","Fair Odds","B","BS","P/L"]
[null,"Townsville R10 380m",null,null,"11:00:00",{"$f":"IF(Markets!A5<>\"\",Markets!A5,\"\")","v":"1. Kamari"},{"$f":"IF(AND(Markets!A5<>\"\",Markets!BP5>0),ROUND(Markets!BP5,0),\"\")","v":""},{"$f":"IF(AND(Markets!A5<>\"\",Markets!BO5>0),Markets!BO5,\"\")","v":""},{"$f":"IF(Markets!BH5<>\"\",Markets!BH5,\"\")","v":12},{"$f":"IF(Markets!F5<>\"\",Markets!F5,\"\")","v":15},{"$f":"IF(Markets!H5<>\"\",Markets!H5,\"\")","v":34},{"$f":"IF(Markets!BK5<>\"\",Markets!BK5,\"\")","v":22},{"$f":"IF(AND(Markets!A5<>\"\",Markets!BW5>0),Markets!BW5,\"\")","v":""},{"$f":"IF(AND(Markets!A5<>\"\",Markets!BX5>0),Markets!BX5,\"\")","v":""},{"$f":"IF(Markets!P5<>\"\",Markets!P5,\"\")","v":0},{"$f":"IF(Markets!Z5<>\"\",Markets!Z5,\"\")","v":0},{"$f":"IF(Markets!BF5<>\"\",Markets!BF5,\"\")","v":13},{"$f":"IF(Markets!A5<>\"\",IF(Markets!BR5>0,Markets!BR5,\"\"),\"\")","v":""},{"$f":"IF(Markets!A5<>\"\",Markets!BT5,\"\")","v":""},{"$f":"IF(Markets!BG5<>\"\",Markets!BG5,\"\")","v":15.158048837331512},{"$f":"IF(Markets!A5<>\"\",Markets!CB5,\"\")","v":""},{"$f":"IF(Markets!A5<>\"\",IF(Markets!BZ5>0,Markets!BZ5,\"\"),\"\")","v":""},{"$f":"IF(Markets!X5<>\"\",Markets!X5,\"\")","v":0},"Shepparton R11 385m","CONFLICT","10:59:00","1. Bermuda",null,null,55,85,120,120,null,null,418.65,72.11,41,null,null,71.045631659940142,null,null,309.39999999999998]
[null,"Shepparton R11 385m",null,null,"11:05:00",{"$f":"IF(Markets!A6<>\"\",Markets!A6,\"\")","v":"2. Lucas Entity"},{"$f":"IF(AND(Markets!A6<>\"\",Markets!BP6>0),ROUND(Markets!BP6,0),\"\")","v":""},{"$f":"IF(AND(Markets!A6<>\"\",Markets!BO6>0),Markets!BO6,\"\")","v":""},{"$f":"IF(Markets!BH6<>\"\",Markets!BH6,\"\")","v":48},{"$f":"IF(Markets!F6<>\"\",Markets!F6,\"\")","v":38},{"$f":"IF(Markets!H6<>\"\",Markets!H6,\"\")","v":260},{"$f":"IF(Markets!BK6<>\"\",Markets!BK6,\"\")","v":1000},{"$f":"IF(AND(Markets!A6<>\"\",Markets!BW6>0),Markets!BW6,\"\")","v":""},{"$f":"IF(AND(Markets!A6<>\"\",Markets!BX6>0),Markets!BX6,\"\")","v":""},{"$f":"IF(Markets!P6<>\"\",Markets!P6,\"\")","v":0},{"$f":"IF(Markets!Z6<>\"\",Markets!Z6,\"\")","v":0},{"$f":"IF(Markets!BF6<>\"\",Markets!BF6,\"\")","v":34},{"$f":"IF(Markets!A6<>\"\",IF(Markets!BR6>0,Markets!BR6,\"\"),\"\")","v":""},{"$f":"IF(Markets!A6<>\"\",Markets!BT6,\"\")","v":""},{"$f":"IF(Markets!BG6<>\"\",Markets!BG6,\"\")","v":58.740665315723788},{"$f":"IF(Markets!A6<>\"\",Markets!CB6,\"\")","v":""},{"$f":"IF(Markets!A6<>\"\",IF(Markets!BZ6>0,Markets!BZ6,\"\"),\"\")","v":""},{"$f":"IF(Markets!X6<>\"\",Markets!X6,\"\")","v":0},"Richmond R5 400m","OK","10:01:00","2. Ordelia Bale",null,null,5,6.8,7,7.8,null,null,8891.91,6.05,5.5,null,null,6.1777359262319775,7,41,596.4]
[null,"Richmond R10 330m",null,null,"11:10:00",{"$f":"IF(Markets!A7<>\"\",Markets!A7,\"\")","v":"3. All Inn Mia"},{"$f":"IF(AND(Markets!A7<>\"\",Markets!BP7>0),ROUND(Markets!BP7,0),\"\")","v":""},{"$f":"IF(AND(Markets!A7<>\"\",Markets!BO7>0),Markets!BO7,\"\")","v":""},{"$f":"IF(Markets!BH7<>\"\",Markets!BH7,\"\")","v":4.0999999999999996},{"$f":"IF(Markets!F7<>\"\",Markets!F7,\"\")","v":5.6},{"$f":"IF(Markets!H7<>\"\",Markets!H7,\"\")","v":7.8},{"$f":"IF(Markets!BK7<>\"\",Markets!BK7,\"\")","v":6.2},{"$f":"IF(AND(Markets!A7<>\"\",Markets!BW7>0),Markets!BW7,\"\")","v":""},{"$f":"IF(AND(Markets!A7<>\"\",Markets!BX7>0),Markets!BX7,\"\")","v":""},{"$f":"IF(Markets!P7<>\"\",Markets!P7,\"\")","v":118.34},{"$f":"IF(Markets!Z7<>\"\",Markets!Z7,\"\")","v":7.23},{"$f":"IF(Markets!BF7<>\"\",Markets!BF7,\"\")","v":4.8},{"$f":"IF(Markets!A7<>\"\",IF(Markets!BR7>0,Markets!BR7,\"\"),\"\")","v":""},{"$f":"IF(Markets!A7<>\"\",Markets!BT7,\"\")","v":""},{"$f":"IF(Markets!BG7<>\"\",Markets!BG7,\"\")","v":5.0473247571793918},{"$f":"IF(Markets!A7<>\"\",Markets!CB7,\"\")","v":""},{"$f":"IF(Markets!A7<>\"\",IF(Markets!BZ7>0,Markets!BZ7,\"\"),\"\")","v":""},{"$f":"IF(Markets!X7<>\"\",Markets!X7,\"\")","v":0},"Townsville R6 498m","OK","10:01:00","3. Night Jar",null,null,17,22,27,32,null,null,885.78,20.3,18,null,null,21.196220193400144,null,null,309.39999999999998]
[null,"Townsville R11 380m",null,null,"11:15:00",{"$f":"IF(Markets!A8<>\"\",Markets!A8,\"\")","v":"5. Madame Pookie"},{"$f":"IF(AND(Markets!A8<>\"\",Markets!BP8>0),ROUND(Markets!BP8,0),\"\")","v":""},{"$f":"IF(AND(Markets!A8<>\"\",Markets!BO8>0),Markets!BO8,\"\")","v":""},{"$f":"IF(Markets!BH8<>\"\",Markets!BH8,\"\")","v":7.6},{"$f":"IF(Markets!F8<>\"\",Markets!F8,\"\")","v":9.4},{"$f":"IF(Markets!H8<>\"\",Markets!H8,\"\")","v":10},{"$f":"IF(Markets!BK8<>\"\",Markets!BK8,\"\")","v":12.5},{"$f":"IF(AND(Markets!A8<>\"\",Markets!BW8>0),Markets!BW8,\"\")","v":""},{"$f":"IF(AND(Markets!A8<>\"\",Markets!BX8>0),Markets!BX8,\"\")","v":""},{"$f":"IF(Markets!P8<>\"\",Markets!P8,\"\")","v":127.31},{"$f":"IF(Markets!Z8<>\"\",Markets!Z8,\"\")","v":8.74},{"$f":"IF(Markets!BF8<>\"\",Markets!BF8,\"\")","v":7},{"$f":"IF(Markets!A8<>\"\",IF(Markets!BR8>0,Markets!BR8,\"\"),\"\")","v":""},{"$f":"IF(Markets!A8<>\"\",Markets!BT8,\"\")","v":""},{"$f":"IF(Markets!BG8<>\"\",Markets!BG8,\"\")","v":9.4775800461589146},{"$f":"IF(Markets!A8<>\"\",Markets!CB8,\"\")","v":""},{"$f":"IF(Markets!A8<>\"\",IF(Markets!BZ8>0,Markets!BZ8,\"\"),\"\")","v":""},{"$f":"IF(Markets!X8<>\"\",Markets!X8,\"\")","v":0},"Shepparton R7 385m","CONFLICT","10:01:00","4. Currawong",null,null,30,36,42,60,null,null,489.95,32.04,26,3.16,31.550632911392402,37.945765461220823,null,null,209.7]
[null,"Shepparton R12 385m",null,null,"11:20:00",{"$f":"IF(Markets!A9<>\"\",Markets!A9,\"\")","v":"6. Six And Out"},{"$f":"IF(AND(Markets!A9<>\"\",Markets!BP9>0),ROUND(Markets!BP9,0),\"\")","v":""},{"$f":"IF(AND(Markets!A9<>\"\",Markets!BO9>0),Markets!BO9,\"\")","v":""},{"$f":"IF(Markets!BH9<>\"\",Markets!BH9,\"\")","v":7.2},{"$f":"IF(Markets!F9<>\"\",Markets!F9,\"\")","v":7.8},{"$f":"IF(Markets!H9<>\"\",Markets!H9,\"\")","v":15.5},{"$f":"IF(Markets!BK9<>\"\",Markets!BK9,\"\")","v":12},{"$f":"IF(AND(Markets!A9<>\"\",Markets!BW9>0),Markets!BW9,\"\")","v":""},{"$f":"IF(AND(Markets!A9<>\"\",Markets!BX9>0),Markets!BX9,\"\")","v":""},{"$f":"IF(Markets!P9<>\"\",Markets!P9,\"\")","v":0},{"$f":"IF(Markets!Z9<>\"\",Markets!Z9,\"\")","v":0},{"$f":"IF(Markets!BF9<>\"\",Markets!BF9,\"\")","v":6.5},{"$f":"IF(Markets!A9<>\"\",IF(Markets!BR9>0,Markets!BR9,\"\"),\"\")","v":""},{"$f":"IF(Markets!A9<>\"\",Markets!BT9,\"\")","v":""},{"$f":"IF(Markets!BG9<>\"\",Markets!BG9,\"\")","v":8.874564666123808},{"$f":"IF(Markets!A9<>\"\",Markets!CB9,\"\")","v":""},{"$f":"IF(Markets!A9<>\"\",IF(Markets!BZ9>0,Markets!BZ9,\"\"),\"\")","v":""},{"$f":"IF(Markets!X9<>\"\",Markets!X9,\"\")","v":0},"Richmond R6 330m","OK","10:12:00","5. Slingshot Title",null,null,3,3,3.05,4.4000000000000004,null,null,20683.2,3.02,2.8,523.57000000000005,2.9364868116966218,3.7124457768617338,null,null,-1228.06]
[null,"Horsham R1 410m",null,null,"17:27:00",{"$f":"IF(Markets!A10<>\"\",Markets!A10,\"\")","v":"7. Walk On Bye"},{"$f":"IF(AND(Markets!A10<>\"\",Markets!BP10>0),ROUND(Markets!BP10,0),\"\")","v":""},{"$f":"IF(AND(Markets!A10<>\"\",Markets!BO10>0),Markets!BO10,\"\")","v":""},{"$f":"IF(Markets!BH10<>\"\",Markets!BH10,\"\")","v":2.12},{"$f":"IF(Markets!F10<>\"\",Markets!F10,\"\")","v":2.06},{"$f":"IF(Markets!H10<>\"\",Markets!H10,\"\")","v":2.6},{"$f":"IF(Markets!BK10<>\"\",Markets!BK10,\"\")","v":2.92},{"$f":"IF(AND(Markets!A10<>\"\",Markets!BW10>0),Markets!BW10,\"\")","v":""},{"$f":"IF(AND(Markets!A10<>\"\",Markets!BX10>0),Markets!BX10,\"\")","v":""},{"$f":"IF(Markets!P10<>\"\",Markets!P10,\"\")","v":43.59},{"$f":"IF(Markets!Z10<>\"\",Markets!Z10,\"\")","v":2.3199999999999998},{"$f":"IF(Markets!BF10<>\"\",Markets!BF10,\"\")","v":2},{"$f":"IF(Markets!A10<>\"\",IF(Markets!BR10>0,Markets!BR10,\"\"),\"\")","v":""},{"$f":"IF(Markets!A10<>\"\",Markets!BT10,\"\")","v":""},{"$f":"IF(Markets!BG10<>\"\",Markets!BG10,\"\")","v":2.5960056474874551},{"$f":"IF(Markets!A10<>\"\",Markets!CB10,\"\")","v":""},{"$f":"IF(Markets!A10<>\"\",IF(Markets!BZ10>0,Markets!BZ10,\"\"),\"\")","v":""},{"$f":"IF(Markets!X10<>\"\",Markets!X10,\"\")","v":0},"Townsville R7 380m","CONFLICT","10:12:00","6. Tinker Luke",null,null,46,70,95,95,null,null,263.24,63.3,41,null,null,58.194006598897317,null,null,309.39999999999998]
[null,"The Gardens R1 272m",null,null,"17:44:00",{"$f":"IF(Markets!A11<>\"\",Markets!A11,\"\")","v":"8. Jaimandy Roy"},{"$f":"IF(AND(Markets!A11<>\"\",Markets!BP11>0),ROUND(Markets!BP11,0),\"\")","v":""},{"$f":"IF(AND(Markets!A11<>\"\",Markets!BO11>0),Markets!BO11,\"\")","v":""},{"$f":"IF(Markets!BH11<>\"\",Markets!BH11,\"\")","v":7},{"$f":"IF(Markets!F11<>\"\",Markets!F11,\"\")","v":5.3},{"$f":"IF(Markets!H11<>\"\",Markets!H11,\"\")","v":11.5},{"$f":"IF(Markets!BK11<>\"\",Markets!BK11,\"\")","v":11.5},{"$f":"IF(AND(Markets!A11<>\"\",Markets!BW11>0),Markets!BW11,\"\")","v":""},{"$f":"IF(AND(Markets!A11<>\"\",Markets!BX11>0),Markets!BX11,\"\")","v":""},{"$f":"IF(Markets!P11<>\"\",Markets!P11,\"\")","v":0},{"$f":"IF(Markets!Z11<>\"\",Markets!Z11,\"\")","v":0},{"$f":"IF(Markets!BF11<>\"\",Markets!BF11,\"\")","v":5},{"$f":"IF(Markets!A11<>\"\",IF(Markets!BR11>0,Markets!BR11,\"\"),\"\")","v":""},{"$f":"IF(Markets!A11<>\"\",Markets!BT11,\"\")","v":""},{"$f":"IF(Markets!BG11<>\"\",Markets!BG11,\"\")","v":8.6595993101188462},{"$f":"IF(Markets!A11<>\"\",Markets!CB11,\"\")","v":""},{"$f":"IF(Markets!A11<>\"\",IF(Markets!BZ11>0,Markets!BZ11,\"\"),\"\")","v":""},{"$f":"IF(Markets!X11<>\"\",Markets!X11,\"\")","v":0},"Shepparton R8 450m","CONFLICT","10:12:00","7. Minnie Banjo",null,null,3.15,3.75,3.85,4.5999999999999996,null,null,9228.23,4.04,3.6,null,null,3.8778641509415359,4.7,29.72,449.08]
[null,"Ipswich R1 431m",null,null,"17:49:00",{"$f":"IF(Markets!A12<>\"\",Markets!A12,\"\")","v":""},{"$f":"IF(AND(Markets!A12<>\"\",Markets!BP12>0),ROUND(Markets!BP12,0),\"\")","v":""},{"$f":"IF(AND(Markets!A12<>\"\",Markets!BO12>0),Markets!BO12,\"\")","v":""},{"$f":"IF(Markets!BH12<>\"\",Markets!BH12,\"\")","v":""},{"$f":"IF(Markets!F12<>\"\",Markets!F12,\"\")","v":""},{"$f":"IF(Markets!H12<>\"\",Markets!H12,\"\")","v":""},{"$f":"IF(Markets!BK12<>\"\",Markets!BK12,\"\")","v":""},{"$f":"IF(AND(Markets!A12<>\"\",Markets!BW12>0),Markets!BW12,\"\")","v":""},{"$f":"IF(AND(Markets!A12<>\"\",Markets!BX12>0),Markets!BX12,\"\")","v":""},{"$f":"IF(Markets!P12<>\"\",Markets!P12,\"\")","v":""},{"$f":"IF(Markets!Z12<>\"\",Markets!Z12,\"\")","v":""},{"$f":"IF(Markets!BF12<>\"\",Markets!BF12,\"\")","v":""},{"$f":"IF(Markets!A12<>\"\",IF(Markets!BR12>0,Markets!BR12,\"\"),\"\")","v":""},{"$f":"IF(Markets!A12<>\"\",Markets!BT12,\"\")","v":""},{"$f":"IF(Markets!BG12<>\"\",Markets!BG12,\"\")","v":""},{"$f":"IF(Markets!A12<>\"\",Markets!CB12,\"\")","v":""},{"$f":"IF(Markets!A12<>\"\",IF(Markets!BZ12>0,Markets!BZ12,\"\"),\"\")","v":""},{"$f":"IF(Markets!X12<>\"\",Markets!X12,\"\")","v":""},"Richmond R7 330m","OK","10:27:00","8. Prabaker",null,null,3.95,5.7,5.8,5.9,null,null,4024.79,5.81,4,null,null,4.8520301019253251,5.7674919855398672,146.61000000000001,1154.97]
[null,"Horsham R2 410m",null,null,"17:52:00",null,null,null,null,null,null,null,null,null,null,null,null,null,null,null,null,null,null,"Townsville R8 380m","CONFLICT","10:29:00"]
[null,"The Gardens R2 400m",null,null,"17:59:00",null,null,null,null,null,null,null,null,null,null,null,null,null,null,null,null,null,null,"Shepparton R9 385m","CONFLICT","10:29:00"]
[null,"Ipswich R2 520m",null,null,"18:04:00",null,null,null,null,null,null,null,null,null,null,null,null,null,null,null,null,null,null,"Richmond R8 330m","OK","10:42:00"]
[null,"Horsham R3 410m",null,null,"18:07:00",null,null,null,null,null,null,null,null,null,null,null,null,null,null,null,null,null,null,"Townsville R9 380m","CONFLICT","10:43:00"]
[null,"The Gardens R3 600m",null,null,"18:19:00",null,null,null,null,null,null,null,null,null,null,null,null,null,null,null,null,null,null,"Shepparton R10 385m","CONFLICT","10:43:00"]
[null,"Ipswich R3 431m",null,null,"18:23:00",null,null,null,null,null,null,null,null,null,null,null,null,null,null,null,null,null,null,"Richmond R9 330m","OK","10:56:00"]
[null,"Wentworth Park R1 520m",null,null,"18:27:00",null,null,null,null,null,null,null,null,null,null,null,null,null,null,null,null,null,null,"Townsville R10 380m","CONFLICT","10:59:00"]
[null,"Horsham R4 485m",null,null,"18:29:00",null,null,null,null,null,null,null,null,null,null,null,null,null,null,null,null,null,null,"Richmond R10 330m","OK","11:10:00"]
[null,"The Gardens R4 272m",null,null,"18:34:00",null,null,null,null,null,null,null,null,null,null,null,null,null,null,null,null,null,null,"Townsville R11 380m","CONFLICT","11:11:00"]
[null,"The Meadows R1 525m",null,null,"18:39:00",null,null,null,null,null,null,null,null,null,null,null,null,null,null,null,null,null,null,"Shepparton R12 385m"]
[null,"Ipswich R4 520m",null,null,"18:42:00"]
[null,"Wentworth Park R2 520m",null,null,"18:47:00"]
[null,"Horsham R5 485m",null,null,"18:54:00"]
[null,"The Gardens R5 272m",null,null,"18:57:00"]
[null,"The Meadows R2 525m",null,null,"18:59:00"]
[null,"Ipswich R5 630m",null,null,"19:04:00"]
[null,"Wentworth Park R3 520m",null,null,"19:07:00",null,null,null,null,null,null,null,null,null,"Bankroll"]
[null,"Horsham R6 410m",null,null,"19:10:00"]
[null,"The Gardens R6 400m",null,null,"19:13:00"]
[null,"Dubbo R1 318m",null,null,"19:16:00"]
[null,"The Meadows R3 525m",null,null,"19:18:00"]
[null,"Ipswich R6 520m",null,null,"19:22:00"]
[null,"Horsham R7 410m",null,null,"19:25:00"]
[null,"Wentworth Park R4 520m",null,null,"19:28:00"]
[null,"The Gardens R7 400m",null,null,"19:31:00"]
[null,"Dubbo R2 318m",null,null,"19:34:00"]
[null,"The Meadows R4 525m",null,null,"19:39:00"]
[null,"Ipswich R7 520m",null,null,"19:42:00"]
[null,"Wentworth Park R5 520m",null,null,"19:47:00"]
[null,"Horsham R8 485m",null,null,"19:50:00"]
[null,"The Gardens R8 400m",null,null,"19:53:00"]
[null,"Dubbo R3 318m",null,null,"19:56:00"]
[null,"The Meadows R5 525m",null,null,"19:59:00"]
[null,"Ipswich R8 520m",null,null,"20:03:00"]
[null,"Wentworth Park R6 720m",null,null,"20:07:00"]
[null,"Horsham R9 485m",null,null,"20:11:00"]
[null,"The Gardens R9 400m",null,null,"20:14:00"]
[null,"The Meadows R6 525m",null,null,"20:18:00"]
[null,"Dubbo R4 318m",null,null,"20:20:00"]
[null,"Ipswich R9 520m",null,null,"20:27:00"]
[null,"Wentworth Park R7 520m",null,null,"20:31:00"]
[null,"Horsham R10 410m",null,null,"20:34:00"]
[null,"The Meadows R7 525m",null,null,"20:37:00"]
[null,"The Gardens R10 515m",null,null,"20:41:00"]
[null,"Dubbo R5 516m",null,null,"20:44:00"]
[null,"Ipswich R10 431m",null,null,"20:47:00"]
[null,"Horsham R11 410m",null,null,"20:50:00"]
[null,"Wentworth Park R8 520m",null,null,"20:54:00"]
[null,"The Gardens R11 515m",null,null,"21:00:00"]
[null,"The Meadows R8 600m",null,null,"21:03:00"]
[null,"Dubbo R6 400m",null,null,"21:04:00"]
[null,"Horsham R12 410m",null,null,"21:15:00"]
[null,"The Meadows R9 525m",null,null,"21:22:00"]
[null,"Dubbo R7 400m",null,null,"21:27:00"]
[null,"Wentworth Park R9 520m",null,null,"21:36:00"]
[null,"The Meadows R10 525m",null,null,"21:43:00"]
[null,"Dubbo R8 318m",null,null,"21:49:00"]
[null,"Wentworth Park R10 520m",null,null,"22:00:00"]
[null,"The Meadows R11 525m",null,null,"22:07:00"]
[null,"Dubbo R9 318m",null,null,"22:11:00"]
[null,"Wentworth Park R11 520m",null,null,"22:18:00"]
[null,"The Meadows R12 525m",null,null,"22:26:00"]
[null,"Dubbo R10 318m",null,null,"22:34:00"]

{"sheet":"lookups","index":4,"n_rows":353,"n_cols":9,"rows_kept":353,"cut":false,"hidden":false,"merged":[]}
["racing_code","bf_code","location","jur","mnemonic",null,"Odds","Tick Count","Back"]
[null,"AnPk","Angle Park","AUS","ANG",null,1,1,1.01]
[null,"APrk","Albion Park","AUS","ABK",null,1.01,2,1.02]
[null,"Ball","Ballarat","AUS","BAL",null,1.02,3,1.03]
[null,"Bath","Bathurst","AUS","BAT",null,1.03,4,1.04]
[null,"Bend","Bendigo","AUS","BEN",null,1.04,5,1.05]
[null,"Bull","Bulli","AUS","BUL",null,1.05,6,1.06]
[null,"Bund","Bundaberg","AUS","BBG",null,1.06,7,1.07]
[null,"Canb","Canberra","AUS","CNB",null,1.07,8,1.08]
[null,"Cann","Cannington","AUS","CNP",null,1.08,9,1.0900000000000001]
[null,"Capa","Capalaba","AUS","CPL",null,1.0900000000000001,10,1.1000000000000001]
[null,"Casi","Casino","AUS","CSO",null,1.1000000000000001,11,1.1100000000000001]
[null,"Cran","Cranbourne","AUS","CRB",null,1.1100000000000001,12,1.1200000000000001]
[null,"Dapt","Dapto","AUS","DAP",null,1.1200000000000001,13,1.1299999999999999]
[null,"Darw","Darwin","AUS","DAR",null,1.1299999999999999,14,1.1399999999999999]
[null,"Devn","Devonport","AUS","DEV",null,1.1399999999999999,15,1.1499999999999999]
[null,"Dubb","Dubbo","AUS","DBO",null,1.1499999999999999,16,1.1599999999999999]
[null,"Gard","The Gardens","AUS","GAR",null,1.1599999999999999,17,1.17]
[null,"Gawl","Gawler","AUS","GAW",null,1.17,18,1.18]
[null,"Geel","Geelong","AUS","GEL",null,1.18,19,1.19]
[null,"Gosf","Gosford","AUS","GOS",null,1.19,20,1.2]
[null,"Goul","Goulburn","AUS","GBN",null,1.2,21,1.21]
[null,"Graf","Grafton","AUS","GRA",null,1.21,22,1.22]
[null,"Gund","Gundagai","AUS","GUN",null,1.22,23,1.23]
[null,"Gunn","Gunnedah","AUS","GDH",null,1.23,24,1.24]
[null,"Heal","Healesville","AUS","HSV",null,1.24,25,1.25]
[null,"Hoba","Hobart","AUS","HOB",null,1.25,26,1.26]
[null,"Hshm","Horsham","AUS","HOR",null,1.26,27,1.27]
[null,"Ipsw","Ipswich","AUS","IPS",null,1.27,28,1.28]
[null,"Laun","Launceston","AUS","LAU",null,1.28,29,1.29]
[null,"Lism","Lismore","AUS","LSM",null,1.29,30,1.3]
[null,"Mait","Maitland","AUS","MTL",null,1.3,31,1.31]
[null,"Mand","Mandurah","AUS","MRD",null,1.31,32,1.32]
[null,"MBdg","Murray Bridge","AUS","MBR",null,1.32,33,1.33]
[null,"Mead","The Meadows","AUS","MEA",null,1.33,34,1.34]
[null,"MGam","Mount Gambier","AUS","MTG",null,1.34,35,1.35]
[null,"Newc","Newcastle","AUS","NUK",null,1.35,36,1.36]
[null,"Nort","Northam","AUS","NTM",null,1.36,37,1.37]
[null,"Nowr","Nowra","AUS","NOW",null,1.37,38,1.38]
[null,"Rich","Richmond","AUS","RIC",null,1.38,39,1.39]
[null,"Rock","Rockhampton","AUS","ROC",null,1.39,40,1.4]
[null,"Sale","Sale","AUS","SAL",null,1.4,41,1.41]
[null,"Shep","Shepparton","AUS","SHE",null,1.41,42,1.42]
[null,"SPrk","Sandown Park","AUS","SAN",null,1.42,43,1.43]
[null,"Stra","Strathalbyn","AUS","STR",null,1.43,44,1.44]
[null,"Temo","Temora","AUS","TEM",null,1.44,45,1.45]
[null,"Toow","Toowoomba","AUS","TOO",null,1.45,46,1.46]
[null,"Town","Townsville","AUS","TWN",null,1.46,47,1.47]
[null,"Trar","Traralgon","AUS","TRL",null,1.47,48,1.48]
[null,"Wagg","Wagga","AUS","WAG",null,1.48,49,1.49]
[null,"Warr","Warrnambool","AUS","WBO",null,1.49,50,1.5]
[null,"Wgul","Warragul","AUS","WRG",null,1.5,51,1.51]
[null,"WPrk","Wentworth Park","AUS","WWP",null,1.51,52,1.52]
[null,"BVue","Belle Vue","GB","BVU",null,1.52,53,1.53]
[null,"CPark","Central Park","GB","CPK",null,1.53,54,1.54]
[null,"Crayfd","Crayford","GB","CFD",null,1.54,55,1.55]
[null,"Donc","Doncaster","GB","DCR",null,1.55,56,1.56]
[null,"Harl","Harlow","GB","HLW",null,1.56,57,1.57]
[null,"Henl","Henlow","GB","HEN",null,1.57,58,1.58]
[null,"HGrn","Hall Green","GB",null,null,1.58,59,1.59]
[null,"Hove","Hove","GB","HOV",null,1.59,60,1.6]
[null,"Kinsl","Kinsley","GB","KIN",null,1.6,61,1.61]
[null,"Monm","Monmore","GB",null,null,1.61,62,1.62]
[null,"Newc","Newcastle","GB","NUK",null,1.62,63,1.63]
[null,"Nott","Nottingham","GB","NAM",null,1.63,64,1.64]
[null,"Pbarr","Perry Barr","GB",null,null,1.64,65,1.65]
[null,"Pboro","Peterborough","GB",null,null,1.65,66,1.66]
[null,"Poole","Poole","GB","PLE",null,1.66,67,1.67]
[null,"Romfd","Romford","GB","RFD",null,1.67,68,1.68]
[null,"Shawf","Shawfield","GB",null,null,1.68,69,1.69]
[null,"Sheff","Sheffield","GB","SFD",null,1.69,70,1.7]
[null,"Sund","Sunderland","GB","SND",null,1.7,71,1.71]
[null,"Swin","Swindon","GB","SWI",null,1.71,72,1.72]
[null,"Towc","Towcester","GB","TOC",null,1.72,73,1.73]
[null,"Wdon","Wimbledon","GB",null,null,1.73,74,1.74]
[null,"Yarm","Yarmouth","GB",null,null,1.74,75,1.75]
["G","Addi","Addington","NZL","ADD",null,1.75,76,1.76]
[null,"AsPk","Ascot Park","NZL","ASP",null,1.76,77,1.77]
[null,"Camb","Cambridge","NZL","CBG",null,1.77,78,1.78]
[null,"FPrk","Forbury Park","NZL","FBP",null,1.78,79,1.79]
[null,"Hatr","Hatrick","NZL","HAT",null,1.79,80,1.8]
[null,"Mana","Manawatu","NZL","MWU",null,1.8,81,1.81]
[null,"Mkau","Manukau","NZL","MAA",null,1.81,82,1.82]
[null,"NewZ","New Zealand","NZL","NZD",null,1.82,83,1.83]
[null,"Redc","Redcliffe","AUS","RED",null,1.83,84,1.84]
[null,"Penr","Penrith","AUS","PEN",null,1.84,85,1.85]
[null,"Echu","Echuca","AUS","ECH",null,1.85,86,1.86]
[null,"Tare","Taree","AUS","TRE",null,1.86,87,1.87]
[null,null,null,null,null,null,1.87,88,1.88]
[null,null,null,null,null,null,1.88,89,1.89]
[null,null,null,null,null,null,1.89,90,1.9]
[null,null,null,null,null,null,1.9,91,1.91]
[null,null,null,null,null,null,1.91,92,1.92]
[null,null,null,null,null,null,1.92,93,1.93]
[null,null,null,null,null,null,1.93,94,1.94]
[null,null,null,null,null,null,1.94,95,1.95]
[null,null,null,null,null,null,1.95,96,1.96]
[null,null,null,null,null,null,1.96,97,1.97]
[null,null,null,null,null,null,1.97,98,1.98]
[null,null,null,null,null,null,1.98,99,1.99]
[null,null,null,null,null,null,1.99,100,2]
[null,null,null,null,null,null,2,101,2.02]
[null,null,null,null,null,null,2.02,102,2.04]
[null,null,null,null,null,null,2.04,103,2.06]
[null,null,null,null,null,null,2.06,104,2.08]
[null,null,null,null,null,null,2.08,105,2.1]
[null,null,null,null,null,null,2.1,106,2.12]
[null,null,null,null,null,null,2.12,107,2.14]
[null,null,null,null,null,null,2.14,108,2.16]
[null,null,null,null,null,null,2.16,109,2.1800000000000002]
[null,null,null,null,null,null,2.1800000000000002,110,2.2000000000000002]
[null,null,null,null,null,null,2.2000000000000002,111,2.2200000000000002]
[null,null,null,null,null,null,2.2200000000000002,112,2.2400000000000002]
[null,null,null,null,null,null,2.2400000000000002,113,2.2599999999999998]
[null,null,null,null,null,null,2.2599999999999998,114,2.2799999999999998]
[null,null,null,null,null,null,2.2799999999999998,115,2.2999999999999998]
[null,null,null,null,null,null,2.2999999999999998,116,2.3199999999999998]
[null,null,null,null,null,null,2.3199999999999998,117,2.34]
[null,null,null,null,null,null,2.34,118,2.36]
[null,null,null,null,null,null,2.36,119,2.38]
[null,null,null,null,null,null,2.38,120,2.4]
[null,null,null,null,null,null,2.4,121,2.42]
[null,null,null,null,null,null,2.42,122,2.44]
[null,null,null,null,null,null,2.44,123,2.46]
[null,null,null,null,null,null,2.46,124,2.48]
[null,null,null,null,null,null,2.48,125,2.5]
[null,null,null,null,null,null,2.5,126,2.52]
[null,null,null,null,null,null,2.52,127,2.54]
[null,null,null,null,null,null,2.54,128,2.56]
[null,null,null,null,null,null,2.56,129,2.58]
[null,null,null,null,null,null,2.58,130,2.6]
[null,null,null,null,null,null,2.6,131,2.62]
[null,null,null,null,null,null,2.62,132,2.64]
[null,null,null,null,null,null,2.64,133,2.66]
[null,null,null,null,null,null,2.66,134,2.68]
[null,null,null,null,null,null,2.68,135,2.7]
[null,null,null,null,null,null,2.7,136,2.72]
[null,null,null,null,null,null,2.72,137,2.74]
[null,null,null,null,null,null,2.74,138,2.76]
[null,null,null,null,null,null,2.76,139,2.78]
[null,null,null,null,null,null,2.78,140,2.8]
[null,null,null,null,null,null,2.8,141,2.82]
[null,null,null,null,null,null,2.82,142,2.84]
[null,null,null,null,null,null,2.84,143,2.86]
[null,null,null,null,null,null,2.86,144,2.88]
[null,null,null,null,null,null,2.88,145,2.9]
[null,null,null,null,null,null,2.9,146,2.92]
[null,null,null,null,null,null,2.92,147,2.94]
[null,null,null,null,null,null,2.94,148,2.96]
[null,null,null,null,null,null,2.96,149,2.98]
[null,null,null,null,null,null,2.98,150,3]
[null,null,null,null,null,null,3,151,3.05]
[null,null,null,null,null,null,3.05,152,3.1]
[null,null,null,null,null,null,3.1,153,3.15]
[null,null,null,null,null,null,3.15,154,3.2]
[null,null,null,null,null,null,3.2,155,3.25]
[null,null,null,null,null,null,3.25,156,3.3]
[null,null,null,null,null,null,3.3,157,3.35]
[null,null,null,null,null,null,3.35,158,3.4]
[null,null,null,null,null,null,3.4,159,3.45]
[null,null,null,null,null,null,3.45,160,3.5]
[null,null,null,null,null,null,3.5,161,3.55]
[null,null,null,null,null,null,3.55,162,3.6]
[null,null,null,null,null,null,3.6,163,3.65]
[null,null,null,null,null,null,3.65,164,3.7]
[null,null,null,null,null,null,3.7,165,3.75]
[null,null,null,null,null,null,3.75,166,3.8]
[null,null,null,null,null,null,3.8,167,3.85]
[null,null,null,null,null,null,3.85,168,3.9]
[null,null,null,null,null,null,3.9,169,3.95]
[null,null,null,null,null,null,3.95,170,4]
[null,null,null,null,null,null,4,171,4.0999999999999996]
[null,null,null,null,null,null,4.0999999999999996,172,4.2]
[null,null,null,null,null,null,4.2,173,4.3]
[null,null,null,null,null,null,4.3,174,4.4000000000000004]
[null,null,null,null,null,null,4.4000000000000004,175,4.5]
[null,null,null,null,null,null,4.5,176,4.5999999999999996]
[null,null,null,null,null,null,4.5999999999999996,177,4.7]
[null,null,null,null,null,null,4.7,178,4.8]
[null,null,null,null,null,null,4.8,179,4.9000000000000004]
[null,null,null,null,null,null,4.9000000000000004,180,5]
[null,null,null,null,null,null,5,181,5.0999999999999996]
[null,null,null,null,null,null,5.0999999999999996,182,5.2]
[null,null,null,null,null,null,5.2,183,5.3]
[null,null,null,null,null,null,5.3,184,5.4]
[null,null,null,null,null,null,5.4,185,5.5]
[null,null,null,null,null,null,5.5,186,5.6]
[null,null,null,null,null,null,5.6,187,5.7]
[null,null,null,null,null,null,5.7,188,5.8]
[null,null,null,null,null,null,5.8,189,5.9]
[null,null,null,null,null,null,5.9,190,6]
[null,null,null,null,null,null,6,191,6.2]
[null,null,null,null,null,null,6.2,192,6.4]
[null,null,null,null,null,null,6.4,193,6.6]
[null,null,null,null,null,null,6.6,194,6.8]
[null,null,null,null,null,null,6.8,195,7]
[null,null,null,null,null,null,7,196,7.2]
[null,null,null,null,null,null,7.2,197,7.4]
[null,null,null,null,null,null,7.4,198,7.6]
[null,null,null,null,null,null,7.6,199,7.8]
[null,null,null,null,null,null,7.8,200,8]
[null,null,null,null,null,null,8,201,8.1999999999999993]
[null,null,null,null,null,null,8.1999999999999993,202,8.4]
[null,null,null,null,null,null,8.4,203,8.6]
[null,null,null,null,null,null,8.6,204,8.8000000000000007]
[null,null,null,null,null,null,8.8000000000000007,205,9]
[null,null,null,null,null,null,9,206,9.1999999999999993]
[null,null,null,null,null,null,9.1999999999999993,207,9.4]
[null,null,null,null,null,null,9.4,208,9.6]
[null,null,null,null,null,null,9.6,209,9.8000000000000007]
[null,null,null,null,null,null,9.8000000000000007,210,10]
[null,null,null,null,null,null,10,211,10.5]
[null,null,null,null,null,null,10.5,212,11]
[null,null,null,null,null,null,11,213,11.5]
[null,null,null,null,null,null,11.5,214,12]
[null,null,null,null,null,null,12,215,12.5]
[null,null,null,null,null,null,12.5,216,13]
[null,null,null,null,null,null,13,217,13.5]
[null,null,null,null,null,null,13.5,218,14]
[null,null,null,null,null,null,14,219,14.5]
[null,null,null,null,null,null,14.5,220,15]
[null,null,null,null,null,null,15,221,15.5]
[null,null,null,null,null,null,15.5,222,16]
[null,null,null,null,null,null,16,223,16.5]
[null,null,null,null,null,null,16.5,224,17]
[null,null,null,null,null,null,17,225,17.5]
[null,null,null,null,null,null,17.5,226,18]
[null,null,null,null,null,null,18,227,18.5]
[null,null,null,null,null,null,18.5,228,19]
[null,null,null,null,null,null,19,229,19.5]
[null,null,null,null,null,null,19.5,230,20]
[null,null,null,null,null,null,20,231,21]
[null,null,null,null,null,null,21,232,22]
[null,null,null,null,null,null,22,233,23]
[null,null,null,null,null,null,23,234,24]
[null,null,null,null,null,null,24,235,25]
[null,null,null,null,null,null,25,236,26]
[null,null,null,null,null,null,26,237,27]
[null,null,null,null,null,null,27,238,28]
[null,null,null,null,null,null,28,239,29]
[null,null,null,null,null,null,29,240,30]
[null,null,null,null,null,null,30,241,32]
[null,null,null,null,null,null,32,242,34]
[null,null,null,null,null,null,34,243,36]
[null,null,null,null,null,null,36,244,38]
[null,null,null,null,null,null,38,245,40]
[null,null,null,null,null,null,40,246,42]
[null,null,null,null,null,null,42,247,44]
[null,null,null,null,null,null,44,248,46]
[null,null,null,null,null,null,46,249,48]
[null,null,null,null,null,null,48,250,50]
[null,null,null,null,null,null,50,251,55]
[null,null,null,null,null,null,55,252,60]
[null,null,null,null,null,null,60,253,65]
[null,null,null,null,null,null,65,254,70]
[null,null,null,null,null,null,70,255,75]
[null,null,null,null,null,null,75,256,80]
[null,null,null,null,null,null,80,257,85]
[null,null,null,null,null,null,85,258,90]
[null,null,null,null,null,null,90,259,95]
[null,null,null,null,null,null,95,260,100]
[null,null,null,null,null,null,100,261,110]
[null,null,null,null,null,null,110,262,120]
[null,null,null,null,null,null,120,263,130]
[null,null,null,null,null,null,130,264,140]
[null,null,null,null,null,null,140,265,150]
[null,null,null,null,null,null,150,266,160]
[null,null,null,null,null,null,160,267,170]
[null,null,null,null,null,null,170,268,180]
[null,null,null,null,null,null,180,269,190]
[null,null,null,null,null,null,190,270,200]
[null,null,null,null,null,null,200,271,210]
[null,null,null,null,null,null,210,272,220]
[null,null,null,null,null,null,220,273,230]
[null,null,null,null,null,null,230,274,240]
[null,null,null,null,null,null,240,275,250]
[null,null,null,null,null,null,250,276,260]
[null,null,null,null,null,null,260,277,270]
[null,null,null,null,null,null,270,278,280]
[null,null,null,null,null,null,280,279,290]
[null,null,null,null,null,null,290,280,300]
[null,null,null,null,null,null,300,281,310]
[null,null,null,null,null,null,310,282,320]
[null,null,null,null,null,null,320,283,330]
[null,null,null,null,null,null,330,284,340]
[null,null,null,null,null,null,340,285,350]
[null,null,null,null,null,null,350,286,360]
[null,null,null,null,null,null,360,287,370]
[null,null,null,null,null,null,370,288,380]
[null,null,null,null,null,null,380,289,390]
[null,null,null,null,null,null,390,290,400]
[null,null,null,null,null,null,400,291,410]
[null,null,null,null,null,null,410,292,420]
[null,null,null,null,null,null,420,293,430]
[null,null,null,null,null,null,430,294,440]
[null,null,null,null,null,null,440,295,450]
[null,null,null,null,null,null,450,296,460]
[null,null,null,null,null,null,460,297,470]
[null,null,null,null,null,null,470,298,480]
[null,null,null,null,null,null,480,299,490]
[null,null,null,null,null,null,490,300,500]
[null,null,null,null,null,null,500,301,510]
[null,null,null,null,null,null,510,302,520]
[null,null,null,null,null,null,520,303,530]
[null,null,null,null,null,null,530,304,540]
[null,null,null,null,null,null,540,305,550]
[null,null,null,null,null,null,550,306,560]
[null,null,null,null,null,null,560,307,570]
[null,null,null,null,null,null,570,308,580]
[null,null,null,null,null,null,580,309,590]
[null,null,null,null,null,null,590,310,600]
[null,null,null,null,null,null,600,311,610]
[null,null,null,null,null,null,610,312,620]
[null,null,null,null,null,null,620,313,630]
[null,null,null,null,null,null,630,314,640]
[null,null,null,null,null,null,640,315,650]
[null,null,null,null,null,null,650,316,660]
[null,null,null,null,null,null,660,317,670]
[null,null,null,null,null,null,670,318,680]
[null,null,null,null,null,null,680,319,690]
[null,null,null,null,null,null,690,320,700]
[null,null,null,null,null,null,700,321,710]
[null,null,null,null,null,null,710,322,720]
[null,null,null,null,null,null,720,323,730]
[null,null,null,null,null,null,730,324,740]
[null,null,null,null,null,null,740,325,750]
[null,null,null,null,null,null,750,326,760]
[null,null,null,null,null,null,760,327,770]
[null,null,null,null,null,null,770,328,780]
[null,null,null,null,null,null,780,329,790]
[null,null,null,null,null,null,790,330,800]
[null,null,null,null,null,null,800,331,810]
[null,null,null,null,null,null,810,332,820]
[null,null,null,null,null,null,820,333,830]
[null,null,null,null,null,null,830,334,840]
[null,null,null,null,null,null,840,335,850]
[null,null,null,null,null,null,850,336,860]
[null,null,null,null,null,null,860,337,870]
[null,null,null,null,null,null,870,338,880]
[null,null,null,null,null,null,880,339,890]
[null,null,null,null,null,null,890,340,900]
[null,null,null,null,null,null,900,341,910]
[null,null,null,null,null,null,910,342,920]
[null,null,null,null,null,null,920,343,930]
[null,null,null,null,null,null,930,344,940]
[null,null,null,null,null,null,940,345,950]
[null,null,null,null,null,null,950,346,960]
[null,null,null,null,null,null,960,347,970]
[null,null,null,null,null,null,970,348,980]
[null,null,null,null,null,null,980,349,990]
[null,null,null,null,null,null,990,350,1000]
[null,null,null,null,null,null,1000,351,1000]
[null,null,null,null,null,null,0,352,1000]

{"sheet":"public","index":5,"n_rows":9,"n_cols":3,"rows_kept":9,"cut":false,"hidden":false,"merged":[]}
["runner","number","price"]
["KAMARI",1,13]
["LUCAS ENTITY",2,34]
["ALL INN MIA",3,4.8]
["REAP THE REWARDS",4,0]
["MADAME POOKIE",5,7]
["SIX AND OUT",6,6.5]
["WALK ON BYE",7,2]
["JAIMANDY ROY",8,5]

{"sheet":"settings","index":6,"n_rows":73,"n_cols":86,"rows_kept":73,"cut":false,"hidden":false,"merged":[]}
["function","variable",null,null,"family","software","ratings"]
["queen computer","MSI-9",null,null,"MSI-7","ausdogs","ausgh_forecast"]
["this computer","MSI-7",null,null,"MSI-8"]
["status","Not Running",null,null,"MSI-3"]
["status stamp","2021-04-10T11:12:09",null,null,null,null,null,null,null,null,null,null,null,null,null,null,null,null,null,null,null,null,null,null,null,null,null,null,null,null,null,null,null,null,null,null,null,null,null,null,null,null,null,null,null,null,null,null,null,null,null,null,null,null,null,null,null,null,null,null,null,null,null,null,null,null,null,null,null,null,null,null,null,null,null,null,null,null,null,null,null,null,null,null,null,11]
["date","2021-04-10",null,null,null,null,null,null,null,null,null,null,null,null,null,null,null,null,null,null,null,null,null,null,null,null,null,null,null,null,null,null,null,null,null,null,null,null,null,null,null,null,null,null,null,null,null,null,null,null,null,null,null,null,null,null,null,null,null,null,null,null,null,null,null,null,null,null,null,null,null,null,null,null,null,null,null,null,null,null,null,null,null,null,null,4.4000000000000004]
["investment",20000,null,null,null,null,null,null,null,null,null,null,null,null,null,null,null,null,null,null,null,null,null,null,null,null,null,null,null,null,null,null,null,null,null,null,null,null,null,null,null,null,null,null,null,null,null,null,null,null,null,null,null,null,null,null,null,null,null,null,null,null,null,null,null,null,null,null,null,null,null,null,null,null,null,null,null,null,null,null,null,null,null,null,null,6.8]
["balance",{"$f":"Markets!I2+ABS(B10)","v":103038.94},null,null,null,null,null,null,null,null,null,null,null,null,null,null,null,null,null,null,null,null,null,null,null,null,null,null,null,null,null,null,null,null,null,null,null,null,null,null,null,null,null,null,null,null,null,null,null,null,null,null,null,null,null,null,null,null,null,null,null,null,null,null,null,null,null,null,null,null,null,null,null,null,null,null,null,null,null,null,null,null,null,null,null,28]
["withdrawn money",121000,"2021-04-01",null,null,null,null,null,null,null,null,null,null,null,null,null,null,null,null,null,null,null,null,null,null,null,null,null,null,null,null,null,null,null,null,null,null,null,null,null,null,null,null,null,null,null,null,null,null,null,null,null,null,null,null,null,null,null,null,null,null,null,null,null,null,null,null,null,null,null,null,null,null,null,null,null,null,null,null,null,null,null,null,null,null,9]
["exposure",{"$f":"Markets!L2","v":-652.48},null,null,null,null,null,null,null,null,null,null,null,null,null,null,null,null,null,null,null,null,null,null,null,null,null,null,null,null,null,null,null,null,null,null,null,null,null,null,null,null,null,null,null,null,null,null,null,null,null,null,null,null,null,null,null,null,null,null,null,null,null,null,null,null,null,null,null,null,null,null,null,null,null,null,null,null,null,null,null,null,null,null,null,5.5]
["total matched",9914680.679999996,null,null,null,null,null,null,null,null,null,null,null,null,null,null,null,null,null,null,null,null,null,null,null,null,null,null,null,null,null,null,null,null,null,null,null,null,null,null,null,null,null,null,null,null,null,null,null,null,null,null,null,null,null,null,null,null,null,null,null,null,null,null,null,null,null,null,null,null,null,null,null,null,null,null,null,null,null,null,null,null,null,null,null,14]
["total earnings",{"$f":"B8-B7+B9+B13","v":204038.94},null,null,null,null,null,null,null,null,null,null,null,null,null,null,null,null,null,null,null,null,null,null,null,null,null,null,null,null,null,null,null,null,null,null,null,null,null,null,null,null,null,null,null,null,null,null,null,null,null,null,null,null,null,null,null,null,null,null,null,null,null,null,null,null,null,null,null,null,null,null,null,null,null,null,null,null,null,null,null,null,null,null,null,95]
["borrowed",0]
["today matched",{"$f":"B11-9913860","v":820.67999999597669}]
["today earnings",{"$f":"B12-204432.64","v":-393.70000000001164}]
[]
["data recorder stamp","2021-04-10T11:11:27"]
["move stamp","2021-04-10T11:11:06"]
["refresh markets trigger",1]
["30 min update stamp","2021-04-10T11:25:59"]
["market array","1. Kamari2. Lucas Entity3. All Inn Mia5. Madame Pookie6. Six And Out7. Walk On Bye8. Jaimandy Roy"]
["market status"]
["race_type","G"]
["market id",181705171]
["location","Shepparton"]
["race number",12]
["distance","385m"]
["grade","Gr5"]
["time to jump",{"$f":"IF(LEFT(Markets!D2,1)=\"-\",MID(Markets!D2,2,8)*-1,Markets!D2)*24*60*60","v":519}]
["market key","Shepparton R12 385m"]
["jur","AUS"]
["mnemonic","SHE"]
["mbo",1.1200000000000001]
["mlo",0.82]
["lay payout",{"$f":"(B8+B13)^(0.66-B39/100)","v":1473.0479146365008}]
["back payout",{"$f":"(B8+B13)^(0.66-B39/100)*0.8","v":1178.4383317092006}]
["lay tranche",{"$f":"LPO/6","v":245.50798577275012}]
["back tranche",{"$f":"BPO/4","v":294.60958292730015}]
["market commision rate",{"$f":"IF(Markets!P3>1.9,Markets!P3,2.6)","v":2.8}]
["market count",{"$f":"COUNTIFS(Markets!A5:A40,\"<>*(NR)*\",Markets!A5:A40,\"<>\")","v":7}]
["ratings_file","\\\\MSI-9\\oComs\\oRatings\\ausdogs\\ausgh_forecast_20210410.txt"]
["ratings stamp","2021-04-10T10:39:49"]
[]
[]
[]
["back count",{"$f":"SUM(Markets!F5:F28)","v":83.16}]
["past race row",214]
[]
[]
["public price speed",{"$f":"(NOW()-B58)*24*60*60","v":2.939999895170331}]
["QPL count",72]
["market refresh waiting"]
["trigger -5"]
["public script update","Running...."]
["public prices stamp","2021-04-10T11:11:05"]
["public bold update",0]
["public prices",{"$f":"COUNT(Markets!$BF$5:$BF$29)","v":7}]
["public script time","2021-04-10T11:11:22"]
["aRw",5]
["zRw",11]
["lay matched",{"$f":"SUM(Markets!$BR$5:$BR$29)","v":0}]
["back matched",{"$f":"SUM(Markets!$BZ$5:$BZ$29)","v":0}]
["p/l matched sum",{"$f":"SUM(Markets!$X$5:$X$29)","v":0}]
["race status","Open"]
["back market",{"$f":"SUM(Markets!$CS$5:$CS$29)","v":1.1802581301272144}]
["lay market",{"$f":"SUM(Markets!$CT$5:$CT$29)","v":0.79755108214393755}]
["clean distance",385]
["bet log matched rec",{"$f":"COUNTIFS(MyBets!$A$2:$A$100,\">0\",MyBets!$E$2:$E$100,\"F\",MyBets!$J$2:$J$100,\">0\")","v":0}]
["bet log matched",{"$f":"COUNTIFS(MyBets!$A$2:$A$100,\">0\",MyBets!$E$2:$E$100,\"F\")","v":0}]
["check_race_card fail flag"]
["start betting @",90]
["aggressive bet @",-15]
["unmatched_bets",{"$f":"SUM(Markets!$BN$5:$BN$29)+SUM(Markets!$BV$5:$BV$29)","v":0}]

{"sheet":"ratings","index":7,"n_rows":819,"n_cols":18,"rows_kept":819,"cut":false,"hidden":false,"merged":[]}
["date","code","distance","grade","bd_trainer","de_dslr_days","counter","number","rug","box","dog","sumcoeff","sumcoeff_coeff","oddscoeff","counter1","filter_td","udb_key","udi"]
["2021-04-10","CAN",520,1,null,7,21,1,1,1,"OUR SEABROOK",47.722479999999997,1,-0.89162459999999999,0,0,"OUR SEABROOK1","OUR SEABROOK44296"]
["2021-04-10","CAN",520,1,null,7,55,1,2,2,"STARGAZER",47.769620000000003,1,-0.89162459999999999,0,0,"STARGAZER1","STARGAZER44296"]
["2021-04-10","CAN",520,1,null,8,26,1,3,3,"DOMINO MAC",47.328409999999998,1,-0.89162459999999999,0,0,"DOMINO MAC1","DOMINO MAC44296"]
["2021-04-10","CAN",520,1,null,7,72,1,4,4,"TIGGERLONG TONK",48.405819999999999,1,-0.89162459999999999,0,0,"TIGGERLONG TONK1","TIGGERLONG TONK44296"]
["2021-04-10","CAN",520,1,null,7,40,1,5,5,"ITS MY PARTY",47.893070000000002,1,-0.89162459999999999,0,0,"ITS MY PARTY1","ITS MY PARTY44296"]
["2021-04-10","CAN",520,1,null,3,48,1,6,6,"FABRIOLA EXPERT",47.421100000000003,1,-0.89162459999999999,0,0,"FABRIOLA EXPERT1","FABRIOLA EXPERT44296"]
["2021-04-10","CAN",520,1,null,7,29,1,7,7,"JUMBO JET",47.480080000000001,1,-0.89162459999999999,0,0,"JUMBO JET1","JUMBO JET44296"]
["2021-04-10","CAN",520,1,null,21,57,1,8,8,"PIXIE MONELLI",47.67033,1,-0.89162459999999999,0,0,"PIXIE MONELLI1","PIXIE MONELLI44296"]
["2021-04-10","CAN",520,1,null,161,7,2,1,1,"RAPIDO LASS",47.504600000000003,1,-0.89162459999999999,0,0,"RAPIDO LASS2","RAPIDO LASS44296"]
["2021-04-10","CAN",520,1,"G O'KEEFFE",14,68,2,2,2,"UP AND ABOUT",47.434950000000001,1,-0.89162459999999999,0,0,"UP AND ABOUT2","UP AND ABOUT44296"]
["2021-04-10","CAN",520,1,null,7,30,2,3,3,"WESTDALE OPHELIA",47.487850000000002,1,-0.89162459999999999,0,0,"WESTDALE OPHELIA2","WESTDALE OPHELIA44296"]
["2021-04-10","CAN",520,1,null,8,38,2,4,4,"LE JURY MONELLI",47.986049999999999,1,-0.89162459999999999,0,0,"LE JURY MONELLI2","LE JURY MONELLI44296"]
["2021-04-10","CAN",520,1,null,5,55,2,5,5,"SHIMA SHINE",48.255090000000003,1,-0.89162459999999999,0,0,"SHIMA SHINE2","SHIMA SHINE44296"]
["2021-04-10","CAN",520,1,null,8,54,2,6,6,"BUSTER THE BRUTE",48.152140000000003,1,-0.89162459999999999,0,0,"BUSTER THE BRUTE2","BUSTER THE BRUTE44296"]
["2021-04-10","CAN",520,1,null,8,60,2,7,7,"WEST ON OLVEE",47.530769999999997,1,-0.89162459999999999,0,0,"WEST ON OLVEE2","WEST ON OLVEE44296"]
["2021-04-10","CAN",520,1,null,7,33,2,8,8,"WHATS UP MARTY",47.425600000000003,1,-0.89162459999999999,0,0,"WHATS UP MARTY2","WHATS UP MARTY44296"]
["2021-04-10","CAN",520,1,null,7,17,3,1,1,"SMOKIN WITS",47.748699999999999,1,-0.89162459999999999,0,0,"SMOKIN WITS3","SMOKIN WITS44296"]
["2021-04-10","CAN",520,1,null,7,55,3,2,2,"LILLY LANA",47.271360000000001,1,-0.89162459999999999,0,0,"LILLY LANA3","LILLY LANA44296"]
["2021-04-10","CAN",520,1,null,8,38,3,3,3,"CANYA CRUISE",48.56277,1,-0.89162459999999999,0,0,"CANYA CRUISE3","CANYA CRUISE44296"]
["2021-04-10","CAN",520,1,null,7,56,3,4,4,"POLLYS ARIANA",47.401229999999998,1,-0.89162459999999999,0,0,"POLLYS ARIANA3","POLLYS ARIANA44296"]
["2021-04-10","CAN",520,1,null,7,50,3,5,5,"CHIMERA MONELLI",47.85427,1,-0.89162459999999999,0,0,"CHIMERA MONELLI3","CHIMERA MONELLI44296"]
["2021-04-10","CAN",520,1,null,8,16,3,6,6,"GOT THE SWAGGER",47.5428,1,-0.89162459999999999,0,0,"GOT THE SWAGGER3","GOT THE SWAGGER44296"]
["2021-04-10","CAN",520,1,null,5,10,3,7,7,"WEST ON BRAE",47.648539999999997,1,-0.89162459999999999,0,0,"WEST ON BRAE3","WEST ON BRAE44296"]
["2021-04-10","CAN",520,1,null,14,26,3,8,8,"RIPPIN MEMPHIS",47.716920000000002,1,-0.89162459999999999,0,0,"RIPPIN MEMPHIS3","RIPPIN MEMPHIS44296"]
["2021-04-10","CAN",520,1,null,35,24,4,1,1,"RIPPIN PURTON",47.644620000000003,1,-0.89162459999999999,0,0,"RIPPIN PURTON4","RIPPIN PURTON44296"]
["2021-04-10","CAN",520,1,null,7,16,4,2,2,"READY FOR MAGIC",47.209490000000002,1,-0.89162459999999999,0,0,"READY FOR MAGIC4","READY FOR MAGIC44296"]
["2021-04-10","CAN",520,1,null,15,27,4,3,3,"CARRY ON STAR",47.906379999999999,1,-0.89162459999999999,0,0,"CARRY ON STAR4","CARRY ON STAR44296"]
["2021-04-10","CAN",520,1,null,14,43,4,4,4,"STAR BOOK",48.001890000000003,1,-0.89162459999999999,0,0,"STAR BOOK4","STAR BOOK44296"]
["2021-04-10","CAN",520,1,null,35,37,4,5,5,"MORE DEDUCTIONS",47.722520000000003,1,-0.89162459999999999,0,0,"MORE DEDUCTIONS4","MORE DEDUCTIONS44296"]
["2021-04-10","CAN",520,1,null,7,19,4,6,6,"STOUT MONELLI",48.154269999999997,1,-0.89162459999999999,0,0,"STOUT MONELLI4","STOUT MONELLI44296"]
["2021-04-10","CAN",520,1,null,4,28,4,7,7,"HAZY FLASH",47.495150000000002,1,-0.89162459999999999,0,0,"HAZY FLASH4","HAZY FLASH44296"]
["2021-04-10","CAN",520,1,null,7,22,4,8,8,"OWL JAI",47.524419999999999,1,-0.89162459999999999,0,0,"OWL JAI4","OWL JAI44296"]
["2021-04-10","CAN",715,1,null,7,60,5,1,1,"JAYVILLE SLICK",41.897689999999997,1,-0.92564950000000001,0,-2,"JAYVILLE SLICK5","JAYVILLE SLICK44296"]
["2021-04-10","CAN",715,1,null,10,12,5,2,2,"BECKS MONELLI",41.863579999999999,1,-0.92564950000000001,0,-2,"BECKS MONELLI5","BECKS MONELLI44296"]
["2021-04-10","CAN",715,1,null,7,45,5,3,3,"LONNIE LOOT",41.510280000000002,1,-0.92564950000000001,0,-2,"LONNIE LOOT5","LONNIE LOOT44296"]
["2021-04-10","CAN",715,1,null,14,31,5,4,4,"WEST ON ROGER",41.961799999999997,1,-0.92564950000000001,0,-2,"WEST ON ROGER5","WEST ON ROGER44296"]
["2021-04-10","CAN",715,1,null,49,16,5,6,6,"BAREFOOT TYCOON",42.2622,1,-0.92564950000000001,0,-2,"BAREFOOT TYCOON5","BAREFOOT TYCOON44296"]
["2021-04-10","CAN",715,1,null,7,53,5,7,7,"CINDYS OLIVER",42.10765,1,-0.92564950000000001,0,-2,"CINDYS OLIVER5","CINDYS OLIVER44296"]
["2021-04-10","CAN",715,1,null,12,31,5,8,8,"ROSTERED OFF",42.303629999999998,1,-0.92564950000000001,0,-2,"ROSTERED OFF5","ROSTERED OFF44296"]
["2021-04-10","CAN",715,1,null,7,47,6,1,1,"ZACK MONELLI",42.515999999999998,1,-0.92564950000000001,0,-2,"ZACK MONELLI6","ZACK MONELLI44296"]
["2021-04-10","CAN",715,1,null,9,68,6,2,2,"MISS BELLAWOOD",41.39282,1,-0.92564950000000001,0,-2,"MISS BELLAWOOD6","MISS BELLAWOOD44296"]
["2021-04-10","CAN",715,1,null,7,58,6,3,3,"JETTS CRACKER",41.762790000000003,1,-0.92564950000000001,0,-2,"JETTS CRACKER6","JETTS CRACKER44296"]
["2021-04-10","CAN",715,1,null,7,41,6,4,4,"WEST ON MIA",41.996339999999996,1,-0.92564950000000001,0,-2,"WEST ON MIA6","WEST ON MIA44296"]
["2021-04-10","CAN",715,1,null,7,37,6,6,6,"BOHEMIAN FUN",41.859180000000002,1,-0.92564950000000001,0,-2,"BOHEMIAN FUN6","BOHEMIAN FUN44296"]
["2021-04-10","CAN",715,1,null,7,32,6,7,7,"WICKED RHYTHM",42.099179999999997,1,-0.92564950000000001,0,-2,"WICKED RHYTHM6","WICKED RHYTHM44296"]
["2021-04-10","CAN",715,1,null,7,15,6,8,8,"SWEET MAMMA MIA",41.689320000000002,1,-0.92564950000000001,0,-2,"SWEET MAMMA MIA6","SWEET MAMMA MIA44296"]
["2021-04-10","CAN",715,1,null,7,51,7,1,1,"SUNSET BOURBSKI",42.453530000000001,1,-0.92564950000000001,0,-2,"SUNSET BOURBSKI7","SUNSET BOURBSKI44296"]
["2021-04-10","CAN",715,1,null,5,41,7,2,2,"LEE ALI",41.699579999999997,1,-0.92564950000000001,0,-2,"LEE ALI7","LEE ALI44296"]
["2021-04-10","CAN",715,1,null,7,29,7,3,3,"BILLYS THE BOSS",41.758470000000003,1,-0.92564950000000001,0,-2,"BILLYS THE BOSS7","BILLYS THE BOSS44296"]
["2021-04-10","CAN",715,1,null,7,53,7,4,4,"TRUE DETECTIVE",41.621000000000002,1,-0.92564950000000001,0,-2,"TRUE DETECTIVE7","TRUE DETECTIVE44296"]
["2021-04-10","CAN",715,1,null,7,49,7,6,6,"WEST ON MAGADA",41.548609999999996,1,-0.92564950000000001,0,-2,"WEST ON MAGADA7","WEST ON MAGADA44296"]
["2021-04-10","CAN",715,1,null,7,99,7,7,7,"INVERSION",41.324840000000002,1,-0.92564950000000001,0,-2,"INVERSION7","INVERSION44296"]
["2021-04-10","CAN",715,1,null,7,42,7,8,8,"WE THE PEOPLE",41.969299999999997,1,-0.92564950000000001,0,-2,"WE THE PEOPLE7","WE THE PEOPLE44296"]
["2021-04-10","CAN",715,1,null,14,48,8,1,1,"VAN BUREN",41.804040000000001,1,-0.92564950000000001,0,-2,"VAN BUREN8","VAN BUREN44296"]
["2021-04-10","CAN",715,1,null,7,59,8,2,2,"MISTER HARLEWOOD",41.512529999999998,1,-0.92564950000000001,0,-2,"MISTER HARLEWOOD8","MISTER HARLEWOOD44296"]
["2021-04-10","CAN",715,1,null,21,43,8,3,3,"HE SHALL POWER",42.137520000000002,1,-0.92564950000000001,0,-2,"HE SHALL POWER8","HE SHALL POWER44296"]
["2021-04-10","CAN",715,1,null,6,90,8,4,4,"FAB PHILIPPE",41.302720000000001,1,-0.92564950000000001,0,-2,"FAB PHILIPPE8","FAB PHILIPPE44296"]
["2021-04-10","CAN",715,1,null,7,47,8,6,6,"SON OF PRINCESS",41.692059999999998,1,-0.92564950000000001,0,-2,"SON OF PRINCESS8","SON OF PRINCESS44296"]
["2021-04-10","CAN",715,1,null,10,21,8,7,7,"LASHES MONELLI",41.762740000000001,1,-0.92564950000000001,0,-2,"LASHES MONELLI8","LASHES MONELLI44296"]
["2021-04-10","CAN",715,1,null,7,77,8,8,8,"SO TOUGH",41.444850000000002,1,-0.92564950000000001,0,-2,"SO TOUGH8","SO TOUGH44296"]
["2021-04-10","CAN",520,1,null,7,30,9,1,1,"RAZORS EDGE",47.013730000000002,1,-0.89162459999999999,0,0,"RAZORS EDGE9","RAZORS EDGE44296"]
["2021-04-10","CAN",520,1,null,7,17,9,2,2,"PROJECTORY",47.671480000000003,1,-0.89162459999999999,0,0,"PROJECTORY9","PROJECTORY44296"]
["2021-04-10","CAN",520,1,null,7,51,9,3,3,"SIR MONTY",47.861139999999999,1,-0.89162459999999999,0,0,"SIR MONTY9","SIR MONTY44296"]
["2021-04-10","CAN",520,1,null,3,18,9,4,4,"ZIPPER ROGUE",47.397849999999998,1,-0.89162459999999999,0,0,"ZIPPER ROGUE9","ZIPPER ROGUE44296"]
["2021-04-10","CAN",520,1,null,7,49,9,5,5,"RAMBOS BOY",47.85933,1,-0.89162459999999999,0,0,"RAMBOS BOY9","RAMBOS BOY44296"]
["2021-04-10","CAN",520,1,null,7,36,9,6,6,"ASTON THUNDER",47.615630000000003,1,-0.89162459999999999,0,0,"ASTON THUNDER9","ASTON THUNDER44296"]
["2021-04-10","CAN",520,1,null,8,81,9,7,7,"CHOMP MONELLI",47.703989999999997,1,-0.89162459999999999,0,0,"CHOMP MONELLI9","CHOMP MONELLI44296"]
["2021-04-10","CAN",520,1,null,6,60,9,8,8,"MANADO MAGIC",47.426729999999999,1,-0.89162459999999999,0,0,"MANADO MAGIC9","MANADO MAGIC44296"]
["2021-04-10","CAN",520,1,null,6,69,10,1,1,"BANJOS GIRL",47.45928,1,-0.89162459999999999,0,0,"BANJOS GIRL10","BANJOS GIRL44296"]
["2021-04-10","CAN",520,1,null,7,30,10,2,2,"WEBLEC BLOOM",47.579430000000002,1,-0.89162459999999999,0,0,"WEBLEC BLOOM10","WEBLEC BLOOM44296"]
["2021-04-10","CAN",520,1,null,7,58,10,3,3,"CORAZON DE LEON",47.465780000000002,1,-0.89162459999999999,0,0,"CORAZON DE LEON10","CORAZON DE LEON44296"]
["2021-04-10","CAN",520,1,null,14,36,10,4,4,"WISE THUNDER",47.80218,1,-0.89162459999999999,0,0,"WISE THUNDER10","WISE THUNDER44296"]
["2021-04-10","CAN",520,1,null,148,53,10,5,5,"MERMAID MONELLI",47.89819,1,-0.89162459999999999,0,0,"MERMAID MONELLI10","MERMAID MONELLI44296"]
["2021-04-10","CAN",520,1,null,35,43,10,6,6,"SOLE TRADER",47.244790000000002,1,-0.89162459999999999,0,0,"SOLE TRADER10","SOLE TRADER44296"]
["2021-04-10","CAN",520,1,null,29,45,10,7,7,"ALL ZIPPED UP",47.806620000000002,1,-0.89162459999999999,0,0,"ALL ZIPPED UP10","ALL ZIPPED UP44296"]
["2021-04-10","CAN",520,1,null,7,59,10,8,8,"SPEED MISSILE",47.53819,1,-0.89162459999999999,0,0,"SPEED MISSILE10","SPEED MISSILE44296"]
["2021-04-10","CAN",520,1,null,7,36,11,1,1,"JET A ONE",47.588740000000001,1,-0.89162459999999999,0,0,"JET A ONE11","JET A ONE44296"]
["2021-04-10","CAN",520,1,null,7,47,11,2,2,"JACKSON COUNTY",47.748080000000002,1,-0.89162459999999999,0,0,"JACKSON COUNTY11","JACKSON COUNTY44296"]
["2021-04-10","CAN",520,1,null,7,56,11,3,3,"FERNANDO STAR",47.877490000000002,1,-0.89162459999999999,0,0,"FERNANDO STAR11","FERNANDO STAR44296"]
["2021-04-10","CAN",520,1,null,7,69,11,4,4,"CHEVYS ENTRY",47.923589999999997,1,-0.89162459999999999,0,0,"CHEVYS ENTRY11","CHEVYS ENTRY44296"]
["2021-04-10","CAN",520,1,null,7,36,11,5,5,"JET JACKSON",47.428539999999998,1,-0.89162459999999999,0,0,"JET JACKSON11","JET JACKSON44296"]
["2021-04-10","CAN",520,1,null,35,50,11,6,6,"SHAMROCK BOY",47.408499999999997,1,-0.89162459999999999,0,0,"SHAMROCK BOY11","SHAMROCK BOY44296"]
["2021-04-10","CAN",520,1,null,29,58,11,7,7,"OVERBITE",47.257919999999999,1,-0.89162459999999999,0,0,"OVERBITE11","OVERBITE44296"]
["2021-04-10","CAN",520,1,null,7,61,11,8,8,"WITHERS MONELLI",48.02731,1,-0.89162459999999999,0,0,"WITHERS MONELLI11","WITHERS MONELLI44296"]
["2021-04-10","CAN",380,6,null,6,24,12,1,1,"LADY FLASH",29.415430000000001,1,-1.0105120000000001,0,0,"LADY FLASH12","LADY FLASH44296"]
["2021-04-10","CAN",380,6,null,14,37,12,2,2,"PAD UP TILLY",29.814509999999999,1,-1.0105120000000001,0,0,"PAD UP TILLY12","PAD UP TILLY44296"]
["2021-04-10","CAN",380,6,null,4,20,12,3,3,"EYES NOSE LIPS",30.122199999999999,1,-1.0105120000000001,0,0,"EYES NOSE LIPS12","EYES NOSE LIPS44296"]
["2021-04-10","CAN",380,6,null,6,10,12,4,4,"TOP FUN",29.867899999999999,1,-1.0105120000000001,0,0,"TOP FUN12","TOP FUN44296"]
["2021-04-10","CAN",380,6,null,74,17,12,5,5,"DINKYDI LILLY",29.711749999999999,1,-1.0105120000000001,0,0,"DINKYDI LILLY12","DINKYDI LILLY44296"]
["2021-04-10","CAN",380,6,null,6,32,12,6,6,"TURBO CHARGER",29.603020000000001,1,-1.0105120000000001,0,0,"TURBO CHARGER12","TURBO CHARGER44296"]
["2021-04-10","CAN",380,6,null,52,14,12,7,7,"SHAMYLA",29.427990000000001,1,-1.0105120000000001,0,0,"SHAMYLA12","SHAMYLA44296"]
["2021-04-10","CAN",380,6,null,13,10,12,8,8,"BILL BO",29.013809999999999,1,-1.0105120000000001,0,0,"BILL BO12","BILL BO44296"]
["2021-04-10","DUB",318,8,null,12,4,1,1,1,"DARK WATERS",16.128219999999999,1,-0.98088640000000005,0,0,"DARK WATERS1","DARK WATERS44296"]
["2021-04-10","DUB",318,8,null,2,8,1,2,2,"WHATS TO COME",16.006139999999998,1,-0.98088640000000005,0,0,"WHATS TO COME1","WHATS TO COME44296"]
["2021-04-10","DUB",318,8,null,7,29,1,3,3,"MRS BROWN",15.930820000000001,1,-0.98088640000000005,0,0,"MRS BROWN1","MRS BROWN44296"]
["2021-04-10","DUB",318,8,null,189,3,1,4,4,"LUMEAH GIRL",15.42529,1,-0.98088640000000005,0,0,"LUMEAH GIRL1","LUMEAH GIRL44296"]
["2021-04-10","DUB",318,8,null,28,5,1,5,5,"STRIDER",15.87548,1,-0.98088640000000005,0,0,"STRIDER1","STRIDER44296"]
["2021-04-10","DUB",318,8,null,14,6,1,6,6,"DANA BIG PETE",16.36843,1,-0.98088640000000005,0,0,"DANA BIG PETE1","DANA BIG PETE44296"]
["2021-04-10","DUB",318,8,null,7,7,1,7,7,"ARROGANT ANDY",16.092549999999999,1,-0.98088640000000005,0,0,"ARROGANT ANDY1","ARROGANT ANDY44296"]
["2021-04-10","DUB",318,8,null,0,1,1,8,8,"BOGAN RAIDER",15.68665,1,-0.98088640000000005,1,0,"BOGAN RAIDER1","BOGAN RAIDER44296"]
["2021-04-10","DUB",318,5,null,16,40,2,1,1,"DRUNKEN MEG",16.00985,1,-0.98088640000000005,0,-1,"DRUNKEN MEG2","DRUNKEN MEG44296"]
["2021-04-10","DUB",318,5,null,28,53,2,3,3,"SIMON RALPH",16.00131,1,-0.98088640000000005,0,-1,"SIMON RALPH2","SIMON RALPH44296"]
["2021-04-10","DUB",318,5,null,16,18,2,4,4,"COURTNEYS CHARM",16.247160000000001,1,-0.98088640000000005,0,-1,"COURTNEYS CHARM2","COURTNEYS CHARM44296"]
["2021-04-10","DUB",318,5,null,7,18,2,6,6,"MIDNIGHT DIESEL",16.276039999999998,1,-0.98088640000000005,0,-1,"MIDNIGHT DIESEL2","MIDNIGHT DIESEL44296"]
["2021-04-10","DUB",318,5,null,7,16,2,7,7,"SPRINKLE FUSION",16.853470000000002,1,-0.98088640000000005,0,-1,"SPRINKLE FUSION2","SPRINKLE FUSION44296"]
["2021-04-10","DUB",318,5,null,5,27,3,1,1,"MULBERRY MEG",15.998559999999999,1,-0.98088640000000005,0,-1,"MULBERRY MEG3","MULBERRY MEG44296"]
["2021-04-10","DUB",318,5,null,7,31,3,3,3,"BLACKPOOL GRACE",16.39293,1,-0.98088640000000005,0,-1,"BLACKPOOL GRACE3","BLACKPOOL GRACE44296"]
["2021-04-10","DUB",318,5,null,14,69,3,4,4,"GET THERE",15.792590000000001,1,-0.98088640000000005,0,-1,"GET THERE3","GET THERE44296"]
["2021-04-10","DUB",318,5,null,19,32,3,5,5,"FIRE FLY DUSTY",15.898289999999999,1,-0.98088640000000005,0,-1,"FIRE FLY DUSTY3","FIRE FLY DUSTY44296"]
["2021-04-10","DUB",318,5,null,7,85,3,6,6,"ARROGANT BOBBY",16.151289999999999,1,-0.98088640000000005,0,-1,"ARROGANT BOBBY3","ARROGANT BOBBY44296"]
["2021-04-10","DUB",318,5,null,40,21,3,7,7,"TOUCH OF FEVER",16.006959999999999,1,-0.98088640000000005,0,-1,"TOUCH OF FEVER3","TOUCH OF FEVER44296"]
["2021-04-10","DUB",318,5,"A LEE",5,19,3,8,8,"SKAIKRU",15.83493,1,-0.98088640000000005,0,-1,"SKAIKRU3","SKAIKRU44296"]
["2021-04-10","DUB",318,5,null,7,35,4,1,1,"SPRING HILL GIRL",16.008959999999998,1,-0.98088640000000005,0,-1,"SPRING HILL GIRL4","SPRING HILL GIRL44296"]
["2021-04-10","DUB",318,5,null,7,12,4,2,2,"SPRING CRASH",16.266559999999998,1,-0.98088640000000005,0,-1,"SPRING CRASH4","SPRING CRASH44296"]
["2021-04-10","DUB",318,5,null,5,12,4,3,3,"CRYSTAL MAIDEN",16.294989999999999,1,-0.98088640000000005,0,-1,"CRYSTAL MAIDEN4","CRYSTAL MAIDEN44296"]
["2021-04-10","DUB",318,5,null,7,2,4,5,5,"FUSION SPARTAN",15.228809999999999,1,-0.98088640000000005,0,-1,"FUSION SPARTAN4","FUSION SPARTAN44296"]
["2021-04-10","DUB",318,5,null,7,17,4,6,6,"SOLD NO HOUSES",15.910450000000001,1,-0.98088640000000005,0,-1,"SOLD NO HOUSES4","SOLD NO HOUSES44296"]
["2021-04-10","DUB",318,5,null,7,4,4,7,7,"LITTLE CREEK",16.32863,1,-0.98088640000000005,0,-1,"LITTLE CREEK4","LITTLE CREEK44296"]
["2021-04-10","DUB",318,5,null,169,9,4,8,8,"BOGAN WEIR",15.730840000000001,1,-0.98088640000000005,0,-1,"BOGAN WEIR4","BOGAN WEIR44296"]
["2021-04-10","DUB",318,5,null,7,16,4,9,4,"FROM THE BRONX",16.21707,1,-0.98088640000000005,0,-1,"FROM THE BRONX4","FROM THE BRONX44296"]
["2021-04-10","DUB",516,5,null,7,11,5,1,1,"SWIFT KEVIN",47.215530000000001,1,-0.89162459999999999,0,0,"SWIFT KEVIN5","SWIFT KEVIN44296"]
["2021-04-10","DUB",516,5,null,7,7,5,2,2,"SWIFT JERRY",47.167839999999998,1,-0.89162459999999999,0,0,"SWIFT JERRY5","SWIFT JERRY44296"]
["2021-04-10","DUB",516,5,null,7,12,5,3,3,"TOTAL BURNER",47.094140000000003,1,-0.89162459999999999,0,0,"TOTAL BURNER5","TOTAL BURNER44296"]
["2021-04-10","DUB",516,5,null,16,7,5,4,4,"TOTAL BOGLE",47.142530000000001,1,-0.89162459999999999,0,0,"TOTAL BOGLE5","TOTAL BOGLE44296"]
["2021-04-10","DUB",516,5,null,5,29,5,5,5,"RUMMY TUM TUM",47.026649999999997,1,-0.89162459999999999,0,0,"RUMMY TUM TUM5","RUMMY TUM TUM44296"]
["2021-04-10","DUB",516,5,null,16,30,5,6,6,"WINLOCK HARLOW",47.270470000000003,1,-0.89162459999999999,0,0,"WINLOCK HARLOW5","WINLOCK HARLOW44296"]
["2021-04-10","DUB",516,5,null,7,2,5,8,8,"BONNIE KEEPING",47.669150000000002,1,-0.89162459999999999,0,0,"BONNIE KEEPING5","BONNIE KEEPING44296"]
["2021-04-10","DUB",400,5,null,7,16,6,1,1,"SPRING BARTY",27.13008,1,-0.86024970000000001,0,0,"SPRING BARTY6","SPRING BARTY44296"]
["2021-04-10","DUB",400,5,null,376,8,6,2,2,"HOPE KEEPING",26.252099999999999,1,-0.86024970000000001,0,0,"HOPE KEEPING6","HOPE KEEPING44296"]
["2021-04-10","DUB",400,5,null,14,19,6,3,3,"SECRET SNAPS",26.68533,1,-0.86024970000000001,0,0,"SECRET SNAPS6","SECRET SNAPS44296"]
["2021-04-10","DUB",400,5,"A LANGTON",7,91,6,4,4,"TELEGRAPH ROAD",25.75019,1,-0.86024970000000001,0,0,"TELEGRAPH ROAD6","TELEGRAPH ROAD44296"]
["2021-04-10","DUB",400,5,null,7,16,6,5,5,"OH MATE SPRINGER",26.392589999999998,1,-0.86024970000000001,0,0,"OH MATE SPRINGER6","OH MATE SPRINGER44296"]
["2021-04-10","DUB",400,5,null,7,23,6,6,6,"SWIFT DYLAN",26.894829999999999,1,-0.86024970000000001,0,0,"SWIFT DYLAN6","SWIFT DYLAN44296"]
["2021-04-10","DUB",400,5,null,16,26,6,7,7,"BOREE BELLE",26.57442,1,-0.86024970000000001,0,0,"BOREE BELLE6","BOREE BELLE44296"]
["2021-04-10","DUB",400,5,null,7,64,6,8,8,"DRUNKEN KID",25.95289,1,-0.86024970000000001,0,0,"DRUNKEN KID6","DRUNKEN KID44296"]
["2021-04-10","DUB",400,4,null,7,21,7,1,1,"WESTERN HERO",27.380790000000001,1,-0.86024970000000001,0,0,"WESTERN HERO7","WESTERN HERO44296"]
["2021-04-10","DUB",400,4,null,16,22,7,2,2,"SNOOZE MCGRAW",27.04889,1,-0.86024970000000001,0,0,"SNOOZE MCGRAW7","SNOOZE MCGRAW44296"]
["2021-04-10","DUB",400,4,null,5,32,7,3,3,"LIGHT EM SPARKY",26.551570000000002,1,-0.86024970000000001,0,0,"LIGHT EM SPARKY7","LIGHT EM SPARKY44296"]
["2021-04-10","DUB",400,4,null,7,31,7,4,4,"FUSION SPLIT",26.769030000000001,1,-0.86024970000000001,0,0,"FUSION SPLIT7","FUSION SPLIT44296"]
["2021-04-10","DUB",400,4,null,16,66,7,5,5,"BREA CASEY",26.563490000000002,1,-0.86024970000000001,0,0,"BREA CASEY7","BREA CASEY44296"]
["2021-04-10","DUB",400,4,null,20,44,7,6,6,"SQUIGGLE KEEPING",27.91527,1,-0.86024970000000001,0,0,"SQUIGGLE KEEPING7","SQUIGGLE KEEPING44296"]
["2021-04-10","DUB",400,4,null,7,6,7,7,7,"SPRING AGGIE",26.621829999999999,1,-0.86024970000000001,0,0,"SPRING AGGIE7","SPRING AGGIE44296"]
["2021-04-10","DUB",400,4,null,12,52,7,8,8,"SWIFT JILL",26.434670000000001,1,-0.86024970000000001,0,0,"SWIFT JILL7","SWIFT JILL44296"]
["2021-04-10","DUB",318,5,null,7,10,8,1,1,"KIMBERLEY CARGO",16.010719999999999,1,-0.98088640000000005,0,-1,"KIMBERLEY CARGO8","KIMBERLEY CARGO44296"]
["2021-04-10","DUB",318,5,null,7,11,8,2,2,"FUSION ART",16.253740000000001,1,-0.98088640000000005,0,-1,"FUSION ART8","FUSION ART44296"]
["2021-04-10","DUB",318,5,null,7,13,8,3,3,"ACTIVE NUGGET",16.340250000000001,1,-0.98088640000000005,0,-1,"ACTIVE NUGGET8","ACTIVE NUGGET44296"]
["2021-04-10","DUB",318,5,null,7,6,8,5,5,"FUSION CADET",16.56437,1,-0.98088640000000005,0,-1,"FUSION CADET8","FUSION CADET44296"]
["2021-04-10","DUB",318,5,null,7,14,8,7,7,"ACT NOW",16.224209999999999,1,-0.98088640000000005,0,-1,"ACT NOW8","ACT NOW44296"]
["2021-04-10","DUB",318,5,null,7,35,8,8,8,"BENS LAD",16.213290000000001,1,-0.98088640000000005,0,-1,"BENS LAD8","BENS LAD44296"]
["2021-04-10","DUB",318,5,null,2,8,8,9,6,"ARROGANT SCOTTY",16.066469999999999,1,-0.98088640000000005,0,-1,"ARROGANT SCOTTY8","ARROGANT SCOTTY44296"]
["2021-04-10","DUB",318,5,null,7,42,8,10,4,"BAD MONDAY",16.14114,1,-0.98088640000000005,0,-1,"BAD MONDAY8","BAD MONDAY44296"]
["2021-04-10","DUB",318,5,null,21,10,9,1,1,"TOTAL WINLOCK",16.046779999999998,1,-0.98088640000000005,0,-1,"TOTAL WINLOCK9","TOTAL WINLOCK44296"]
["2021-04-10","DUB",318,5,"P MATTRESS",21,57,9,2,2,"SPEEDY MARINA",15.89542,1,-0.98088640000000005,0,-1,"SPEEDY MARINA9","SPEEDY MARINA44296"]
["2021-04-10","DUB",318,5,null,7,20,9,3,3,"BORROWED ANGEL",16.3337,1,-0.98088640000000005,0,-1,"BORROWED ANGEL9","BORROWED ANGEL44296"]
["2021-04-10","DUB",318,5,null,7,27,9,4,4,"WINDY PINES",16.078289999999999,1,-0.98088640000000005,0,-1,"WINDY PINES9","WINDY PINES44296"]
["2021-04-10","DUB",318,5,null,91,28,9,5,5,"ACTIVE ZEUS",15.63428,1,-0.98088640000000005,0,-1,"ACTIVE ZEUS9","ACTIVE ZEUS44296"]
["2021-04-10","DUB",318,5,null,69,24,9,6,6,"DOUBLE ACTIVE",16.156130000000001,1,-0.98088640000000005,0,-1,"DOUBLE ACTIVE9","DOUBLE ACTIVE44296"]
["2021-04-10","DUB",318,5,null,28,27,9,7,7,"BOGAN PANTHER",16.218219999999999,1,-0.98088640000000005,0,-1,"BOGAN PANTHER9","BOGAN PANTHER44296"]
["2021-04-10","DUB",318,5,null,43,33,9,8,8,"BOGAN RIVER",15.9899,1,-0.98088640000000005,0,-1,"BOGAN RIVER9","BOGAN RIVER44296"]
["2021-04-10","DUB",318,5,"G COULDRIDGE",42,41,10,1,1,"CHIEF BRONIE",15.7638,1,-0.98088640000000005,0,-1,"CHIEF BRONIE10","CHIEF BRONIE44296"]
["2021-04-10","DUB",318,5,null,36,38,10,2,2,"SON OF ELI",16.232990000000001,1,-0.98088640000000005,0,-1,"SON OF ELI10","SON OF ELI44296"]
["2021-04-10","DUB",318,5,null,42,14,10,3,3,"FUSION CRACKER",15.87213,1,-0.98088640000000005,0,-1,"FUSION CRACKER10","FUSION CRACKER44296"]
["2021-04-10","DUB",318,5,null,16,25,10,4,4,"VOLCANO FUSION",16.112780000000001,1,-0.98088640000000005,0,-1,"VOLCANO FUSION10","VOLCANO FUSION44296"]
["2021-04-10","DUB",318,5,null,7,51,10,5,5,"DRUNKEN OLLIE",16.257200000000001,1,-0.98088640000000005,0,-1,"DRUNKEN OLLIE10","DRUNKEN OLLIE44296"]
["2021-04-10","DUB",318,5,null,28,19,10,6,6,"WINLOCK BLUEY",15.910220000000001,1,-0.98088640000000005,0,-1,"WINLOCK BLUEY10","WINLOCK BLUEY44296"]
["2021-04-10","DUB",318,5,null,7,45,10,7,7,"MR CASH",16.206499999999998,1,-0.98088640000000005,0,-1,"MR CASH10","MR CASH44296"]
["2021-04-10","DUB",318,5,null,7,36,10,8,8,"PLATINUM STATUS",16.099160000000001,1,-0.98088640000000005,0,-1,"PLATINUM STATUS10","PLATINUM STATUS44296"]
["2021-04-10","HOR",410,8,null,16,5,1,1,1,"JOSIE WAGS",42.676430000000003,1,-0.90637659999999998,0,0,"JOSIE WAGS1","JOSIE WAGS44296"]
["2021-04-10","HOR",410,8,null,37,2,1,2,2,"MISS LEONIE",41.893830000000001,1,-0.90637659999999998,0,0,"MISS LEONIE1","MISS LEONIE44296"]
["2021-04-10","HOR",410,8,null,5,7,1,3,3,"LEKTRA HYBRID",42.940190000000001,1,-0.90637659999999998,0,0,"LEKTRA HYBRID1","LEKTRA HYBRID44296"]
["2021-04-10","HOR",410,8,null,0,1,1,4,4,"MY GIRL BETTY",42.347580000000001,1,-0.90637659999999998,1,0,"MY GIRL BETTY1","MY GIRL BETTY44296"]
["2021-04-10","HOR",410,8,null,7,2,1,5,5,"STELLAS MEMORY",42.084960000000002,1,-0.90637659999999998,0,0,"STELLAS MEMORY1","STELLAS MEMORY44296"]
["2021-04-10","HOR",410,8,null,12,2,1,6,6,"BIG FUSS",42.531410000000001,1,-0.90637659999999998,0,0,"BIG FUSS1","BIG FUSS44296"]
["2021-04-10","HOR",410,8,null,7,2,1,7,7,"PHOENIX FLIGHT",42.89141,1,-0.90637659999999998,0,0,"PHOENIX FLIGHT1","PHOENIX FLIGHT44296"]
["2021-04-10","HOR",410,8,null,7,3,1,8,8,"ROCK OPERA",42.774299999999997,1,-0.90637659999999998,0,0,"ROCK OPERA1","ROCK OPERA44296"]
["2021-04-10","HOR",410,8,null,14,13,2,1,1,"MEPUNGA ALLIE",43.138689999999997,1,-0.90637659999999998,0,0,"MEPUNGA ALLIE2","MEPUNGA ALLIE44296"]
["2021-04-10","HOR",410,8,null,30,3,2,2,2,"ATTITUDE",42.699390000000001,1,-0.90637659999999998,0,0,"ATTITUDE2","ATTITUDE44296"]
["2021-04-10","HOR",410,8,null,4,4,2,4,4,"BODY HACK",43.534529999999997,1,-0.90637659999999998,0,0,"BODY HACK2","BODY HACK44296"]
["2021-04-10","HOR",410,8,null,4,14,2,6,6,"SNEAKY KISS",42.919440000000002,1,-0.90637659999999998,0,0,"SNEAKY KISS2","SNEAKY KISS44296"]
["2021-04-10","HOR",410,8,null,5,4,2,7,7,"STUDLEY",43.849980000000002,1,-0.90637659999999998,0,0,"STUDLEY2","STUDLEY44296"]
["2021-04-10","HOR",410,8,null,4,5,2,8,8,"MINI THUNDER",43.406590000000001,1,-0.90637659999999998,0,0,"MINI THUNDER2","MINI THUNDER44296"]
["2021-04-10","HOR",410,8,null,4,17,3,1,1,"MONUMENT VALLEY",42.834339999999997,1,-0.90637659999999998,0,0,"MONUMENT VALLEY3","MONUMENT VALLEY44296"]
["2021-04-10","HOR",410,8,null,7,9,3,2,2,"FINCH",43.36992,1,-0.90637659999999998,0,0,"FINCH3","FINCH44296"]
["2021-04-10","HOR",410,8,null,11,8,3,3,3,"WESTAR LASS",43.099850000000004,1,-0.90637659999999998,0,0,"WESTAR LASS3","WESTAR LASS44296"]
["2021-04-10","HOR",410,8,null,9,4,3,4,4,"MISS COSMIC LEE",43.174709999999997,1,-0.90637659999999998,0,0,"MISS COSMIC LEE3","MISS COSMIC LEE44296"]
["2021-04-10","HOR",410,8,null,11,10,3,6,6,"LIPS BOLONEY",43.00741,1,-0.90637659999999998,0,0,"LIPS BOLONEY3","LIPS BOLONEY44296"]
["2021-04-10","HOR",410,8,null,3,13,3,7,7,"MARIO BALE",42.937420000000003,1,-0.90637659999999998,0,0,"MARIO BALE3","MARIO BALE44296"]
["2021-04-10","HOR",410,8,null,4,49,3,8,8,"PYRENEES PEGASUS",42.836460000000002,1,-0.90637659999999998,0,0,"PYRENEES PEGASUS3","PYRENEES PEGASUS44296"]
["2021-04-10","HOR",485,5,null,13,8,4,1,1,"ORLANDO",28.16497,1,-0.98537019999999997,0,0,"ORLANDO4","ORLANDO44296"]
["2021-04-10","HOR",485,5,null,6,29,4,2,2,"NICKO IN PARIS",27.575330000000001,1,-0.98537019999999997,0,0,"NICKO IN PARIS4","NICKO IN PARIS44296"]
["2021-04-10","HOR",485,5,null,10,28,4,4,4,"HAZY ROSE",27.425329999999999,1,-0.98537019999999997,0,0,"HAZY ROSE4","HAZY ROSE44296"]
["2021-04-10","HOR",485,5,null,6,41,4,7,7,"KONTA",27.616420000000002,1,-0.98537019999999997,0,0,"KONTA4","KONTA44296"]
["2021-04-10","HOR",485,5,null,7,53,4,8,8,"PIRATE LEE",27.474689999999999,1,-0.98537019999999997,0,0,"PIRATE LEE4","PIRATE LEE44296"]
["2021-04-10","HOR",485,5,null,12,5,5,1,1,"LEKTRA BOOGIE",27.749659999999999,1,-0.98537019999999997,0,0,"LEKTRA BOOGIE5","LEKTRA BOOGIE44296"]
["2021-04-10","HOR",485,5,null,4,20,5,2,2,"GEORGIO BALE",27.700299999999999,1,-0.98537019999999997,0,0,"GEORGIO BALE5","GEORGIO BALE44296"]
["2021-04-10","HOR",485,5,null,4,18,5,3,3,"FAB MOTTO",27.530239999999999,1,-0.98537019999999997,0,0,"FAB MOTTO5","FAB MOTTO44296"]
["2021-04-10","HOR",485,5,null,4,21,5,4,4,"NOVA TO BURN",27.677230000000002,1,-0.98537019999999997,0,0,"NOVA TO BURN5","NOVA TO BURN44296"]
["2021-04-10","HOR",485,5,null,7,60,5,5,5,"STANS HOPE",27.180160000000001,1,-0.98537019999999997,0,0,"STANS HOPE5","STANS HOPE44296"]
["2021-04-10","HOR",485,5,null,4,9,5,6,6,"DIAMOND SIENA",27.77534,1,-0.98537019999999997,0,0,"DIAMOND SIENA5","DIAMOND SIENA44296"]
["2021-04-10","HOR",485,5,null,7,16,5,7,7,"LIGHTNING GADGET",27.84657,1,-0.98537019999999997,0,0,"LIGHTNING GADGET5","LIGHTNING GADGET44296"]
["2021-04-10","HOR",485,5,null,7,9,5,8,8,"FIRE WITCH",27.275210000000001,1,-0.98537019999999997,0,0,"FIRE WITCH5","FIRE WITCH44296"]
["2021-04-10","HOR",410,4,null,5,16,6,1,1,"ABBYS ILLUSION",43.49212,1,-0.90637659999999998,0,0,"ABBYS ILLUSION6","ABBYS ILLUSION44296"]
["2021-04-10","HOR",410,4,null,4,76,6,2,2,"CHARLEY DAVIDSON",43.49532,1,-0.90637659999999998,0,0,"CHARLEY DAVIDSON6","CHARLEY DAVIDSON44296"]
["2021-04-10","HOR",410,4,null,6,59,6,3,3,"JAY BIRD",43.401020000000003,1,-0.90637659999999998,0,0,"JAY BIRD6","JAY BIRD44296"]
["2021-04-10","HOR",410,4,"G BERRY",5,107,6,4,4,"ATLANTIC JEWEL",42.85107,1,-0.90637659999999998,0,0,"ATLANTIC JEWEL6","ATLANTIC JEWEL44296"]
["2021-04-10","HOR",410,4,null,4,33,6,5,5,"HOJILLA BALE",43.247259999999997,1,-0.90637659999999998,0,0,"HOJILLA BALE6","HOJILLA BALE44296"]
["2021-04-10","HOR",410,4,null,4,21,6,6,6,"ZULU EYES",43.313569999999999,1,-0.90637659999999998,0,0,"ZULU EYES6","ZULU EYES44296"]
["2021-04-10","HOR",410,4,null,21,40,6,7,7,"QUADE BALE",43.57497,1,-0.90637659999999998,0,0,"QUADE BALE6","QUADE BALE44296"]
["2021-04-10","HOR",410,4,null,4,53,6,8,8,"HARMON BALE",43.383429999999997,1,-0.90637659999999998,0,0,"HARMON BALE6","HARMON BALE44296"]
["2021-04-10","HOR",410,5,null,4,38,7,1,1,"ALL OVER MAX",43.482430000000001,1,-0.90637659999999998,0,0,"ALL OVER MAX7","ALL OVER MAX44296"]
["2021-04-10","HOR",410,5,null,6,29,7,2,2,"KRAKEN STORM",43.382980000000003,1,-0.90637659999999998,0,0,"KRAKEN STORM7","KRAKEN STORM44296"]
["2021-04-10","HOR",410,5,null,7,51,7,3,3,"MIZUKI ROSE",42.738039999999998,1,-0.90637659999999998,0,0,"MIZUKI ROSE7","MIZUKI ROSE44296"]
["2021-04-10","HOR",410,5,null,6,40,7,4,4,"ROCKSTAR CARMODY",43.085189999999997,1,-0.90637659999999998,0,0,"ROCKSTAR CARMODY7","ROCKSTAR CARMODY44296"]
["2021-04-10","HOR",410,5,null,5,40,7,5,5,"IRWIN BALE",42.957050000000002,1,-0.90637659999999998,0,0,"IRWIN BALE7","IRWIN BALE44296"]
["2021-04-10","HOR",410,5,null,6,60,7,6,6,"BEGONIA BALE",42.982419999999998,1,-0.90637659999999998,0,0,"BEGONIA BALE7","BEGONIA BALE44296"]
["2021-04-10","HOR",410,5,null,4,31,7,7,7,"INVICTUS CALEB",43.240789999999997,1,-0.90637659999999998,0,0,"INVICTUS CALEB7","INVICTUS CALEB44296"]
["2021-04-10","HOR",410,5,null,4,20,7,8,8,"MAXIMUM MILKY",43.336689999999997,1,-0.90637659999999998,0,0,"MAXIMUM MILKY7","MAXIMUM MILKY44296"]
["2021-04-10","HOR",485,5,null,6,73,8,1,1,"COSMIC SPARKLE",27.215140000000002,1,-0.98537019999999997,0,0,"COSMIC SPARKLE8","COSMIC SPARKLE44296"]
["2021-04-10","HOR",485,5,null,4,27,8,2,2,"MOON FLOWER",27.560639999999999,1,-0.98537019999999997,0,0,"MOON FLOWER8","MOON FLOWER44296"]
["2021-04-10","HOR",485,5,null,5,54,8,3,3,"SEVEN ENEMIES",27.483280000000001,1,-0.98537019999999997,0,0,"SEVEN ENEMIES8","SEVEN ENEMIES44296"]
["2021-04-10","HOR",485,5,null,12,76,8,4,4,"GARDENERS BOYO",27.495740000000001,1,-0.98537019999999997,0,0,"GARDENERS BOYO8","GARDENERS BOYO44296"]
["2021-04-10","HOR",485,5,null,10,12,8,6,6,"KRAKEN SUE",28.14386,1,-0.98537019999999997,0,0,"KRAKEN SUE8","KRAKEN SUE44296"]
["2021-04-10","HOR",485,5,null,5,50,8,7,7,"ABBYS STAR",27.522110000000001,1,-0.98537019999999997,0,0,"ABBYS STAR8","ABBYS STAR44296"]
["2021-04-10","HOR",485,5,null,10,46,8,8,8,"MIGHTY MARSHALL",27.512810000000002,1,-0.98537019999999997,0,0,"MIGHTY MARSHALL8","MIGHTY MARSHALL44296"]
["2021-04-10","HOR",485,5,null,7,17,9,2,2,"CRACKERJACK ADS",27.430679999999999,1,-0.98537019999999997,0,0,"CRACKERJACK ADS9","CRACKERJACK ADS44296"]
["2021-04-10","HOR",485,5,null,6,27,9,4,4,"DASH OF REYNE",27.51737,1,-0.98537019999999997,0,0,"DASH OF REYNE9","DASH OF REYNE44296"]
["2021-04-10","HOR",485,5,null,9,18,9,5,5,"MEPUNGA GERTIE",28.164290000000001,1,-0.98537019999999997,0,0,"MEPUNGA GERTIE9","MEPUNGA GERTIE44296"]
["2021-04-10","HOR",485,5,null,11,19,9,7,7,"MAX ANONYMOUS",27.852989999999998,1,-0.98537019999999997,0,0,"MAX ANONYMOUS9","MAX ANONYMOUS44296"]
["2021-04-10","HOR",485,5,null,7,17,9,8,8,"CRACKERJACK PHIL",27.948129999999999,1,-0.98537019999999997,0,0,"CRACKERJACK PHIL9","CRACKERJACK PHIL44296"]
["2021-04-10","HOR",410,6,null,7,6,10,1,1,"SAGACIOUS",43.141649999999998,1,-0.90637659999999998,0,0,"SAGACIOUS10","SAGACIOUS44296"]
["2021-04-10","HOR",410,6,null,18,13,10,2,2,"LAXMAN",42.94294,1,-0.90637659999999998,0,0,"LAXMAN10","LAXMAN44296"]
["2021-04-10","HOR",410,6,null,4,61,10,3,3,"PLAIN NAME",42.52308,1,-0.90637659999999998,0,0,"PLAIN NAME10","PLAIN NAME44296"]
["2021-04-10","HOR",410,6,null,9,6,10,4,4,"KRAKEN PRESTO",42.800409999999999,1,-0.90637659999999998,0,0,"KRAKEN PRESTO10","KRAKEN PRESTO44296"]
["2021-04-10","HOR",410,6,null,11,26,10,6,6,"MOUTHY BOOF",42.807340000000003,1,-0.90637659999999998,0,0,"MOUTHY BOOF10","MOUTHY BOOF44296"]
["2021-04-10","HOR",410,6,null,4,22,10,7,7,"SHIFT CHANGE",43.047780000000003,1,-0.90637659999999998,0,0,"SHIFT CHANGE10","SHIFT CHANGE44296"]
["2021-04-10","HOR",410,6,null,4,10,10,8,8,"CURRAWONG",43.332360000000001,1,-0.90637659999999998,0,0,"CURRAWONG10","CURRAWONG44296"]
["2021-04-10","HOR",410,5,null,22,21,11,1,1,"MEPUNGA VAL",43.430370000000003,1,-0.90637659999999998,0,0,"MEPUNGA VAL11","MEPUNGA VAL44296"]
["2021-04-10","HOR",410,5,null,142,30,11,2,2,"AMP METER",42.428179999999998,1,-0.90637659999999998,0,0,"AMP METER11","AMP METER44296"]
["2021-04-10","HOR",410,5,null,50,11,11,3,3,"NINJA GIRL MIA",43.024760000000001,1,-0.90637659999999998,0,0,"NINJA GIRL MIA11","NINJA GIRL MIA44296"]
["2021-04-10","HOR",410,5,null,13,12,11,4,4,"COOL LADY",43.608469999999997,1,-0.90637659999999998,0,0,"COOL LADY11","COOL LADY44296"]
["2021-04-10","HOR",410,5,null,5,11,11,6,6,"ABBYS COMET",43.282089999999997,1,-0.90637659999999998,0,0,"ABBYS COMET11","ABBYS COMET44296"]
["2021-04-10","HOR",410,5,null,4,17,11,7,7,"MINNIE BANJO",43.688690000000001,1,-0.90637659999999998,0,0,"MINNIE BANJO11","MINNIE BANJO44296"]
["2021-04-10","HOR",410,5,null,4,43,11,8,8,"FAB NINE",43.153179999999999,1,-0.90637659999999998,0,0,"FAB NINE11","FAB NINE44296"]
["2021-04-10","HOR",410,5,"B FULLERTON",23,96,12,1,1,"EAGLEHAWK MISS",42.710740000000001,1,-0.90637659999999998,0,0,"EAGLEHAWK MISS12","EAGLEHAWK MISS44296"]
["2021-04-10","HOR",410,5,"H EYLES",9,93,12,2,2,"KRAKEN RUBEN",42.622019999999999,1,-0.90637659999999998,0,0,"KRAKEN RUBEN12","KRAKEN RUBEN44296"]
["2021-04-10","HOR",410,5,null,47,15,12,3,3,"REV UP ANGEL",43.25188,1,-0.90637659999999998,0,0,"REV UP ANGEL12","REV UP ANGEL44296"]
["2021-04-10","HOR",410,5,null,5,19,12,4,4,"STAR SHOOTER",42.956389999999999,1,-0.90637659999999998,0,0,"STAR SHOOTER12","STAR SHOOTER44296"]
["2021-04-10","HOR",410,5,null,9,56,12,5,5,"MAGGIE PIE",42.735819999999997,1,-0.90637659999999998,0,0,"MAGGIE PIE12","MAGGIE PIE44296"]
["2021-04-10","HOR",410,5,null,10,34,12,6,6,"ERUPTING AVATAR",43.467199999999998,1,-0.90637659999999998,0,0,"ERUPTING AVATAR12","ERUPTING AVATAR44296"]
["2021-04-10","HOR",410,5,null,11,40,12,7,7,"ROOTS ROCK RIOT",43.418340000000001,1,-0.90637659999999998,0,0,"ROOTS ROCK RIOT12","ROOTS ROCK RIOT44296"]
["2021-04-10","HOR",410,5,null,7,43,12,8,8,"CRACKERJACK DEV",43.464840000000002,1,-0.90637659999999998,0,0,"CRACKERJACK DEV12","CRACKERJACK DEV44296"]
["2021-04-10","IPS",431,8,null,0,1,1,1,1,"GOOD BYE VINCE",26.72317,1,-0.86024970000000001,1,0,"GOOD BYE VINCE1","GOOD BYE VINCE44296"]
["2021-04-10","IPS",431,8,null,7,2,1,2,2,"WALLOON BABE",26.79006,1,-0.86024970000000001,0,0,"WALLOON BABE1","WALLOON BABE44296"]
["2021-04-10","IPS",431,8,null,57,3,1,3,3,"RINGBARK STORM",26.348089999999999,1,-0.86024970000000001,0,0,"RINGBARK STORM1","RINGBARK STORM44296"]
["2021-04-10","IPS",431,8,null,5,28,1,4,4,"JET BURNER",26.087289999999999,1,-0.86024970000000001,0,0,"JET BURNER1","JET BURNER44296"]
["2021-04-10","IPS",431,8,null,4,3,1,5,5,"VELOCITY NELLY",25.586939999999998,1,-0.86024970000000001,0,0,"VELOCITY NELLY1","VELOCITY NELLY44296"]
["2021-04-10","IPS",431,8,null,5,14,1,6,6,"LITTLE SHELLY",26.180099999999999,1,-0.86024970000000001,0,0,"LITTLE SHELLY1","LITTLE SHELLY44296"]
["2021-04-10","IPS",431,8,null,7,6,1,7,7,"RAB RUADH JIMMY",25.984220000000001,1,-0.86024970000000001,0,0,"RAB RUADH JIMMY1","RAB RUADH JIMMY44296"]
["2021-04-10","IPS",431,8,null,4,12,1,8,8,"EBONY KEYS",26.476659999999999,1,-0.86024970000000001,0,0,"EBONY KEYS1","EBONY KEYS44296"]
["2021-04-10","IPS",520,8,null,5,9,2,1,1,"MOJO ESPRESSO",46.942160000000001,1,-0.89162459999999999,0,0,"MOJO ESPRESSO2","MOJO ESPRESSO44296"]
["2021-04-10","IPS",520,8,null,4,3,2,2,2,"VELOCITY RENEE",46.12106,1,-0.89162459999999999,0,0,"VELOCITY RENEE2","VELOCITY RENEE44296"]
["2021-04-10","IPS",520,8,null,14,6,2,3,3,"STAY WARM BEAR",47.371749999999999,1,-0.89162459999999999,0,0,"STAY WARM BEAR2","STAY WARM BEAR44296"]
["2021-04-10","IPS",520,8,null,21,5,2,4,4,"STAY WARM CLYDE",47.513390000000001,1,-0.89162459999999999,0,0,"STAY WARM CLYDE2","STAY WARM CLYDE44296"]
["2021-04-10","IPS",520,8,null,21,6,2,6,6,"TINY TANK",47.10342,1,-0.89162459999999999,0,0,"TINY TANK2","TINY TANK44296"]
["2021-04-10","IPS",520,8,null,5,7,2,7,7,"AEROBIC SYSTEM",46.696930000000002,1,-0.89162459999999999,0,0,"AEROBIC SYSTEM2","AEROBIC SYSTEM44296"]
["2021-04-10","IPS",520,8,null,4,19,2,8,8,"PATRICIAS PRIDE",46.845419999999997,1,-0.89162459999999999,0,0,"PATRICIAS PRIDE2","PATRICIAS PRIDE44296"]
["2021-04-10","IPS",431,6,null,4,3,3,1,1,"OXLEY PLEASURE",26.777889999999999,1,-0.86024970000000001,0,0,"OXLEY PLEASURE3","OXLEY PLEASURE44296"]
["2021-04-10","IPS",431,6,null,11,7,3,2,2,"ANACAPRI",26.892589999999998,1,-0.86024970000000001,0,0,"ANACAPRI3","ANACAPRI44296"]
["2021-04-10","IPS",431,6,null,4,6,3,3,3,"ZANE HERRERA",26.87547,1,-0.86024970000000001,0,0,"ZANE HERRERA3","ZANE HERRERA44296"]
["2021-04-10","IPS",431,6,null,9,11,3,4,4,"BROCKIE MAGIC",27.061340000000001,1,-0.86024970000000001,0,0,"BROCKIE MAGIC3","BROCKIE MAGIC44296"]
["2021-04-10","IPS",431,6,null,7,8,3,5,5,"SANDY BEE",26.536580000000001,1,-0.86024970000000001,0,0,"SANDY BEE3","SANDY BEE44296"]
["2021-04-10","IPS",431,6,null,35,20,3,6,6,"WILD PRINCE",26.143470000000001,1,-0.86024970000000001,0,0,"WILD PRINCE3","WILD PRINCE44296"]
["2021-04-10","IPS",431,6,null,32,4,3,7,7,"MAGIC MINDY",26.534739999999999,1,-0.86024970000000001,0,0,"MAGIC MINDY3","MAGIC MINDY44296"]
["2021-04-10","IPS",431,6,null,7,11,3,8,8,"THIS TIME HAYDEN",26.118480000000002,1,-0.86024970000000001,0,0,"THIS TIME HAYDEN3","THIS TIME HAYDEN44296"]
["2021-04-10","IPS",520,6,null,9,11,4,1,1,"MERE MAGIC",47.243819999999999,1,-0.89162459999999999,0,0,"MERE MAGIC4","MERE MAGIC44296"]
["2021-04-10","IPS",520,6,null,14,28,4,2,2,"ROSDUE LUNAR",46.933959999999999,1,-0.89162459999999999,0,0,"ROSDUE LUNAR4","ROSDUE LUNAR44296"]
["2021-04-10","IPS",520,6,null,9,9,4,4,4,"LIGHT MY FLYER",47.471179999999997,1,-0.89162459999999999,0,0,"LIGHT MY FLYER4","LIGHT MY FLYER44296"]
["2021-04-10","IPS",520,6,null,7,12,4,5,5,"BAD AND BOUJEE",47.194049999999997,1,-0.89162459999999999,0,0,"BAD AND BOUJEE4","BAD AND BOUJEE44296"]
["2021-04-10","IPS",520,6,null,4,15,4,6,6,"LIGHT IT UP",46.809080000000002,1,-0.89162459999999999,0,0,"LIGHT IT UP4","LIGHT IT UP44296"]
["2021-04-10","IPS",520,6,null,4,17,4,7,7,"PATRICIAS LASS",47.053109999999997,1,-0.89162459999999999,0,0,"PATRICIAS LASS4","PATRICIAS LASS44296"]
["2021-04-10","IPS",520,6,null,7,9,4,8,8,"MALACHI",47.157730000000001,1,-0.89162459999999999,0,0,"MALACHI4","MALACHI44296"]
["2021-04-10","IPS",520,6,null,7,15,4,9,3,"AURIGA RACHEL",46.668430000000001,1,-0.89162459999999999,0,0,"AURIGA RACHEL4","AURIGA RACHEL44296"]
["2021-04-10","IPS",630,5,null,9,30,5,1,1,"VIVA BELLE",46.342689999999997,1,-0.88454339999999998,0,-2,"VIVA BELLE5","VIVA BELLE44296"]
["2021-04-10","IPS",630,5,null,9,43,5,3,3,"DOUBLE DIGIT",46.012650000000001,1,-0.88454339999999998,0,-2,"DOUBLE DIGIT5","DOUBLE DIGIT44296"]
["2021-04-10","IPS",630,5,null,14,19,5,4,4,"ROCHILL LADY",46.635840000000002,1,-0.88454339999999998,0,-2,"ROCHILL LADY5","ROCHILL LADY44296"]
["2021-04-10","IPS",630,5,null,16,50,5,5,5,"ARTY BARTY",46.314059999999998,1,-0.88454339999999998,0,-2,"ARTY BARTY5","ARTY BARTY44296"]
["2021-04-10","IPS",630,5,null,14,8,5,6,6,"TUPELO TOMMY",45.599469999999997,1,-0.88454339999999998,0,-2,"TUPELO TOMMY5","TUPELO TOMMY44296"]
["2021-04-10","IPS",630,5,null,7,47,5,7,7,"NIGHT SHIFT",45.82582,1,-0.88454339999999998,0,-2,"NIGHT SHIFT5","NIGHT SHIFT44296"]
["2021-04-10","IPS",630,5,null,3,13,5,8,8,"LOLA COASTER",46.343049999999998,1,-0.88454339999999998,0,-2,"LOLA COASTER5","LOLA COASTER44296"]
["2021-04-10","IPS",630,5,null,20,12,5,9,2,"FRENCH BEAUTY",46.014569999999999,1,-0.88454339999999998,0,-2,"FRENCH BEAUTY5","FRENCH BEAUTY44296"]
["2021-04-10","IPS",520,5,null,7,12,6,1,1,"THIS TIME TALKS",46.971600000000002,1,-0.89162459999999999,0,0,"THIS TIME TALKS6","THIS TIME TALKS44296"]
["2021-04-10","IPS",520,5,null,7,14,6,2,2,"ZOOM ZOOM ZOE",46.243310000000001,1,-0.89162459999999999,0,0,"ZOOM ZOOM ZOE6","ZOOM ZOOM ZOE44296"]
["2021-04-10","IPS",520,5,null,7,14,6,3,3,"FLAMING ROSE",47.839469999999999,1,-0.89162459999999999,0,0,"FLAMING ROSE6","FLAMING ROSE44296"]
["2021-04-10","IPS",520,5,null,7,41,6,4,4,"BLACK MAGIC MOJO",47.293669999999999,1,-0.89162459999999999,0,0,"BLACK MAGIC MOJO6","BLACK MAGIC MOJO44296"]
["2021-04-10","IPS",520,5,null,7,10,6,5,5,"DECK FIFTY TWO",47.253689999999999,1,-0.89162459999999999,0,0,"DECK FIFTY TWO6","DECK FIFTY TWO44296"]
["2021-04-10","IPS",520,5,null,7,13,6,6,6,"MISS NEISHA",47.138460000000002,1,-0.89162459999999999,0,0,"MISS NEISHA6","MISS NEISHA44296"]
["2021-04-10","IPS",520,5,null,7,14,6,7,7,"SILENT KEY",47.403739999999999,1,-0.89162459999999999,0,0,"SILENT KEY6","SILENT KEY44296"]
["2021-04-10","IPS",520,5,null,5,24,6,8,8,"HES NOSEY",46.990189999999998,1,-0.89162459999999999,0,0,"HES NOSEY6","HES NOSEY44296"]
["2021-04-10","IPS",520,5,null,7,19,7,1,1,"SHES SO GNARLEY",47.690219999999997,1,-0.89162459999999999,0,0,"SHES SO GNARLEY7","SHES SO GNARLEY44296"]
["2021-04-10","IPS",520,5,null,7,7,7,2,2,"SAMBUCA TALKS",47.509610000000002,1,-0.89162459999999999,0,0,"SAMBUCA TALKS7","SAMBUCA TALKS44296"]
["2021-04-10","IPS",520,5,null,7,6,7,3,3,"SPOOKY FERNANDO",47.467329999999997,1,-0.89162459999999999,0,0,"SPOOKY FERNANDO7","SPOOKY FERNANDO44296"]
["2021-04-10","IPS",520,5,null,7,15,7,4,4,"BORNEO BANDIT",47.919150000000002,1,-0.89162459999999999,0,0,"BORNEO BANDIT7","BORNEO BANDIT44296"]
["2021-04-10","IPS",520,5,null,7,12,7,5,5,"AURIGA LUCILLE",46.559649999999998,1,-0.89162459999999999,0,0,"AURIGA LUCILLE7","AURIGA LUCILLE44296"]
["2021-04-10","IPS",520,5,null,7,23,7,6,6,"LITTLE BYRNES",48.174230000000001,1,-0.89162459999999999,0,0,"LITTLE BYRNES7","LITTLE BYRNES44296"]
["2021-04-10","IPS",520,5,null,7,5,7,7,7,"CAPTAIN BIZARRE",47.478169999999999,1,-0.89162459999999999,0,0,"CAPTAIN BIZARRE7","CAPTAIN BIZARRE44296"]
["2021-04-10","IPS",520,5,null,7,18,7,8,8,"RED FIRE BALL",47.034469999999999,1,-0.89162459999999999,0,0,"RED FIRE BALL7","RED FIRE BALL44296"]
["2021-04-10","IPS",520,5,null,7,27,8,1,1,"DIANNES BOY",47.700920000000004,1,-0.89162459999999999,0,0,"DIANNES BOY8","DIANNES BOY44296"]
["2021-04-10","IPS",520,5,null,7,13,8,2,2,"LOST IN LANTANA",47.36918,1,-0.89162459999999999,0,0,"LOST IN LANTANA8","LOST IN LANTANA44296"]
["2021-04-10","IPS",520,5,null,7,24,8,3,3,"CALL ME GIBBS",46.884749999999997,1,-0.89162459999999999,0,0,"CALL ME GIBBS8","CALL ME GIBBS44296"]
["2021-04-10","IPS",520,5,null,7,12,8,4,4,"DIAMOND TINA",47.371540000000003,1,-0.89162459999999999,0,0,"DIAMOND TINA8","DIAMOND TINA44296"]
["2021-04-10","IPS",520,5,null,7,18,8,5,5,"JUST AMAZED",47.13599,1,-0.89162459999999999,0,0,"JUST AMAZED8","JUST AMAZED44296"]
["2021-04-10","IPS",520,5,null,7,19,8,6,6,"CONSIDER ME GONE",46.559640000000002,1,-0.89162459999999999,0,0,"CONSIDER ME GONE8","CONSIDER ME GONE44296"]
["2021-04-10","IPS",520,5,null,7,14,8,7,7,"EXTRA MALT",47.841720000000002,1,-0.89162459999999999,0,0,"EXTRA MALT8","EXTRA MALT44296"]
["2021-04-10","IPS",520,5,null,7,8,8,8,8,"HORSBURGH",47.368479999999998,1,-0.89162459999999999,0,0,"HORSBURGH8","HORSBURGH44296"]
["2021-04-10","IPS",520,4,null,12,24,9,1,1,"HAPPY HORNET",47.795189999999998,1,-0.89162459999999999,0,0,"HAPPY HORNET9","HAPPY HORNET44296"]
["2021-04-10","IPS",520,4,null,9,50,9,2,2,"RINGBARK CLANCY",47.264580000000002,1,-0.89162459999999999,0,0,"RINGBARK CLANCY9","RINGBARK CLANCY44296"]
["2021-04-10","IPS",520,4,null,4,18,9,3,3,"MY BRO OREO",47.020740000000004,1,-0.89162459999999999,0,0,"MY BRO OREO9","MY BRO OREO44296"]
["2021-04-10","IPS",520,4,null,9,62,9,4,4,"MR BLASTER",47.431950000000001,1,-0.89162459999999999,0,0,"MR BLASTER9","MR BLASTER44296"]
["2021-04-10","IPS",520,4,"M NORTHFIELD",4,82,9,5,5,"BACKCREEK BANDIT",46.855939999999997,1,-0.89162459999999999,0,0,"BACKCREEK BANDIT9","BACKCREEK BANDIT44296"]
["2021-04-10","IPS",520,4,null,4,29,9,6,6,"THURSDAY SHIRAZ",47.358069999999998,1,-0.89162459999999999,0,0,"THURSDAY SHIRAZ9","THURSDAY SHIRAZ44296"]
["2021-04-10","IPS",520,4,null,7,6,9,7,7,"OXLEY SURROUND",47.156239999999997,1,-0.89162459999999999,0,0,"OXLEY SURROUND9","OXLEY SURROUND44296"]
["2021-04-10","IPS",520,4,null,9,50,9,9,8,"RINGBARK JEN",47.100940000000001,1,-0.89162459999999999,0,0,"RINGBARK JEN9","RINGBARK JEN44296"]
["2021-04-10","IPS",431,4,null,4,117,10,1,1,"AEROBIC TANK",26.443570000000001,1,-0.86024970000000001,0,0,"AEROBIC TANK10","AEROBIC TANK44296"]
["2021-04-10","IPS",431,4,null,29,30,10,3,3,"GRIANNE",27.240680000000001,1,-0.86024970000000001,0,0,"GRIANNE10","GRIANNE44296"]
["2021-04-10","IPS",431,4,null,3,67,10,4,4,"BONUS ONLY",27.156960000000002,1,-0.86024970000000001,0,0,"BONUS ONLY10","BONUS ONLY44296"]
["2021-04-10","IPS",431,4,null,23,7,10,5,5,"FEEL THE BEAT",26.587039999999998,1,-0.86024970000000001,0,0,"FEEL THE BEAT10","FEEL THE BEAT44296"]
["2021-04-10","IPS",431,4,null,10,49,10,6,6,"OH SO FERNANDO",26.820060000000002,1,-0.86024970000000001,0,0,"OH SO FERNANDO10","OH SO FERNANDO44296"]
["2021-04-10","IPS",431,4,null,14,46,10,7,7,"ACCOUNTABLE",26.679690000000001,1,-0.86024970000000001,0,0,"ACCOUNTABLE10","ACCOUNTABLE44296"]
["2021-04-10","IPS",431,4,null,4,108,10,9,2,"IT AINT LEN",26.530729999999998,1,-0.86024970000000001,0,0,"IT AINT LEN10","IT AINT LEN44296"]
["2021-04-10","IPS",431,4,null,7,32,10,10,8,"DAPHNE MOO MOO",26.914200000000001,1,-0.86024970000000001,0,0,"DAPHNE MOO MOO10","DAPHNE MOO MOO44296"]
["2021-04-10","RIC",400,8,null,3,8,1,1,1,"SOMETHING FAB",26.5474,1,-0.86024970000000001,0,0,"SOMETHING FAB1","SOMETHING FAB44296"]
["2021-04-10","RIC",400,8,null,10,2,1,2,2,"ALBURY MOB",25.94577,1,-0.86024970000000001,0,0,"ALBURY MOB1","ALBURY MOB44296"]
["2021-04-10","RIC",400,8,null,46,6,1,3,3,"HOLLYS DEN",26.52506,1,-0.86024970000000001,0,0,"HOLLYS DEN1","HOLLYS DEN44296"]
["2021-04-10","RIC",400,8,null,15,6,1,4,4,"CRY BABY BALLOS",26.713349999999998,1,-0.86024970000000001,0,0,"CRY BABY BALLOS1","CRY BABY BALLOS44296"]
["2021-04-10","RIC",400,8,null,6,12,1,7,7,"ALONG COMES MARY",26.41405,1,-0.86024970000000001,0,0,"ALONG COMES MARY1","ALONG COMES MARY44296"]
["2021-04-10","RIC",400,8,null,6,5,1,8,8,"BRISK IMPACT",26.187419999999999,1,-0.86024970000000001,0,0,"BRISK IMPACT1","BRISK IMPACT44296"]
["2021-04-10","RIC",400,8,null,14,7,2,1,1,"BUSTING LOOSE",25.631399999999999,1,-0.86024970000000001,0,0,"BUSTING LOOSE2","BUSTING LOOSE44296"]
["2021-04-10","RIC",400,8,null,42,12,2,2,2,"SILVER BANNER",26.368069999999999,1,-0.86024970000000001,0,0,"SILVER BANNER2","SILVER BANNER44296"]
["2021-04-10","RIC",400,8,null,15,10,2,3,3,"AMANDA BALLO",26.64264,1,-0.86024970000000001,0,0,"AMANDA BALLO2","AMANDA BALLO44296"]
["2021-04-10","RIC",400,8,null,3,5,2,4,4,"CARPARK DANI",26.561869999999999,1,-0.86024970000000001,0,0,"CARPARK DANI2","CARPARK DANI44296"]
["2021-04-10","RIC",400,8,null,14,5,2,6,6,"URALLA",26.084669999999999,1,-0.86024970000000001,0,0,"URALLA2","URALLA44296"]
["2021-04-10","RIC",400,8,null,3,12,2,7,7,"INTIMIDATE",26.470880000000001,1,-0.86024970000000001,0,0,"INTIMIDATE2","INTIMIDATE44296"]
["2021-04-10","RIC",400,8,null,6,5,2,8,8,"SHES A SUNRISE",26.353449999999999,1,-0.86024970000000001,0,0,"SHES A SUNRISE2","SHES A SUNRISE44296"]
["2021-04-10","RIC",330,8,null,13,2,3,1,1,"SAINT ALICE",15.646599999999999,1,-0.98088640000000005,0,0,"SAINT ALICE3","SAINT ALICE44296"]
["2021-04-10","RIC",330,8,null,6,2,3,2,2,"BUMPY BILL",15.55213,1,-0.98088640000000005,0,0,"BUMPY BILL3","BUMPY BILL44296"]
["2021-04-10","RIC",330,8,null,46,4,3,4,4,"MY GIRL MAIA",15.975680000000001,1,-0.98088640000000005,0,0,"MY GIRL MAIA3","MY GIRL MAIA44296"]
["2021-04-10","RIC",330,8,null,48,2,3,5,5,"MISSILE EDITION",15.59512,1,-0.98088640000000005,0,0,"MISSILE EDITION3","MISSILE EDITION44296"]
["2021-04-10","RIC",330,8,null,17,1,3,6,6,"SIMILAR FEATURES",15.585800000000001,1,-0.98088640000000005,1,0,"SIMILAR FEATURES3","SIMILAR FEATURES44296"]
["2021-04-10","RIC",330,8,null,7,14,3,7,7,"UP THERE CHARLIE",16.03914,1,-0.98088640000000005,0,0,"UP THERE CHARLIE3","UP THERE CHARLIE44296"]
["2021-04-10","RIC",330,8,null,31,18,3,8,8,"SIPPY SIOUX",16.13111,1,-0.98088640000000005,0,0,"SIPPY SIOUX3","SIPPY SIOUX44296"]
["2021-04-10","RIC",400,5,null,4,15,4,1,1,"ON THE BUS",27.69557,1,-0.86024970000000001,0,0,"ON THE BUS4","ON THE BUS44296"]
["2021-04-10","RIC",400,5,null,31,50,4,2,2,"AUDI DIOR",26.402750000000001,1,-0.86024970000000001,0,0,"AUDI DIOR4","AUDI DIOR44296"]
["2021-04-10","RIC",400,5,null,14,34,4,4,4,"JERRA LEE",26.297329999999999,1,-0.86024970000000001,0,0,"JERRA LEE4","JERRA LEE44296"]
["2021-04-10","RIC",400,5,null,3,15,4,5,5,"HARDAWAY ALLY",27.179410000000001,1,-0.86024970000000001,0,0,"HARDAWAY ALLY4","HARDAWAY ALLY44296"]
["2021-04-10","RIC",400,5,null,6,30,4,7,7,"COBAR ROOSTER",26.873460000000001,1,-0.86024970000000001,0,0,"COBAR ROOSTER4","COBAR ROOSTER44296"]
["2021-04-10","RIC",400,5,null,10,27,4,8,8,"SIMMY SIOUX",27.123909999999999,1,-0.86024970000000001,0,0,"SIMMY SIOUX4","SIMMY SIOUX44296"]
["2021-04-10","RIC",400,5,null,4,20,5,1,1,"SAVOURY",27.30444,1,-0.86024970000000001,0,0,"SAVOURY5","SAVOURY44296"]
["2021-04-10","RIC",400,5,null,2,7,5,2,2,"IMPRESS RAJA",26.856449999999999,1,-0.86024970000000001,0,0,"IMPRESS RAJA5","IMPRESS RAJA44296"]
["2021-04-10","RIC",400,5,null,10,11,5,3,3,"PLATINUM FLARE",26.871649999999999,1,-0.86024970000000001,0,0,"PLATINUM FLARE5","PLATINUM FLARE44296"]
["2021-04-10","RIC",400,5,null,14,30,5,5,5,"HARD GAME",26.669619999999998,1,-0.86024970000000001,0,0,"HARD GAME5","HARD GAME44296"]
["2021-04-10","RIC",400,5,null,6,7,5,6,6,"SIMPLE SHEARER",26.498460000000001,1,-0.86024970000000001,0,0,"SIMPLE SHEARER5","SIMPLE SHEARER44296"]
["2021-04-10","RIC",400,5,null,13,7,5,7,7,"BOLD TRADITION",26.691469999999999,1,-0.86024970000000001,0,0,"BOLD TRADITION5","BOLD TRADITION44296"]
["2021-04-10","RIC",400,5,null,28,7,5,8,8,"MRS SUE BALLOS",26.80556,1,-0.86024970000000001,0,0,"MRS SUE BALLOS5","MRS SUE BALLOS44296"]
["2021-04-10","RIC",330,4,null,35,49,6,1,1,"GLORIOUS GAIN",15.64687,1,-0.98088640000000005,0,-1,"GLORIOUS GAIN6","GLORIOUS GAIN44296"]
["2021-04-10","RIC",330,4,"D PECKHAM",3,84,6,2,2,"COCO SUZY",16.21678,1,-0.98088640000000005,0,-1,"COCO SUZY6","COCO SUZY44296"]
["2021-04-10","RIC",330,4,null,10,29,6,3,3,"SIDDY SIOUX",16.134080000000001,1,-0.98088640000000005,0,-1,"SIDDY SIOUX6","SIDDY SIOUX44296"]
["2021-04-10","RIC",330,4,"A MARSHALL",24,51,6,4,4,"JIMMY BALLOWS",16.02298,1,-0.98088640000000005,0,-1,"JIMMY BALLOWS6","JIMMY BALLOWS44296"]
["2021-04-10","RIC",330,4,null,10,43,6,6,6,"JUNE TWENTY SIX",16.006519999999998,1,-0.98088640000000005,0,-1,"JUNE TWENTY SIX6","JUNE TWENTY SIX44296"]
["2021-04-10","RIC",330,4,null,6,41,6,7,7,"DANCING SIOUX",16.180109999999999,1,-0.98088640000000005,0,-1,"DANCING SIOUX6","DANCING SIOUX44296"]
["2021-04-10","RIC",330,5,null,11,49,7,2,2,"XALYNN BALE",15.99691,1,-0.98088640000000005,0,-1,"XALYNN BALE7","XALYNN BALE44296"]
["2021-04-10","RIC",330,5,"D WILSON",7,109,7,3,3,"SKETCHY HALO",16.033619999999999,1,-0.98088640000000005,0,-1,"SKETCHY HALO7","SKETCHY HALO44296"]
["2021-04-10","RIC",330,5,null,17,39,7,6,6,"BLOCK ME",15.90489,1,-0.98088640000000005,0,-1,"BLOCK ME7","BLOCK ME44296"]
["2021-04-10","RIC",330,5,null,10,17,7,7,7,"SENOR SIOUX",16.074570000000001,1,-0.98088640000000005,0,-1,"SENOR SIOUX7","SENOR SIOUX44296"]
["2021-04-10","RIC",330,5,null,34,30,7,8,8,"FORTUNE SEEKER",15.69806,1,-0.98088640000000005,0,-1,"FORTUNE SEEKER7","FORTUNE SEEKER44296"]
["2021-04-10","RIC",330,5,null,7,3,8,1,1,"GO BONZO",16.38937,1,-0.98088640000000005,0,-1,"GO BONZO8","GO BONZO44296"]
["2021-04-10","RIC",330,5,null,38,10,8,2,2,"SLIPPERY SIOUX",16.09187,1,-0.98088640000000005,0,-1,"SLIPPERY SIOUX8","SLIPPERY SIOUX44296"]
["2021-04-10","RIC",330,5,null,34,15,8,3,3,"MAIN ATTRACTION",15.713699999999999,1,-0.98088640000000005,0,-1,"MAIN ATTRACTION8","MAIN ATTRACTION44296"]
["2021-04-10","RIC",330,5,null,5,4,8,4,4,"BEARS BEST",15.810639999999999,1,-0.98088640000000005,0,-1,"BEARS BEST8","BEARS BEST44296"]
["2021-04-10","RIC",330,5,null,14,13,8,6,6,"TORPEDO ROSE",16.305240000000001,1,-0.98088640000000005,0,-1,"TORPEDO ROSE8","TORPEDO ROSE44296"]
["2021-04-10","RIC",330,5,null,43,8,8,7,7,"SHAKE THE WORLD",16.201339999999998,1,-0.98088640000000005,0,-1,"SHAKE THE WORLD8","SHAKE THE WORLD44296"]
["2021-04-10","RIC",330,5,null,15,20,9,1,1,"MY PLAY MAKER",16.29795,1,-0.98088640000000005,0,-1,"MY PLAY MAKER9","MY PLAY MAKER44296"]
["2021-04-10","RIC",330,5,null,39,14,9,2,2,"MONTANA GIRL",15.954940000000001,1,-0.98088640000000005,0,-1,"MONTANA GIRL9","MONTANA GIRL44296"]
["2021-04-10","RIC",330,5,null,9,8,9,3,3,"PACIFIC GOLD",15.98812,1,-0.98088640000000005,0,-1,"PACIFIC GOLD9","PACIFIC GOLD44296"]
["2021-04-10","RIC",330,5,null,28,12,9,4,4,"LEAD THIS WAY",15.7255,1,-0.98088640000000005,0,-1,"LEAD THIS WAY9","LEAD THIS WAY44296"]
["2021-04-10","RIC",330,5,null,2,9,9,5,5,"IMPRESS SMOKEY",16.122949999999999,1,-0.98088640000000005,0,-1,"IMPRESS SMOKEY9","IMPRESS SMOKEY44296"]
["2021-04-10","RIC",330,5,null,10,12,9,6,6,"SNOOZY SIOUX",15.904809999999999,1,-0.98088640000000005,0,-1,"SNOOZY SIOUX9","SNOOZY SIOUX44296"]
["2021-04-10","RIC",330,5,null,7,7,9,8,8,"BLAZING XENI",15.811959999999999,1,-0.98088640000000005,0,-1,"BLAZING XENI9","BLAZING XENI44296"]
["2021-04-10","RIC",330,5,null,13,16,10,1,1,"DEPOSIT TAKEN",16.227720000000001,1,-0.98088640000000005,0,-1,"DEPOSIT TAKEN10","DEPOSIT TAKEN44296"]
["2021-04-10","RIC",330,5,null,3,12,10,2,2,"TIA HERRERA",16.190989999999999,1,-0.98088640000000005,0,-1,"TIA HERRERA10","TIA HERRERA44296"]
["2021-04-10","RIC",330,5,null,31,9,10,3,3,"JIMMY SIOUX",16.00675,1,-0.98088640000000005,0,-1,"JIMMY SIOUX10","JIMMY SIOUX44296"]
["2021-04-10","RIC",330,5,null,10,10,10,4,4,"ALS SCOOBY DOO",16.214649999999999,1,-0.98088640000000005,0,-1,"ALS SCOOBY DOO10","ALS SCOOBY DOO44296"]
["2021-04-10","RIC",330,5,null,7,17,10,5,5,"MURIEL TARANTINO",16.25459,1,-0.98088640000000005,0,-1,"MURIEL TARANTINO10","MURIEL TARANTINO44296"]
["2021-04-10","RIC",330,5,null,2,9,10,7,7,"SOVEREIGN SIN",15.80048,1,-0.98088640000000005,0,-1,"SOVEREIGN SIN10","SOVEREIGN SIN44296"]
["2021-04-10","RIC",330,5,null,6,18,10,8,8,"ARQUETTE",16.462579999999999,1,-0.98088640000000005,0,-1,"ARQUETTE10","ARQUETTE44296"]
["2021-04-10","SHE",450,8,null,7,6,1,1,1,"DASHA TULLAMORE",42.881180000000001,1,-0.90637659999999998,0,0,"DASHA TULLAMORE1","DASHA TULLAMORE44296"]
["2021-04-10","SHE",450,8,null,7,3,1,2,2,"CROSS WIND",43.419989999999999,1,-0.90637659999999998,0,0,"CROSS WIND1","CROSS WIND44296"]
["2021-04-10","SHE",450,8,null,10,3,1,3,3,"OVER SLIPS",43.621980000000001,1,-0.90637659999999998,0,0,"OVER SLIPS1","OVER SLIPS44296"]
["2021-04-10","SHE",450,8,null,12,7,1,4,4,"TUMBARUMBA TIME",43.124780000000001,1,-0.90637659999999998,0,0,"TUMBARUMBA TIME1","TUMBARUMBA TIME44296"]
["2021-04-10","SHE",450,8,null,22,2,1,5,5,"WONDER LOMAR",42.428069999999998,1,-0.90637659999999998,0,0,"WONDER LOMAR1","WONDER LOMAR44296"]
["2021-04-10","SHE",450,8,null,22,2,1,6,6,"RUBY RED LOMAR",42.393180000000001,1,-0.90637659999999998,0,0,"RUBY RED LOMAR1","RUBY RED LOMAR44296"]
["2021-04-10","SHE",450,8,null,41,5,1,7,7,"SECRET AGENT MAN",42.938499999999998,1,-0.90637659999999998,0,0,"SECRET AGENT MAN1","SECRET AGENT MAN44296"]
["2021-04-10","SHE",450,8,null,9,10,1,8,8,"SHINING GEM",42.872010000000003,1,-0.90637659999999998,0,0,"SHINING GEM1","SHINING GEM44296"]
["2021-04-10","SHE",385,8,null,69,1,2,1,1,"ISHMY RUBY",42.460979999999999,1,-0.90637659999999998,1,0,"ISHMY RUBY2","ISHMY RUBY44296"]
["2021-04-10","SHE",385,8,null,34,15,2,2,2,"DARK PEARL",42.50423,1,-0.90637659999999998,0,0,"DARK PEARL2","DARK PEARL44296"]
["2021-04-10","SHE",385,8,null,21,3,2,3,3,"MR SINGHA",43.425240000000002,1,-0.90637659999999998,0,0,"MR SINGHA2","MR SINGHA44296"]
["2021-04-10","SHE",385,8,null,9,11,2,4,4,"ALABAMA CRUISE",42.459209999999999,1,-0.90637659999999998,0,0,"ALABAMA CRUISE2","ALABAMA CRUISE44296"]
["2021-04-10","SHE",385,8,null,7,3,2,6,6,"KID TULLAMORE",42.860329999999998,1,-0.90637659999999998,0,0,"KID TULLAMORE2","KID TULLAMORE44296"]
["2021-04-10","SHE",385,8,null,12,2,2,7,7,"CROOK ME GENTLY",42.158160000000002,1,-0.90637659999999998,0,0,"CROOK ME GENTLY2","CROOK ME GENTLY44296"]
["2021-04-10","SHE",385,8,null,24,9,2,8,8,"TAT PANDA",42.727789999999999,1,-0.90637659999999998,0,0,"TAT PANDA2","TAT PANDA44296"]
["2021-04-10","SHE",385,8,null,10,8,3,1,1,"INNOCENT GEM",43.673740000000002,1,-0.90637659999999998,0,0,"INNOCENT GEM3","INNOCENT GEM44296"]
["2021-04-10","SHE",385,8,null,5,4,3,2,2,"GOT A CHOICE",43.080109999999998,1,-0.90637659999999998,0,0,"GOT A CHOICE3","GOT A CHOICE44296"]
["2021-04-10","SHE",385,8,null,12,15,3,3,3,"KRAKEN TYSON",42.845970000000001,1,-0.90637659999999998,0,0,"KRAKEN TYSON3","KRAKEN TYSON44296"]
["2021-04-10","SHE",385,8,null,18,9,3,4,4,"DOLLHOUSE AGOGO",43.069000000000003,1,-0.90637659999999998,0,0,"DOLLHOUSE AGOGO3","DOLLHOUSE AGOGO44296"]
["2021-04-10","SHE",385,8,null,13,11,3,6,6,"QUEEN REDEEM",43.757179999999998,1,-0.90637659999999998,0,0,"QUEEN REDEEM3","QUEEN REDEEM44296"]
["2021-04-10","SHE",385,8,null,19,9,3,7,7,"ITCHY KAALA",43.187600000000003,1,-0.90637659999999998,0,0,"ITCHY KAALA3","ITCHY KAALA44296"]
["2021-04-10","SHE",385,8,null,12,8,3,8,8,"ELECTRIC HEAD",43.468699999999998,1,-0.90637659999999998,0,0,"ELECTRIC HEAD3","ELECTRIC HEAD44296"]
["2021-04-10","SHE",385,5,null,10,9,4,1,1,"JET AGE",43.47204,1,-0.90637659999999998,0,0,"JET AGE4","JET AGE44296"]
["2021-04-10","SHE",385,5,null,7,4,4,3,3,"PERFECT TREASURE",43.232349999999997,1,-0.90637659999999998,0,0,"PERFECT TREASURE4","PERFECT TREASURE44296"]
["2021-04-10","SHE",385,5,null,5,12,4,4,4,"DOUBLE UP",43.034520000000001,1,-0.90637659999999998,0,0,"DOUBLE UP4","DOUBLE UP44296"]
["2021-04-10","SHE",385,5,null,33,11,4,6,6,"ALL INN OPAL",43.093679999999999,1,-0.90637659999999998,0,0,"ALL INN OPAL4","ALL INN OPAL44296"]
["2021-04-10","SHE",385,5,null,5,14,4,7,7,"KEY EFFORT",43.052750000000003,1,-0.90637659999999998,0,0,"KEY EFFORT4","KEY EFFORT44296"]
["2021-04-10","SHE",385,5,null,5,8,4,8,8,"LILLY PATCH",43.479590000000002,1,-0.90637659999999998,0,0,"LILLY PATCH4","LILLY PATCH44296"]
["2021-04-10","SHE",450,5,null,5,26,5,1,1,"COLLEGE DEGREE",43.65137,1,-0.90637659999999998,0,0,"COLLEGE DEGREE5","COLLEGE DEGREE44296"]
["2021-04-10","SHE",450,5,null,3,59,5,2,2,"MEATBALL SOUP",43.291930000000001,1,-0.90637659999999998,0,0,"MEATBALL SOUP5","MEATBALL SOUP44296"]
["2021-04-10","SHE",450,5,null,6,47,5,3,3,"BEERS ON BRODY",43.534039999999997,1,-0.90637659999999998,0,0,"BEERS ON BRODY5","BEERS ON BRODY44296"]
["2021-04-10","SHE",450,5,null,70,12,5,4,4,"MR SPEAKER",43.394640000000003,1,-0.90637659999999998,0,0,"MR SPEAKER5","MR SPEAKER44296"]
["2021-04-10","SHE",450,5,null,4,70,5,5,5,"JETTAS SHOUT",43.47146,1,-0.90637659999999998,0,0,"JETTAS SHOUT5","JETTAS SHOUT44296"]
["2021-04-10","SHE",450,5,null,5,31,5,6,6,"MERCURY ICON",43.845100000000002,1,-0.90637659999999998,0,0,"MERCURY ICON5","MERCURY ICON44296"]
["2021-04-10","SHE",450,5,null,6,43,5,7,7,"MAC ZEPHYR",43.538510000000002,1,-0.90637659999999998,0,0,"MAC ZEPHYR5","MAC ZEPHYR44296"]
["2021-04-10","SHE",450,5,"V GILES",5,147,5,8,8,"PURE COOL TITAN",42.970359999999999,1,-0.90637659999999998,0,0,"PURE COOL TITAN5","PURE COOL TITAN44296"]
["2021-04-10","SHE",450,5,null,15,47,6,1,1,"DEWANA SUCCESS",43.071599999999997,1,-0.90637659999999998,0,0,"DEWANA SUCCESS6","DEWANA SUCCESS44296"]
["2021-04-10","SHE",450,5,null,4,4,6,2,2,"PERFECT CRIPPA",42.63794,1,-0.90637659999999998,0,0,"PERFECT CRIPPA6","PERFECT CRIPPA44296"]
["2021-04-10","SHE",450,5,null,12,14,6,3,3,"ALL INN JASPER",43.525509999999997,1,-0.90637659999999998,0,0,"ALL INN JASPER6","ALL INN JASPER44296"]
["2021-04-10","SHE",450,5,null,4,29,6,4,4,"CHICKEN SCHNITTY",43.477089999999997,1,-0.90637659999999998,0,0,"CHICKEN SCHNITTY6","CHICKEN SCHNITTY44296"]
["2021-04-10","SHE",450,5,null,17,5,6,5,5,"PIE NIGHT",43.354750000000003,1,-0.90637659999999998,0,0,"PIE NIGHT6","PIE NIGHT44296"]
["2021-04-10","SHE",450,5,null,22,18,6,6,6,"FAIRYTALE NACHO",43.534509999999997,1,-0.90637659999999998,0,0,"FAIRYTALE NACHO6","FAIRYTALE NACHO44296"]
["2021-04-10","SHE",450,5,null,5,11,6,7,7,"HAVELOCK FIRE",43.609059999999999,1,-0.90637659999999998,0,0,"HAVELOCK FIRE6","HAVELOCK FIRE44296"]
["2021-04-10","SHE",450,5,null,71,66,6,8,8,"COMPLETELY LOMAR",43.002789999999997,1,-0.90637659999999998,0,0,"COMPLETELY LOMAR6","COMPLETELY LOMAR44296"]
["2021-04-10","SHE",385,5,null,12,13,7,1,1,"LEMBOR",43.599040000000002,1,-0.90637659999999998,0,0,"LEMBOR7","LEMBOR44296"]
["2021-04-10","SHE",385,5,null,5,31,7,2,2,"PONTIAC BANDIT",43.213329999999999,1,-0.90637659999999998,0,0,"PONTIAC BANDIT7","PONTIAC BANDIT44296"]
["2021-04-10","SHE",385,5,null,20,17,7,3,3,"GEORGIA PINES",43.138159999999999,1,-0.90637659999999998,0,0,"GEORGIA PINES7","GEORGIA PINES44296"]
["2021-04-10","SHE",385,5,null,4,14,7,4,4,"KAIDEN",43.368099999999998,1,-0.90637659999999998,0,0,"KAIDEN7","KAIDEN44296"]
["2021-04-10","SHE",385,5,null,15,36,7,5,5,"MARIO VEST ONLY",43.673200000000001,1,-0.90637659999999998,0,0,"MARIO VEST ONLY7","MARIO VEST ONLY44296"]
["2021-04-10","SHE",385,5,null,7,9,7,6,6,"BILLY TIRCH",42.927509999999998,1,-0.90637659999999998,0,0,"BILLY TIRCH7","BILLY TIRCH44296"]
["2021-04-10","SHE",385,5,null,11,39,7,7,7,"HARDAWAY JAYJAY",43.258090000000003,1,-0.90637659999999998,0,0,"HARDAWAY JAYJAY7","HARDAWAY JAYJAY44296"]
["2021-04-10","SHE",385,5,"I CHIRCOP",25,58,7,8,8,"STEVES UGGBOOT",42.690219999999997,1,-0.90637659999999998,0,0,"STEVES UGGBOOT7","STEVES UGGBOOT44296"]
["2021-04-10","SHE",450,5,null,9,27,8,1,1,"LIGHTNING FURY",43.27008,1,-0.90637659999999998,0,0,"LIGHTNING FURY8","LIGHTNING FURY44296"]
["2021-04-10","SHE",450,5,null,5,14,8,2,2,"GOLD LUMINESCE",43.001489999999997,1,-0.90637659999999998,0,0,"GOLD LUMINESCE8","GOLD LUMINESCE44296"]
["2021-04-10","SHE",450,5,null,78,46,8,3,3,"TOO FAR BRO",42.892189999999999,1,-0.90637659999999998,0,0,"TOO FAR BRO8","TOO FAR BRO44296"]
["2021-04-10","SHE",450,5,null,12,31,8,4,4,"STARCHIE",43.323140000000002,1,-0.90637659999999998,0,0,"STARCHIE8","STARCHIE44296"]
["2021-04-10","SHE",450,5,null,5,15,8,5,5,"RED HOT LADY",43.278869999999998,1,-0.90637659999999998,0,0,"RED HOT LADY8","RED HOT LADY44296"]
["2021-04-10","SHE",450,5,null,3,26,8,6,6,"ASTON RESPECT",43.300429999999999,1,-0.90637659999999998,0,0,"ASTON RESPECT8","ASTON RESPECT44296"]
["2021-04-10","SHE",450,5,null,11,37,8,7,7,"DIESEL HERRERA",42.894500000000001,1,-0.90637659999999998,0,0,"DIESEL HERRERA8","DIESEL HERRERA44296"]
["2021-04-10","SHE",450,5,null,22,31,8,8,8,"DEWANA MILKSHAKE",42.971899999999998,1,-0.90637659999999998,0,0,"DEWANA MILKSHAKE8","DEWANA MILKSHAKE44296"]
["2021-04-10","SHE",385,4,null,5,58,9,1,1,"FLETCHER JAY",43.3718,1,-0.90637659999999998,0,0,"FLETCHER JAY9","FLETCHER JAY44296"]
["2021-04-10","SHE",385,4,null,24,24,9,2,2,"DASHING DAPH",42.928350000000002,1,-0.90637659999999998,0,0,"DASHING DAPH9","DASHING DAPH44296"]
["2021-04-10","SHE",385,4,null,47,43,9,3,3,"TIGGA TOY",43.202840000000002,1,-0.90637659999999998,0,0,"TIGGA TOY9","TIGGA TOY44296"]
["2021-04-10","SHE",385,4,null,12,97,9,4,4,"CRAZY OLD FOOL",43.357129999999998,1,-0.90637659999999998,0,0,"CRAZY OLD FOOL9","CRAZY OLD FOOL44296"]
["2021-04-10","SHE",385,4,null,12,65,9,6,6,"ALL INN CHRISTY",43.195689999999999,1,-0.90637659999999998,0,0,"ALL INN CHRISTY9","ALL INN CHRISTY44296"]
["2021-04-10","SHE",385,4,null,15,28,9,7,7,"ALWAYS PRIMED",43.562339999999999,1,-0.90637659999999998,0,0,"ALWAYS PRIMED9","ALWAYS PRIMED44296"]
["2021-04-10","SHE",385,4,null,4,30,9,8,8,"FAB SIX",43.737340000000003,1,-0.90637659999999998,0,0,"FAB SIX9","FAB SIX44296"]
["2021-04-10","SHE",385,5,null,19,29,10,1,1,"WAY TO IMPORTANT",43.500100000000003,1,-0.90637659999999998,0,0,"WAY TO IMPORTANT10","WAY TO IMPORTANT44296"]
["2021-04-10","SHE",385,5,null,32,11,10,2,2,"BABY TALK",43.265889999999999,1,-0.90637659999999998,0,0,"BABY TALK10","BABY TALK44296"]
["2021-04-10","SHE",385,5,null,9,59,10,3,3,"KENITA",43.15455,1,-0.90637659999999998,0,0,"KENITA10","KENITA44296"]
["2021-04-10","SHE",385,5,null,11,17,10,4,4,"TWO STONE LIGHT",43.396709999999999,1,-0.90637659999999998,0,0,"TWO STONE LIGHT10","TWO STONE LIGHT44296"]
["2021-04-10","SHE",385,5,null,6,109,10,5,5,"AWESOME ASSET",42.868929999999999,1,-0.90637659999999998,0,0,"AWESOME ASSET10","AWESOME ASSET44296"]
["2021-04-10","SHE",385,5,null,4,20,10,7,7,"GOING VIRAL",43.521039999999999,1,-0.90637659999999998,0,0,"GOING VIRAL10","GOING VIRAL44296"]
["2021-04-10","SHE",385,5,null,11,14,10,8,8,"CHEBIKA OASIS",43.143859999999997,1,-0.90637659999999998,0,0,"CHEBIKA OASIS10","CHEBIKA OASIS44296"]
["2021-04-10","SHE",385,5,"J GALEA",3,54,11,1,1,"SUPER RAGE",42.868049999999997,1,-0.90637659999999998,0,0,"SUPER RAGE11","SUPER RAGE44296"]
["2021-04-10","SHE",385,5,"D DOOLEY",11,60,11,2,2,"PERFECT ROCKY",43.461790000000001,1,-0.90637659999999998,0,0,"PERFECT ROCKY11","PERFECT ROCKY44296"]
["2021-04-10","SHE",385,5,null,57,25,11,3,3,"ZITA",43.448509999999999,1,-0.90637659999999998,0,0,"ZITA11","ZITA44296"]
["2021-04-10","SHE",385,5,null,12,15,11,4,4,"TOTALLY KNOW",43.548839999999998,1,-0.90637659999999998,0,0,"TOTALLY KNOW11","TOTALLY KNOW44296"]
["2021-04-10","SHE",385,5,null,11,4,11,5,5,"MAKE A PAT",42.85295,1,-0.90637659999999998,0,0,"MAKE A PAT11","MAKE A PAT44296"]
["2021-04-10","SHE",385,5,null,11,5,11,6,6,"BLACKJACK COUGAR",42.62659,1,-0.90637659999999998,0,0,"BLACKJACK COUGAR11","BLACKJACK COUGAR44296"]
["2021-04-10","SHE",385,5,"S HUMPHRIES",5,34,11,7,7,"MR VINNIE",43.04504,1,-0.90637659999999998,0,0,"MR VINNIE11","MR VINNIE44296"]
["2021-04-10","SHE",385,5,null,17,75,11,8,8,"LEKTRA DESIRE",42.958109999999998,1,-0.90637659999999998,0,0,"LEKTRA DESIRE11","LEKTRA DESIRE44296"]
["2021-04-10","SHE",385,5,null,7,33,12,1,1,"KAMARI",43.178649999999998,1,-0.90637659999999998,0,0,"KAMARI12","KAMARI44296"]
["2021-04-10","SHE",385,5,null,4,34,12,2,2,"LUCAS ENTITY",42.695450000000001,1,-0.90637659999999998,0,0,"LUCAS ENTITY12","LUCAS ENTITY44296"]
["2021-04-10","SHE",385,5,null,26,45,12,3,3,"ALL INN MIA",43.37527,1,-0.90637659999999998,0,0,"ALL INN MIA12","ALL INN MIA44296"]
["2021-04-10","SHE",385,5,null,3,50,12,5,5,"MADAME POOKIE",43.08717,1,-0.90637659999999998,0,0,"MADAME POOKIE12","MADAME POOKIE44296"]
["2021-04-10","SHE",385,5,null,6,26,12,6,6,"SIX AND OUT",43.085740000000001,1,-0.90637659999999998,0,0,"SIX AND OUT12","SIX AND OUT44296"]
["2021-04-10","SHE",385,5,null,5,31,12,7,7,"WALK ON BYE",43.246650000000002,1,-0.90637659999999998,0,0,"WALK ON BYE12","WALK ON BYE44296"]
["2021-04-10","SHE",385,5,null,21,22,12,8,8,"JAIMANDY ROY",42.872459999999997,1,-0.90637659999999998,0,0,"JAIMANDY ROY12","JAIMANDY ROY44296"]
["2021-04-10","TGS",272,8,null,0,1,1,1,1,"DYNAMISM",15.72353,1,-0.98088640000000005,1,0,"DYNAMISM1","DYNAMISM44296"]
["2021-04-10","TGS",272,8,null,14,2,1,2,2,"SNAP KEY",15.231389999999999,1,-0.98088640000000005,0,0,"SNAP KEY1","SNAP KEY44296"]
["2021-04-10","TGS",272,8,null,7,2,1,3,3,"LUCY BOW",16.046199999999999,1,-0.98088640000000005,0,0,"LUCY BOW1","LUCY BOW44296"]
["2021-04-10","TGS",272,8,null,0,1,1,4,4,"MY GHOST",15.700839999999999,1,-0.98088640000000005,1,0,"MY GHOST1","MY GHOST44296"]
["2021-04-10","TGS",272,8,null,7,3,1,5,5,"ZULU RUBY",16.05631,1,-0.98088640000000005,0,0,"ZULU RUBY1","ZULU RUBY44296"]
["2021-04-10","TGS",272,8,null,7,1,1,6,6,"BRUCE ALMIGHTY",15.751939999999999,1,-0.98088640000000005,1,0,"BRUCE ALMIGHTY1","BRUCE ALMIGHTY44296"]
["2021-04-10","TGS",272,8,null,50,1,1,7,7,"SMILEY CLANCY",15.58155,1,-0.98088640000000005,1,0,"SMILEY CLANCY1","SMILEY CLANCY44296"]
["2021-04-10","TGS",272,8,null,14,10,1,8,8,"CHEVRON NEV",16.30481,1,-0.98088640000000005,0,0,"CHEVRON NEV1","CHEVRON NEV44296"]
["2021-04-10","TGS",400,8,null,14,5,2,1,1,"RUN MAX RUN",26.238939999999999,1,-0.86024970000000001,0,0,"RUN MAX RUN2","RUN MAX RUN44296"]
["2021-04-10","TGS",400,8,null,0,1,2,2,2,"RINGER ROSIE",26.545380000000002,1,-0.86024970000000001,1,0,"RINGER ROSIE2","RINGER ROSIE44296"]
["2021-04-10","TGS",400,8,null,4,5,2,3,3,"LILAS ANGEL",26.415150000000001,1,-0.86024970000000001,0,0,"LILAS ANGEL2","LILAS ANGEL44296"]
["2021-04-10","TGS",400,8,null,6,1,2,4,4,"DOUBLE BLOW",26.200810000000001,1,-0.86024970000000001,1,0,"DOUBLE BLOW2","DOUBLE BLOW44296"]
["2021-04-10","TGS",400,8,null,4,32,2,5,5,"BLACK CANDLES",26.360990000000001,1,-0.86024970000000001,0,0,"BLACK CANDLES2","BLACK CANDLES44296"]
["2021-04-10","TGS",400,8,null,46,5,2,6,6,"PERFECT AMOUNT",25.912980000000001,1,-0.86024970000000001,0,0,"PERFECT AMOUNT2","PERFECT AMOUNT44296"]
["2021-04-10","TGS",400,8,null,64,5,2,7,7,"DES FRED",25.645630000000001,1,-0.86024970000000001,0,0,"DES FRED2","DES FRED44296"]
["2021-04-10","TGS",400,8,null,26,4,2,8,8,"NO WAY JOSE",26.70618,1,-0.86024970000000001,0,0,"NO WAY JOSE2","NO WAY JOSE44296"]
["2021-04-10","TGS",600,1,null,7,36,3,1,1,"GLENIDOL GIRL",45.585349999999998,1,-0.88454339999999998,0,-2,"GLENIDOL GIRL3","GLENIDOL GIRL44296"]
["2021-04-10","TGS",600,1,null,7,45,3,2,2,"FERNANDO TREE",46.39687,1,-0.88454339999999998,0,-2,"FERNANDO TREE3","FERNANDO TREE44296"]
["2021-04-10","TGS",600,1,null,20,20,3,3,3,"KEY ENTERPRISE",46.332859999999997,1,-0.88454339999999998,0,-2,"KEY ENTERPRISE3","KEY ENTERPRISE44296"]
["2021-04-10","TGS",600,1,null,4,17,3,4,4,"SHE ZIPPER",46.395180000000003,1,-0.88454339999999998,0,-2,"SHE ZIPPER3","SHE ZIPPER44296"]
["2021-04-10","TGS",600,1,null,7,36,3,5,5,"FLASHING OSCAR",46.761769999999999,1,-0.88454339999999998,0,-2,"FLASHING OSCAR3","FLASHING OSCAR44296"]
["2021-04-10","TGS",600,1,null,14,7,3,6,6,"NIMBLE LULU",46.542819999999999,1,-0.88454339999999998,0,-2,"NIMBLE LULU3","NIMBLE LULU44296"]
["2021-04-10","TGS",600,1,null,7,23,3,7,7,"SEYMOUR BLUE",46.656750000000002,1,-0.88454339999999998,0,-2,"SEYMOUR BLUE3","SEYMOUR BLUE44296"]
["2021-04-10","TGS",600,1,null,4,15,3,8,8,"LA JULIETTE",46.163640000000001,1,-0.88454339999999998,0,-2,"LA JULIETTE3","LA JULIETTE44296"]
["2021-04-10","TGS",272,5,"L HUTTON",7,75,4,1,1,"SAILOR BOY",16.336200000000002,1,-0.98088640000000005,0,-1,"SAILOR BOY4","SAILOR BOY44296"]
["2021-04-10","TGS",272,5,null,10,37,4,2,2,"WINLOCK JAGUAR",16.155560000000001,1,-0.98088640000000005,0,-1,"WINLOCK JAGUAR4","WINLOCK JAGUAR44296"]
["2021-04-10","TGS",272,5,null,7,42,4,3,3,"RUTHLESS ROBYN",16.087319999999998,1,-0.98088640000000005,0,-1,"RUTHLESS ROBYN4","RUTHLESS ROBYN44296"]
["2021-04-10","TGS",272,5,null,4,43,4,4,4,"BLAZIN RINGO",16.207049999999999,1,-0.98088640000000005,0,-1,"BLAZIN RINGO4","BLAZIN RINGO44296"]
["2021-04-10","TGS",272,5,null,9,20,4,5,5,"SONATA",16.239249999999998,1,-0.98088640000000005,0,-1,"SONATA4","SONATA44296"]
["2021-04-10","TGS",272,5,null,46,19,4,6,6,"ALKIRA",16.059190000000001,1,-0.98088640000000005,0,-1,"ALKIRA4","ALKIRA44296"]
["2021-04-10","TGS",272,5,null,25,75,4,7,7,"BLOSSOMING ROSE",16.032260000000001,1,-0.98088640000000005,0,-1,"BLOSSOMING ROSE4","BLOSSOMING ROSE44296"]
["2021-04-10","TGS",272,5,null,99,13,4,8,8,"RACHELS BOY",15.784000000000001,1,-0.98088640000000005,0,-1,"RACHELS BOY4","RACHELS BOY44296"]
["2021-04-10","TGS",272,5,null,17,6,5,1,1,"KEY GOT CLASS",16.167210000000001,1,-0.98088640000000005,0,0,"KEY GOT CLASS5","KEY GOT CLASS44296"]
["2021-04-10","TGS",272,5,null,7,24,5,2,2,"AMERICAN MAGIC",16.171500000000002,1,-0.98088640000000005,0,0,"AMERICAN MAGIC5","AMERICAN MAGIC44296"]
["2021-04-10","TGS",272,5,null,162,5,5,3,3,"ZIPPING VELVET",15.601520000000001,1,-0.98088640000000005,0,0,"ZIPPING VELVET5","ZIPPING VELVET44296"]
["2021-04-10","TGS",272,5,null,14,5,5,4,4,"KEYOSHA",15.78816,1,-0.98088640000000005,0,0,"KEYOSHA5","KEYOSHA44296"]
["2021-04-10","TGS",272,5,null,3,16,5,5,5,"KIARNI CONNOR",15.9697,1,-0.98088640000000005,0,0,"KIARNI CONNOR5","KIARNI CONNOR44296"]
["2021-04-10","TGS",272,5,null,7,12,5,6,6,"KIARNI RAYE",15.92882,1,-0.98088640000000005,0,0,"KIARNI RAYE5","KIARNI RAYE44296"]
["2021-04-10","TGS",272,5,null,21,6,5,7,7,"TRADIE MICK",16.430019999999999,1,-0.98088640000000005,0,0,"TRADIE MICK5","TRADIE MICK44296"]
["2021-04-10","TGS",272,5,null,17,1,5,8,8,"MEXICAN MAVIS",15.60802,1,-0.98088640000000005,1,0,"MEXICAN MAVIS5","MEXICAN MAVIS44296"]
["2021-04-10","TGS",400,4,null,28,16,6,1,1,"CHOSEN ONE",27.09018,1,-0.86024970000000001,0,0,"CHOSEN ONE6","CHOSEN ONE44296"]
["2021-04-10","TGS",400,4,null,21,36,6,2,2,"MY LUCKY MIA",26.437380000000001,1,-0.86024970000000001,0,0,"MY LUCKY MIA6","MY LUCKY MIA44296"]
["2021-04-10","TGS",400,4,null,5,32,6,3,3,"WINLOCK AUGUSTUS",27.149819999999998,1,-0.86024970000000001,0,0,"WINLOCK AUGUSTUS6","WINLOCK AUGUSTUS44296"]
["2021-04-10","TGS",400,4,null,4,43,6,4,4,"TODDLER TANTRUM",27.168510000000001,1,-0.86024970000000001,0,0,"TODDLER TANTRUM6","TODDLER TANTRUM44296"]
["2021-04-10","TGS",400,4,null,3,62,6,5,5,"WILD FLAMES",26.78783,1,-0.86024970000000001,0,0,"WILD FLAMES6","WILD FLAMES44296"]
["2021-04-10","TGS",400,4,null,4,87,6,7,7,"GRAND AUDREY",26.78173,1,-0.86024970000000001,0,0,"GRAND AUDREY6","GRAND AUDREY44296"]
["2021-04-10","TGS",400,4,null,6,61,6,8,8,"HALCYON PRINCE",26.742290000000001,1,-0.86024970000000001,0,0,"HALCYON PRINCE6","HALCYON PRINCE44296"]
["2021-04-10","TGS",400,5,null,7,13,7,1,1,"MY DILEMMA",26.38588,1,-0.86024970000000001,0,0,"MY DILEMMA7","MY DILEMMA44296"]
["2021-04-10","TGS",400,5,null,21,14,7,2,2,"CHRONIC BILLIE",26.995709999999999,1,-0.86024970000000001,0,0,"CHRONIC BILLIE7","CHRONIC BILLIE44296"]
["2021-04-10","TGS",400,5,null,32,23,7,3,3,"MEAT PIE HERO",26.674199999999999,1,-0.86024970000000001,0,0,"MEAT PIE HERO7","MEAT PIE HERO44296"]
["2021-04-10","TGS",400,5,null,49,21,7,4,4,"RACHELS STAR",26.587759999999999,1,-0.86024970000000001,0,0,"RACHELS STAR7","RACHELS STAR44296"]
["2021-04-10","TGS",400,5,"P MATTRESS",4,147,7,5,5,"KING KINLOCH",26.527519999999999,1,-0.86024970000000001,0,0,"KING KINLOCH7","KING KINLOCH44296"]
["2021-04-10","TGS",400,5,null,5,26,7,6,6,"TOURING SOON",26.14818,1,-0.86024970000000001,0,0,"TOURING SOON7","TOURING SOON44296"]
["2021-04-10","TGS",400,5,null,14,26,7,7,7,"WALK NOT RUN",26.919789999999999,1,-0.86024970000000001,0,0,"WALK NOT RUN7","WALK NOT RUN44296"]
["2021-04-10","TGS",400,5,null,6,29,7,8,8,"DISCARD ROAD",26.426120000000001,1,-0.86024970000000001,0,0,"DISCARD ROAD7","DISCARD ROAD44296"]
["2021-04-10","TGS",400,5,null,7,6,8,1,1,"SHES DIABOLICAL",26.888339999999999,1,-0.86024970000000001,0,0,"SHES DIABOLICAL8","SHES DIABOLICAL44296"]
["2021-04-10","TGS",400,5,null,5,28,8,3,3,"TIGGERLONG MEG",27.127849999999999,1,-0.86024970000000001,0,0,"TIGGERLONG MEG8","TIGGERLONG MEG44296"]
["2021-04-10","TGS",400,5,null,7,20,8,4,4,"SKETCHY REDBACK",26.75742,1,-0.86024970000000001,0,0,"SKETCHY REDBACK8","SKETCHY REDBACK44296"]
["2021-04-10","TGS",400,5,null,4,20,8,5,5,"ZULU SMILE",26.85061,1,-0.86024970000000001,0,0,"ZULU SMILE8","ZULU SMILE44296"]
["2021-04-10","TGS",400,5,null,6,27,8,7,7,"APACHE HEART",26.073740000000001,1,-0.86024970000000001,0,0,"APACHE HEART8","APACHE HEART44296"]
["2021-04-10","TGS",400,5,null,7,4,8,8,8,"REDEEMER DREAMER",26.599799999999998,1,-0.86024970000000001,0,0,"REDEEMER DREAMER8","REDEEMER DREAMER44296"]
["2021-04-10","TGS",400,5,null,7,62,9,2,2,"STICKY WICKET",26.68139,1,-0.86024970000000001,0,0,"STICKY WICKET9","STICKY WICKET44296"]
["2021-04-10","TGS",400,5,null,28,65,9,3,3,"EL GRAND DEANO",25.79974,1,-0.86024970000000001,0,0,"EL GRAND DEANO9","EL GRAND DEANO44296"]
["2021-04-10","TGS",400,5,null,24,14,9,4,4,"KIARNI KATE",26.131599999999999,1,-0.86024970000000001,0,0,"KIARNI KATE9","KIARNI KATE44296"]
["2021-04-10","TGS",400,5,"R BRITTAIN",7,83,9,5,5,"WINLOCK SHAKEY",26.10697,1,-0.86024970000000001,0,0,"WINLOCK SHAKEY9","WINLOCK SHAKEY44296"]
["2021-04-10","TGS",400,5,null,7,21,9,6,6,"NO COMMISSION",26.274349999999998,1,-0.86024970000000001,0,0,"NO COMMISSION9","NO COMMISSION44296"]
["2021-04-10","TGS",400,5,null,109,21,9,7,7,"SANGER BANGER",26.071770000000001,1,-0.86024970000000001,0,0,"SANGER BANGER9","SANGER BANGER44296"]
["2021-04-10","TGS",400,5,null,3,52,9,8,8,"KIARNI JACK",26.564710000000002,1,-0.86024970000000001,0,0,"KIARNI JACK9","KIARNI JACK44296"]
["2021-04-10","TGS",515,5,null,7,26,10,1,1,"MR BEETHOVEN",47.775590000000001,1,-0.89162459999999999,0,0,"MR BEETHOVEN10","MR BEETHOVEN44296"]
["2021-04-10","TGS",515,5,null,9,25,10,2,2,"BIGGEST STAR",47.393639999999998,1,-0.89162459999999999,0,0,"BIGGEST STAR10","BIGGEST STAR44296"]
["2021-04-10","TGS",515,5,null,7,43,10,3,3,"TOUR OF DUTY",46.90701,1,-0.89162459999999999,0,0,"TOUR OF DUTY10","TOUR OF DUTY44296"]
["2021-04-10","TGS",515,5,null,7,41,10,4,4,"RUNAWAY TOMMY",47.969540000000002,1,-0.89162459999999999,0,0,"RUNAWAY TOMMY10","RUNAWAY TOMMY44296"]
["2021-04-10","TGS",515,5,null,5,41,10,7,7,"PEYTON MAY",47.8675,1,-0.89162459999999999,0,0,"PEYTON MAY10","PEYTON MAY44296"]
["2021-04-10","TGS",515,5,null,3,51,10,8,8,"HURRICANE HUNTER",46.680680000000002,1,-0.89162459999999999,0,0,"HURRICANE HUNTER10","HURRICANE HUNTER44296"]
["2021-04-10","TGS",515,4,null,14,21,11,1,1,"ANGRY BLIZZARD",47.71602,1,-0.89162459999999999,0,0,"ANGRY BLIZZARD11","ANGRY BLIZZARD44296"]
["2021-04-10","TGS",515,4,null,3,57,11,2,2,"ZIPPING GIZMO",46.936630000000001,1,-0.89162459999999999,0,0,"ZIPPING GIZMO11","ZIPPING GIZMO44296"]
["2021-04-10","TGS",515,4,null,21,18,11,4,4,"BONES MCCOY",47.925310000000003,1,-0.89162459999999999,0,0,"BONES MCCOY11","BONES MCCOY44296"]
["2021-04-10","TGS",515,4,null,7,57,11,5,5,"FUNKY PORTELLI",47.483159999999998,1,-0.89162459999999999,0,0,"FUNKY PORTELLI11","FUNKY PORTELLI44296"]
["2021-04-10","TGS",515,4,null,7,27,11,7,7,"DANA BIG JOHNNY",47.156390000000002,1,-0.89162459999999999,0,0,"DANA BIG JOHNNY11","DANA BIG JOHNNY44296"]
["2021-04-10","TGS",515,4,null,3,39,11,8,8,"ZIPPING BRADY",47.18121,1,-0.89162459999999999,0,0,"ZIPPING BRADY11","ZIPPING BRADY44296"]
["2021-04-10","TMS",525,1,null,14,4,1,1,1,"CHRISTMAS MAGIC",47.559100000000001,1,-0.89162459999999999,0,0,"CHRISTMAS MAGIC1","CHRISTMAS MAGIC44296"]
["2021-04-10","TMS",525,1,null,4,10,1,2,2,"TYNSLEE BALE",47.594830000000002,1,-0.89162459999999999,0,0,"TYNSLEE BALE1","TYNSLEE BALE44296"]
["2021-04-10","TMS",525,1,null,7,10,1,3,3,"REBEL RIOT",48.486409999999999,1,-0.89162459999999999,0,0,"REBEL RIOT1","REBEL RIOT44296"]
["2021-04-10","TMS",525,1,null,4,23,1,4,4,"DR MACIE",47.570180000000001,1,-0.89162459999999999,0,0,"DR MACIE1","DR MACIE44296"]
["2021-04-10","TMS",525,1,null,3,16,1,5,5,"CHILLOUT COOKIE",47.035530000000001,1,-0.89162459999999999,0,0,"CHILLOUT COOKIE1","CHILLOUT COOKIE44296"]
["2021-04-10","TMS",525,1,null,6,16,1,6,6,"SPIRIT ENERGY",47.340730000000001,1,-0.89162459999999999,0,0,"SPIRIT ENERGY1","SPIRIT ENERGY44296"]
["2021-04-10","TMS",525,1,null,5,13,1,7,7,"GYPSY ANDY",47.268990000000002,1,-0.89162459999999999,0,0,"GYPSY ANDY1","GYPSY ANDY44296"]
["2021-04-10","TMS",525,1,null,6,6,1,8,8,"BELLA MIA ROCKS",47.442540000000001,1,-0.89162459999999999,0,0,"BELLA MIA ROCKS1","BELLA MIA ROCKS44296"]
["2021-04-10","TMS",525,1,null,7,17,2,1,1,"SWEET COCONUT",47.445459999999997,1,-0.89162459999999999,0,0,"SWEET COCONUT2","SWEET COCONUT44296"]
["2021-04-10","TMS",525,1,null,10,11,2,2,2,"LAWFUL MAN",47.345799999999997,1,-0.89162459999999999,0,0,"LAWFUL MAN2","LAWFUL MAN44296"]
["2021-04-10","TMS",525,1,null,10,12,2,3,3,"CARLA VELOSO",47.568640000000002,1,-0.89162459999999999,0,0,"CARLA VELOSO2","CARLA VELOSO44296"]
["2021-04-10","TMS",525,1,null,9,15,2,4,4,"WEDDING OR BABY",47.923050000000003,1,-0.89162459999999999,0,0,"WEDDING OR BABY2","WEDDING OR BABY44296"]
["2021-04-10","TMS",525,1,null,7,15,2,5,5,"MINK LAKE",47.906320000000001,1,-0.89162459999999999,0,0,"MINK LAKE2","MINK LAKE44296"]
["2021-04-10","TMS",525,1,null,7,7,2,6,6,"RUN MACHINE",47.249749999999999,1,-0.89162459999999999,0,0,"RUN MACHINE2","RUN MACHINE44296"]
["2021-04-10","TMS",525,1,null,6,14,2,7,7,"TARLEE",47.351819999999996,1,-0.89162459999999999,0,0,"TARLEE2","TARLEE44296"]
["2021-04-10","TMS",525,1,null,3,10,2,8,8,"WLADMIR",47.460239999999999,1,-0.89162459999999999,0,0,"WLADMIR2","WLADMIR44296"]
["2021-04-10","TMS",525,1,null,10,47,3,1,1,"LALA PHOENIX",48.151730000000001,1,-0.89162459999999999,0,0,"LALA PHOENIX3","LALA PHOENIX44296"]
["2021-04-10","TMS",525,1,null,7,37,3,2,2,"BAROOGA DODGE",47.957360000000001,1,-0.89162459999999999,0,0,"BAROOGA DODGE3","BAROOGA DODGE44296"]
["2021-04-10","TMS",525,1,null,6,27,3,3,3,"KING OF CALYPSO",47.763309999999997,1,-0.89162459999999999,0,0,"KING OF CALYPSO3","KING OF CALYPSO44296"]
["2021-04-10","TMS",525,1,null,4,32,3,4,4,"NAMIDA",47.933920000000001,1,-0.89162459999999999,0,0,"NAMIDA3","NAMIDA44296"]
["2021-04-10","TMS",525,1,null,7,83,3,6,6,"WINLOCK THOR",47.759810000000002,1,-0.89162459999999999,0,0,"WINLOCK THOR3","WINLOCK THOR44296"]
["2021-04-10","TMS",525,1,null,14,60,3,7,7,"JUNK FOOD JUNKIE",48.061419999999998,1,-0.89162459999999999,0,0,"JUNK FOOD JUNKIE3","JUNK FOOD JUNKIE44296"]
["2021-04-10","TMS",525,1,null,7,50,3,8,8,"WILD CARD",48.117739999999998,1,-0.89162459999999999,0,0,"WILD CARD3","WILD CARD44296"]
["2021-04-10","TMS",525,1,null,7,61,4,1,1,"ABELERO BALE",47.86065,1,-0.89162459999999999,0,0,"ABELERO BALE4","ABELERO BALE44296"]
["2021-04-10","TMS",525,1,null,5,29,4,2,2,"DAPHS ASCEND",48.059849999999997,1,-0.89162459999999999,0,0,"DAPHS ASCEND4","DAPHS ASCEND44296"]
["2021-04-10","TMS",525,1,null,23,48,4,4,4,"ASTON SILK",48.042630000000003,1,-0.89162459999999999,0,0,"ASTON SILK4","ASTON SILK44296"]
["2021-04-10","TMS",525,1,null,7,27,4,5,5,"JEPARA",48.277270000000001,1,-0.89162459999999999,0,0,"JEPARA4","JEPARA44296"]
["2021-04-10","TMS",525,1,null,5,69,4,7,7,"ASTON CADE",48.007849999999998,1,-0.89162459999999999,0,0,"ASTON CADE4","ASTON CADE44296"]
["2021-04-10","TMS",525,1,null,9,29,4,8,8,"BAROOGA SMOKE",48.230179999999997,1,-0.89162459999999999,0,0,"BAROOGA SMOKE4","BAROOGA SMOKE44296"]
["2021-04-10","TMS",525,1,null,10,47,5,1,1,"BAREFOOT BARRY",47.50515,1,-0.89162459999999999,0,0,"BAREFOOT BARRY5","BAREFOOT BARRY44296"]
["2021-04-10","TMS",525,1,null,10,14,5,2,2,"ASSASSINATE",48.105429999999998,1,-0.89162459999999999,0,0,"ASSASSINATE5","ASSASSINATE44296"]
["2021-04-10","TMS",525,1,null,10,73,5,3,3,"KING GRISTLE",47.21452,1,-0.89162459999999999,0,0,"KING GRISTLE5","KING GRISTLE44296"]
["2021-04-10","TMS",525,1,null,10,14,5,4,4,"HILL TOP JACK",47.609670000000001,1,-0.89162459999999999,0,0,"HILL TOP JACK5","HILL TOP JACK44296"]
["2021-04-10","TMS",525,1,null,10,8,5,5,5,"ANGEL GLOW",47.508159999999997,1,-0.89162459999999999,0,0,"ANGEL GLOW5","ANGEL GLOW44296"]
["2021-04-10","TMS",525,1,null,7,29,5,6,6,"HANDSOME JACK",47.6252,1,-0.89162459999999999,0,0,"HANDSOME JACK5","HANDSOME JACK44296"]
["2021-04-10","TMS",525,1,null,7,85,5,7,7,"ARLINGTON",47.40448,1,-0.89162459999999999,0,0,"ARLINGTON5","ARLINGTON44296"]
["2021-04-10","TMS",525,1,null,10,27,5,8,8,"MARSHALLS KING",48.028770000000002,1,-0.89162459999999999,0,0,"MARSHALLS KING5","MARSHALLS KING44296"]
["2021-04-10","TMS",525,1,null,10,32,6,1,1,"LA LA MISSOURI",48.311959999999999,1,-0.89162459999999999,0,0,"LA LA MISSOURI6","LA LA MISSOURI44296"]
["2021-04-10","TMS",525,1,null,7,13,6,2,2,"TRENDY UNIVERSE",47.782409999999999,1,-0.89162459999999999,0,0,"TRENDY UNIVERSE6","TRENDY UNIVERSE44296"]
["2021-04-10","TMS",525,1,null,9,9,6,3,3,"ENVY TO BURN",47.842419999999997,1,-0.89162459999999999,0,0,"ENVY TO BURN6","ENVY TO BURN44296"]
["2021-04-10","TMS",525,1,null,7,45,6,4,4,"ASTON ANTOINE",47.54278,1,-0.89162459999999999,0,0,"ASTON ANTOINE6","ASTON ANTOINE44296"]
["2021-04-10","TMS",525,1,null,9,54,6,5,5,"IM NOT BUDGING",47.639949999999999,1,-0.89162459999999999,0,0,"IM NOT BUDGING6","IM NOT BUDGING44296"]
["2021-04-10","TMS",525,1,null,7,14,6,6,6,"TIME FOR PEACE",47.562449999999998,1,-0.89162459999999999,0,0,"TIME FOR PEACE6","TIME FOR PEACE44296"]
["2021-04-10","TMS",525,1,null,5,9,6,7,7,"SILVER LAKE",48.226430000000001,1,-0.89162459999999999,0,0,"SILVER LAKE6","SILVER LAKE44296"]
["2021-04-10","TMS",525,1,null,3,18,6,8,8,"ROXY TEQUILA",47.561450000000001,1,-0.89162459999999999,0,0,"ROXY TEQUILA6","ROXY TEQUILA44296"]
["2021-04-10","TMS",525,1,null,7,52,7,1,1,"FULL MOON PARTY",47.972430000000003,1,-0.89162459999999999,0,0,"FULL MOON PARTY7","FULL MOON PARTY44296"]
["2021-04-10","TMS",525,1,null,2,71,7,2,2,"SCATTERBOX",47.816980000000001,1,-0.89162459999999999,0,0,"SCATTERBOX7","SCATTERBOX44296"]
["2021-04-10","TMS",525,1,null,5,33,7,3,3,"COCO NOVA",47.626860000000001,1,-0.89162459999999999,0,0,"COCO NOVA7","COCO NOVA44296"]
["2021-04-10","TMS",525,1,null,6,36,7,4,4,"COLDEN DAYTO",47.72871,1,-0.89162459999999999,0,0,"COLDEN DAYTO7","COLDEN DAYTO44296"]
["2021-04-10","TMS",525,1,null,5,35,7,6,6,"DAPHS ZAC",47.801630000000003,1,-0.89162459999999999,0,0,"DAPHS ZAC7","DAPHS ZAC44296"]
["2021-04-10","TMS",525,1,null,7,24,7,7,7,"CODE BLUE SUE",47.43385,1,-0.89162459999999999,0,0,"CODE BLUE SUE7","CODE BLUE SUE44296"]
["2021-04-10","TMS",525,1,null,7,13,7,8,8,"LALA IVORY",47.758629999999997,1,-0.89162459999999999,0,0,"LALA IVORY7","LALA IVORY44296"]
["2021-04-10","TMS",600,1,null,6,41,8,1,1,"MEPUNGA SPARKLE",46.262619999999998,1,-0.88454339999999998,0,-2,"MEPUNGA SPARKLE8","MEPUNGA SPARKLE44296"]
["2021-04-10","TMS",600,1,null,9,33,8,2,2,"ARATUZA BALE",46.618319999999997,1,-0.88454339999999998,0,-2,"ARATUZA BALE8","ARATUZA BALE44296"]
["2021-04-10","TMS",600,1,null,6,36,8,3,3,"BOUNCE BACK",46.446689999999997,1,-0.88454339999999998,0,-2,"BOUNCE BACK8","BOUNCE BACK44296"]
["2021-04-10","TMS",600,1,null,2,104,8,4,4,"RUN BABA RUN",46.709000000000003,1,-0.88454339999999998,0,-2,"RUN BABA RUN8","RUN BABA RUN44296"]
["2021-04-10","TMS",600,1,null,9,26,8,5,5,"NANGAR RUST",46.72204,1,-0.88454339999999998,0,-2,"NANGAR RUST8","NANGAR RUST44296"]
["2021-04-10","TMS",600,1,null,7,21,8,6,6,"STARLIGHT AMY",46.47495,1,-0.88454339999999998,0,-2,"STARLIGHT AMY8","STARLIGHT AMY44296"]
["2021-04-10","TMS",600,1,null,6,28,8,7,7,"INDIAN SHADOW",46.18432,1,-0.88454339999999998,0,-2,"INDIAN SHADOW8","INDIAN SHADOW44296"]
["2021-04-10","TMS",600,1,null,7,62,8,8,8,"WEBLEC ACE",46.689140000000002,1,-0.88454339999999998,0,-2,"WEBLEC ACE8","WEBLEC ACE44296"]
["2021-04-10","TMS",525,1,null,7,16,9,1,1,"WYNNUM STAR",48.104689999999998,1,-0.89162459999999999,0,0,"WYNNUM STAR9","WYNNUM STAR44296"]
["2021-04-10","TMS",525,1,null,4,26,9,2,2,"DR MADISON",47.858080000000001,1,-0.89162459999999999,0,0,"DR MADISON9","DR MADISON44296"]
["2021-04-10","TMS",525,1,null,6,24,9,3,3,"DARK COMPASS",47.88344,1,-0.89162459999999999,0,0,"DARK COMPASS9","DARK COMPASS44296"]
["2021-04-10","TMS",525,1,null,7,45,9,4,4,"XAMIRA BALE",47.824469999999998,1,-0.89162459999999999,0,0,"XAMIRA BALE9","XAMIRA BALE44296"]
["2021-04-10","TMS",525,1,null,3,39,9,6,6,"BLUE BANDANA",47.530119999999997,1,-0.89162459999999999,0,0,"BLUE BANDANA9","BLUE BANDANA44296"]
["2021-04-10","TMS",525,1,null,7,55,9,7,7,"FERGUSTA BALE",47.725879999999997,1,-0.89162459999999999,0,0,"FERGUSTA BALE9","FERGUSTA BALE44296"]
["2021-04-10","TMS",525,1,null,9,14,9,8,8,"STIFF WIND",47.612900000000003,1,-0.89162459999999999,0,0,"STIFF WIND9","STIFF WIND44296"]
["2021-04-10","TMS",525,1,null,4,17,10,1,1,"CRACKERJACK ZAVE",47.598950000000002,1,-0.89162459999999999,0,0,"CRACKERJACK ZAVE10","CRACKERJACK ZAVE44296"]
["2021-04-10","TMS",525,1,null,6,11,10,2,2,"EMMYS SHARK",48.032510000000002,1,-0.89162459999999999,0,0,"EMMYS SHARK10","EMMYS SHARK44296"]
["2021-04-10","TMS",525,1,null,4,52,10,3,3,"YAZID BALE",47.484110000000001,1,-0.89162459999999999,0,0,"YAZID BALE10","YAZID BALE44296"]
["2021-04-10","TMS",525,1,null,6,37,10,4,4,"MT VIEW EMMA",47.268540000000002,1,-0.89162459999999999,0,0,"MT VIEW EMMA10","MT VIEW EMMA44296"]
["2021-04-10","TMS",525,1,null,4,22,10,5,5,"ON THE AIR",47.459180000000003,1,-0.89162459999999999,0,0,"ON THE AIR10","ON THE AIR44296"]
["2021-04-10","TMS",525,1,null,7,31,10,6,6,"FABRONI BALE",47.762999999999998,1,-0.89162459999999999,0,0,"FABRONI BALE10","FABRONI BALE44296"]
["2021-04-10","TMS",525,1,null,7,16,10,7,7,"ASK FOR MORE",47.761920000000003,1,-0.89162459999999999,0,0,"ASK FOR MORE10","ASK FOR MORE44296"]
["2021-04-10","TMS",525,1,"J CHILCOTT",4,140,10,8,8,"CHILL OUT WEBBY",47.117400000000004,1,-0.89162459999999999,0,0,"CHILL OUT WEBBY10","CHILL OUT WEBBY44296"]
["2021-04-10","TMS",525,1,null,3,14,11,1,1,"DR CARMEL",47.734180000000002,1,-0.89162459999999999,0,0,"DR CARMEL11","DR CARMEL44296"]
["2021-04-10","TMS",525,1,null,3,9,11,2,2,"YOHAN BALE",47.80538,1,-0.89162459999999999,0,0,"YOHAN BALE11","YOHAN BALE44296"]
["2021-04-10","TMS",525,1,null,6,83,11,3,3,"HORIZON PRINCESS",47.609870000000001,1,-0.89162459999999999,0,0,"HORIZON PRINCESS11","HORIZON PRINCESS44296"]
["2021-04-10","TMS",525,1,null,6,32,11,4,4,"CHELSEAS LOVE",47.275579999999998,1,-0.89162459999999999,0,0,"CHELSEAS LOVE11","CHELSEAS LOVE44296"]
["2021-04-10","TMS",525,1,null,4,39,11,5,5,"ORYA BALE",47.29027,1,-0.89162459999999999,0,0,"ORYA BALE11","ORYA BALE44296"]
["2021-04-10","TMS",525,1,null,21,16,11,6,6,"TANNER MAX",47.707140000000003,1,-0.89162459999999999,0,0,"TANNER MAX11","TANNER MAX44296"]
["2021-04-10","TMS",525,1,null,6,25,11,7,7,"COOL LIMIT",47.679369999999999,1,-0.89162459999999999,0,0,"COOL LIMIT11","COOL LIMIT44296"]
["2021-04-10","TMS",525,1,null,7,54,11,8,8,"SMOKEY RENN",47.427410000000002,1,-0.89162459999999999,0,0,"SMOKEY RENN11","SMOKEY RENN44296"]
["2021-04-10","TMS",525,1,null,17,22,12,1,1,"MERLOT",47.92174,1,-0.89162459999999999,0,0,"MERLOT12","MERLOT44296"]
["2021-04-10","TMS",525,1,null,7,13,12,2,2,"DAPHS EXTREME",47.804870000000001,1,-0.89162459999999999,0,0,"DAPHS EXTREME12","DAPHS EXTREME44296"]
["2021-04-10","TMS",525,1,null,10,37,12,3,3,"MOHINGA CHASE",47.455750000000002,1,-0.89162459999999999,0,0,"MOHINGA CHASE12","MOHINGA CHASE44296"]
["2021-04-10","TMS",525,1,null,7,47,12,4,4,"DAVID COIN",47.51623,1,-0.89162459999999999,0,0,"DAVID COIN12","DAVID COIN44296"]
["2021-04-10","TMS",525,1,null,4,34,12,5,5,"ROMEO BALE",47.796660000000003,1,-0.89162459999999999,0,0,"ROMEO BALE12","ROMEO BALE44296"]
["2021-04-10","TMS",525,1,null,3,19,12,6,6,"FINE EDITION",47.344160000000002,1,-0.89162459999999999,0,0,"FINE EDITION12","FINE EDITION44296"]
["2021-04-10","TMS",525,1,null,7,40,12,7,7,"CRACKERJACK FISH",47.602069999999998,1,-0.89162459999999999,0,0,"CRACKERJACK FISH12","CRACKERJACK FISH44296"]
["2021-04-10","TMS",525,1,null,3,16,12,8,8,"DR DANIKA",47.346440000000001,1,-0.89162459999999999,0,0,"DR DANIKA12","DR DANIKA44296"]
["2021-04-10","TOW",380,8,null,11,3,1,1,1,"MALIS COOKIE",29.188839999999999,1,-1.0105120000000001,0,0,"MALIS COOKIE1","MALIS COOKIE44296"]
["2021-04-10","TOW",380,8,null,4,5,1,2,2,"ASTON FABRE",29.447780000000002,1,-1.0105120000000001,0,0,"ASTON FABRE1","ASTON FABRE44296"]
["2021-04-10","TOW",380,8,null,25,11,1,3,3,"PATRIOT WINFREY",28.971170000000001,1,-1.0105120000000001,0,0,"PATRIOT WINFREY1","PATRIOT WINFREY44296"]
["2021-04-10","TOW",380,8,null,22,2,1,4,4,"ASTON MERLOT",29.202269999999999,1,-1.0105120000000001,0,0,"ASTON MERLOT1","ASTON MERLOT44296"]
["2021-04-10","TOW",380,8,null,0,1,1,5,5,"SHARAYU",28.985610000000001,1,-1.0105120000000001,1,0,"SHARAYU1","SHARAYU44296"]
["2021-04-10","TOW",380,8,null,0,1,1,6,6,"CORE LIT INSANE",28.94049,1,-1.0105120000000001,1,0,"CORE LIT INSANE1","CORE LIT INSANE44296"]
["2021-04-10","TOW",380,8,null,4,17,1,7,7,"UNCATCHABLE GIRL",29.553889999999999,1,-1.0105120000000001,0,0,"UNCATCHABLE GIRL1","UNCATCHABLE GIRL44296"]
["2021-04-10","TOW",380,8,null,11,3,1,8,8,"MAY DO",28.8065,1,-1.0105120000000001,0,0,"MAY DO1","MAY DO44296"]
["2021-04-10","TOW",380,6,null,11,28,2,1,1,"EAT MY SMOKE",28.889990000000001,1,-1.0105120000000001,0,-3,"EAT MY SMOKE2","EAT MY SMOKE44296"]
["2021-04-10","TOW",380,6,null,4,13,2,2,2,"KING CABANG",29.224889999999998,1,-1.0105120000000001,0,-3,"KING CABANG2","KING CABANG44296"]
["2021-04-10","TOW",380,6,null,18,16,2,3,3,"SUPIDO",29.736609999999999,1,-1.0105120000000001,0,-3,"SUPIDO2","SUPIDO44296"]
["2021-04-10","TOW",380,6,null,18,10,2,4,4,"ABANDON",29.199619999999999,1,-1.0105120000000001,0,-3,"ABANDON2","ABANDON44296"]
["2021-04-10","TOW",380,6,null,14,10,2,5,5,"ALL FOCUS",29.639749999999999,1,-1.0105120000000001,0,-3,"ALL FOCUS2","ALL FOCUS44296"]
["2021-04-10","TOW",380,6,null,4,15,2,7,7,"RIVAL SIMMO",29.673290000000001,1,-1.0105120000000001,0,-3,"RIVAL SIMMO2","RIVAL SIMMO44296"]
["2021-04-10","TOW",380,6,null,4,8,2,8,8,"NEXT STOP",29.649039999999999,1,-1.0105120000000001,0,-3,"NEXT STOP2","NEXT STOP44296"]
["2021-04-10","TOW",498,5,null,32,18,3,1,1,"GLITTER STRIP",26.654949999999999,1,-0.86024970000000001,0,0,"GLITTER STRIP3","GLITTER STRIP44296"]
["2021-04-10","TOW",498,5,null,4,41,3,2,2,"HIGHLY RATED",26.75393,1,-0.86024970000000001,0,0,"HIGHLY RATED3","HIGHLY RATED44296"]
["2021-04-10","TOW",498,5,null,14,86,3,3,3,"GUARD OF HONOUR",26.29907,1,-0.86024970000000001,0,0,"GUARD OF HONOUR3","GUARD OF HONOUR44296"]
["2021-04-10","TOW",498,5,null,4,15,3,4,4,"MR MENDOZA",26.881519999999998,1,-0.86024970000000001,0,0,"MR MENDOZA3","MR MENDOZA44296"]
["2021-04-10","TOW",498,5,null,4,25,3,5,5,"ALL IMAGE",26.295970000000001,1,-0.86024970000000001,0,0,"ALL IMAGE3","ALL IMAGE44296"]
["2021-04-10","TOW",498,5,null,4,38,3,6,6,"CRACKERJACK JOEY",26.62501,1,-0.86024970000000001,0,0,"CRACKERJACK JOEY3","CRACKERJACK JOEY44296"]
["2021-04-10","TOW",498,5,null,4,21,3,7,7,"TURN THE KEY",27.033429999999999,1,-0.86024970000000001,0,0,"TURN THE KEY3","TURN THE KEY44296"]
["2021-04-10","TOW",498,5,null,11,19,3,8,8,"SECRET SHADES",26.660129999999999,1,-0.86024970000000001,0,0,"SECRET SHADES3","SECRET SHADES44296"]
["2021-04-10","TOW",380,5,null,11,47,4,2,2,"PANEL",29.662479999999999,1,-1.0105120000000001,0,-3,"PANEL4","PANEL44296"]
["2021-04-10","TOW",380,5,null,4,60,4,3,3,"RED SOLO CUP",29.978909999999999,1,-1.0105120000000001,0,-3,"RED SOLO CUP4","RED SOLO CUP44296"]
["2021-04-10","TOW",380,5,null,11,24,4,4,4,"MALIS BULLET",29.911169999999998,1,-1.0105120000000001,0,-3,"MALIS BULLET4","MALIS BULLET44296"]
["2021-04-10","TOW",380,5,null,4,31,4,5,5,"JINDIVICK",29.907070000000001,1,-1.0105120000000001,0,-3,"JINDIVICK4","JINDIVICK44296"]
["2021-04-10","TOW",380,5,null,4,60,4,6,6,"CAUSING DRAMA",29.719390000000001,1,-1.0105120000000001,0,-3,"CAUSING DRAMA4","CAUSING DRAMA44296"]
["2021-04-10","TOW",380,4,null,11,16,5,1,1,"ELUSIVE MISSILE",29.92257,1,-1.0105120000000001,0,-3,"ELUSIVE MISSILE5","ELUSIVE MISSILE44296"]
["2021-04-10","TOW",380,4,null,11,91,5,3,3,"SKETCHY A BIT",29.39949,1,-1.0105120000000001,0,-3,"SKETCHY A BIT5","SKETCHY A BIT44296"]
["2021-04-10","TOW",380,4,null,4,51,5,4,4,"SALTARELLO",30.051010000000002,1,-1.0105120000000001,0,-3,"SALTARELLO5","SALTARELLO44296"]
["2021-04-10","TOW",380,4,null,11,46,5,5,5,"GEORGIA PIE",29.93469,1,-1.0105120000000001,0,-3,"GEORGIA PIE5","GEORGIA PIE44296"]
["2021-04-10","TOW",380,4,null,4,34,5,6,6,"INCONSEQUENTIAL",29.826779999999999,1,-1.0105120000000001,0,-3,"INCONSEQUENTIAL5","INCONSEQUENTIAL44296"]
["2021-04-10","TOW",380,4,null,4,16,5,7,7,"EXPLOSIVE CHARM",29.795670000000001,1,-1.0105120000000001,0,-3,"EXPLOSIVE CHARM5","EXPLOSIVE CHARM44296"]
["2021-04-10","TOW",380,4,null,14,57,5,8,8,"LITTLE RED WAGON",29.400559999999999,1,-1.0105120000000001,0,-3,"LITTLE RED WAGON5","LITTLE RED WAGON44296"]
["2021-04-10","TOW",498,4,null,4,38,6,1,1,"RIDING HOOD",27.06437,1,-0.86024970000000001,0,0,"RIDING HOOD6","RIDING HOOD44296"]
["2021-04-10","TOW",498,4,null,4,36,6,2,2,"CAWBOURNE BLAZE",26.49878,1,-0.86024970000000001,0,0,"CAWBOURNE BLAZE6","CAWBOURNE BLAZE44296"]
["2021-04-10","TOW",498,4,null,11,18,6,3,3,"ZIPPING COBY",26.976700000000001,1,-0.86024970000000001,0,0,"ZIPPING COBY6","ZIPPING COBY44296"]
["2021-04-10","TOW",498,4,null,4,99,6,4,4,"TWENTY DOLLARS",26.784189999999999,1,-0.86024970000000001,0,0,"TWENTY DOLLARS6","TWENTY DOLLARS44296"]
["2021-04-10","TOW",498,4,null,4,16,6,5,5,"SCARLETS RETURN",26.79626,1,-0.86024970000000001,0,0,"SCARLETS RETURN6","SCARLETS RETURN44296"]
["2021-04-10","TOW",498,4,null,14,31,6,6,6,"COPPER CANYON",26.892720000000001,1,-0.86024970000000001,0,0,"COPPER CANYON6","COPPER CANYON44296"]
["2021-04-10","TOW",498,4,null,4,19,6,7,7,"WINK AT ME",27.014060000000001,1,-0.86024970000000001,0,0,"WINK AT ME6","WINK AT ME44296"]
["2021-04-10","TOW",498,4,null,11,96,6,8,8,"SUPER HARD",26.580539999999999,1,-0.86024970000000001,0,0,"SUPER HARD6","SUPER HARD44296"]
["2021-04-10","TOW",380,4,null,4,39,7,1,1,"QUINN BALE",29.92671,1,-1.0105120000000001,0,-3,"QUINN BALE7","QUINN BALE44296"]
["2021-04-10","TOW",380,4,null,18,29,7,2,2,"TZARDOM",29.689710000000002,1,-1.0105120000000001,0,-3,"TZARDOM7","TZARDOM44296"]
["2021-04-10","TOW",380,4,null,4,28,7,3,3,"MAGNOLIA WIND",29.87537,1,-1.0105120000000001,0,-3,"MAGNOLIA WIND7","MAGNOLIA WIND44296"]
["2021-04-10","TOW",380,4,null,4,81,7,4,4,"POSITIVE GEARING",29.830749999999998,1,-1.0105120000000001,0,-3,"POSITIVE GEARING7","POSITIVE GEARING44296"]
["2021-04-10","TOW",380,4,null,4,56,7,5,5,"TEDS GLORY",29.85641,1,-1.0105120000000001,0,-3,"TEDS GLORY7","TEDS GLORY44296"]
["2021-04-10","TOW",380,4,null,4,27,7,6,6,"VELOCITY LARNI",29.840330000000002,1,-1.0105120000000001,0,-3,"VELOCITY LARNI7","VELOCITY LARNI44296"]
["2021-04-10","TOW",380,4,"C REDENBACH",4,98,7,7,7,"ROCKET JAX",29.644919999999999,1,-1.0105120000000001,0,-3,"ROCKET JAX7","ROCKET JAX44296"]
["2021-04-10","TOW",380,4,null,4,73,7,8,8,"YELLOW HEART",29.83633,1,-1.0105120000000001,0,-3,"YELLOW HEART7","YELLOW HEART44296"]
["2021-04-10","TOW",380,1,null,4,41,8,1,1,"SAMSHU",30.210709999999999,1,-1.0105120000000001,0,-3,"SAMSHU8","SAMSHU44296"]
["2021-04-10","TOW",380,1,null,4,29,8,2,2,"MISS VERITY",29.671669999999999,1,-1.0105120000000001,0,-3,"MISS VERITY8","MISS VERITY44296"]
["2021-04-10","TOW",380,1,null,4,26,8,3,3,"RUM AND HUSTLE",30.116029999999999,1,-1.0105120000000001,0,-3,"RUM AND HUSTLE8","RUM AND HUSTLE44296"]
["2021-04-10","TOW",380,1,null,4,43,8,4,4,"STRATFORD",29.88213,1,-1.0105120000000001,0,-3,"STRATFORD8","STRATFORD44296"]
["2021-04-10","TOW",380,1,null,4,61,8,5,5,"TOWN TAMER",29.81212,1,-1.0105120000000001,0,-3,"TOWN TAMER8","TOWN TAMER44296"]
["2021-04-10","TOW",380,1,null,4,40,8,6,6,"FIREFLY STAR",29.866060000000001,1,-1.0105120000000001,0,-3,"FIREFLY STAR8","FIREFLY STAR44296"]
["2021-04-10","TOW",380,1,null,14,38,8,7,7,"KILCULLEN",29.570889999999999,1,-1.0105120000000001,0,-3,"KILCULLEN8","KILCULLEN44296"]
["2021-04-10","TOW",380,1,null,4,71,8,8,8,"ROBS GIFT",29.716139999999999,1,-1.0105120000000001,0,-3,"ROBS GIFT8","ROBS GIFT44296"]
["2021-04-10","TOW",380,5,null,4,13,9,1,1,"JODA",29.87114,1,-1.0105120000000001,0,-3,"JODA9","JODA44296"]
["2021-04-10","TOW",380,5,null,4,24,9,2,2,"SAVANNAH SUN",29.62931,1,-1.0105120000000001,0,-3,"SAVANNAH SUN9","SAVANNAH SUN44296"]
["2021-04-10","TOW",380,5,null,4,39,9,3,3,"DESPITE",29.72728,1,-1.0105120000000001,0,-3,"DESPITE9","DESPITE44296"]
["2021-04-10","TOW",380,5,null,4,60,9,4,4,"HOT WILD ROSES",29.541899999999998,1,-1.0105120000000001,0,-3,"HOT WILD ROSES9","HOT WILD ROSES44296"]
["2021-04-10","TOW",380,5,null,18,17,9,5,5,"DUTCH AMBITION",29.738140000000001,1,-1.0105120000000001,0,-3,"DUTCH AMBITION9","DUTCH AMBITION44296"]
["2021-04-10","TOW",380,5,null,14,21,9,6,6,"BEMUSED",29.579719999999998,1,-1.0105120000000001,0,-3,"BEMUSED9","BEMUSED44296"]
["2021-04-10","TOW",380,5,null,4,70,9,7,7,"BROKEN HALOS",29.712969999999999,1,-1.0105120000000001,0,-3,"BROKEN HALOS9","BROKEN HALOS44296"]
["2021-04-10","TOW",380,5,null,14,66,9,8,8,"WHAT EXPIRY",29.489270000000001,1,-1.0105120000000001,0,-3,"WHAT EXPIRY9","WHAT EXPIRY44296"]
["2021-04-10","TOW",380,5,null,18,26,10,1,1,"LEKTRA MIDNIGHT",29.39359,1,-1.0105120000000001,0,-3,"LEKTRA MIDNIGHT10","LEKTRA MIDNIGHT44296"]
["2021-04-10","TOW",380,5,null,14,24,10,2,2,"MEJORAR",29.643699999999999,1,-1.0105120000000001,0,-3,"MEJORAR10","MEJORAR44296"]
["2021-04-10","TOW",380,5,null,14,77,10,3,3,"BLINDING LIGHTS",29.64423,1,-1.0105120000000001,0,-3,"BLINDING LIGHTS10","BLINDING LIGHTS44296"]
["2021-04-10","TOW",380,5,null,11,50,10,4,4,"XERICOM BALE",29.580069999999999,1,-1.0105120000000001,0,-3,"XERICOM BALE10","XERICOM BALE44296"]
["2021-04-10","TOW",380,5,null,14,18,10,5,5,"SCARIFY",29.825089999999999,1,-1.0105120000000001,0,-3,"SCARIFY10","SCARIFY44296"]
["2021-04-10","TOW",380,5,null,4,18,10,6,6,"PAW TO FLOOR",29.64686,1,-1.0105120000000001,0,-3,"PAW TO FLOOR10","PAW TO FLOOR44296"]
["2021-04-10","TOW",380,5,null,4,25,10,7,7,"MICKEY TWO RUMS",29.830449999999999,1,-1.0105120000000001,0,-3,"MICKEY TWO RUMS10","MICKEY TWO RUMS44296"]
["2021-04-10","TOW",380,5,null,18,22,10,8,8,"KEITH",29.53763,1,-1.0105120000000001,0,-3,"KEITH10","KEITH44296"]
["2021-04-10","TOW",380,5,null,4,55,11,1,1,"FIREMAN GEORGE",30.057259999999999,1,-1.0105120000000001,0,-3,"FIREMAN GEORGE11","FIREMAN GEORGE44296"]
["2021-04-10","TOW",380,5,null,74,40,11,2,2,"BEAUTIFUL CRAZY",29.237480000000001,1,-1.0105120000000001,0,-3,"BEAUTIFUL CRAZY11","BEAUTIFUL CRAZY44296"]
["2021-04-10","TOW",380,5,null,28,21,11,3,3,"WINSOME FEVER",29.15691,1,-1.0105120000000001,0,-3,"WINSOME FEVER11","WINSOME FEVER44296"]
["2021-04-10","TOW",380,5,null,22,35,11,4,4,"ZONE IN",29.343340000000001,1,-1.0105120000000001,0,-3,"ZONE IN11","ZONE IN44296"]
["2021-04-10","TOW",380,5,null,14,6,11,5,5,"ASTON WINNIE",29.287109999999998,1,-1.0105120000000001,0,-3,"ASTON WINNIE11","ASTON WINNIE44296"]
["2021-04-10","TOW",380,5,null,11,51,11,6,6,"HORNET HUDSON",29.552849999999999,1,-1.0105120000000001,0,-3,"HORNET HUDSON11","HORNET HUDSON44296"]
["2021-04-10","WPK",520,1,null,22,19,1,1,1,"SIMPLY HOUDINI",47.625500000000002,1,-0.89162459999999999,0,0,"SIMPLY HOUDINI1","SIMPLY HOUDINI44296"]
["2021-04-10","WPK",520,1,null,3,17,1,2,2,"RITZA DANIEL",47.823120000000003,1,-0.89162459999999999,0,0,"RITZA DANIEL1","RITZA DANIEL44296"]
["2021-04-10","WPK",520,1,null,6,21,1,3,3,"KEEPING ON",47.447220000000002,1,-0.89162459999999999,0,0,"KEEPING ON1","KEEPING ON44296"]
["2021-04-10","WPK",520,1,null,10,19,1,4,4,"ASTON REWARD",47.90907,1,-0.89162459999999999,0,0,"ASTON REWARD1","ASTON REWARD44296"]
["2021-04-10","WPK",520,1,null,35,53,1,5,5,"EBBY RAPPER",47.413469999999997,1,-0.89162459999999999,0,0,"EBBY RAPPER1","EBBY RAPPER44296"]
["2021-04-10","WPK",520,1,null,31,10,1,6,6,"BLACK CHILLI",47.414389999999997,1,-0.89162459999999999,0,0,"BLACK CHILLI1","BLACK CHILLI44296"]
["2021-04-10","WPK",520,1,null,7,17,1,7,7,"WENDY BYRDE",47.348529999999997,1,-0.89162459999999999,0,0,"WENDY BYRDE1","WENDY BYRDE44296"]
["2021-04-10","WPK",520,1,null,3,41,1,8,8,"FUN GUY EBBY",47.365360000000003,1,-0.89162459999999999,0,0,"FUN GUY EBBY1","FUN GUY EBBY44296"]
["2021-04-10","WPK",520,1,null,7,26,2,1,1,"CUMBRIA DREAMING",47.88205,1,-0.89162459999999999,0,0,"CUMBRIA DREAMING2","CUMBRIA DREAMING44296"]
["2021-04-10","WPK",520,1,null,7,18,2,2,2,"KOTONI BANNER",47.876690000000004,1,-0.89162459999999999,0,0,"KOTONI BANNER2","KOTONI BANNER44296"]
["2021-04-10","WPK",520,1,"M CLAYTON",7,54,2,3,3,"BIT FLASH",47.364510000000003,1,-0.89162459999999999,0,0,"BIT FLASH2","BIT FLASH44296"]
["2021-04-10","WPK",520,1,null,7,45,2,4,4,"REDSHIFT SEVEN",47.726509999999998,1,-0.89162459999999999,0,0,"REDSHIFT SEVEN2","REDSHIFT SEVEN44296"]
["2021-04-10","WPK",520,1,null,7,31,2,5,5,"PAPI GO FAST",48.494509999999998,1,-0.89162459999999999,0,0,"PAPI GO FAST2","PAPI GO FAST44296"]
["2021-04-10","WPK",520,1,null,7,44,2,6,6,"JAX KADE",48.113790000000002,1,-0.89162459999999999,0,0,"JAX KADE2","JAX KADE44296"]
["2021-04-10","WPK",520,1,null,7,76,2,7,7,"ROSE OF LACHLAN",47.559220000000003,1,-0.89162459999999999,0,0,"ROSE OF LACHLAN2","ROSE OF LACHLAN44296"]
["2021-04-10","WPK",520,1,null,7,52,2,8,8,"TRADIES MATE",47.167099999999998,1,-0.89162459999999999,0,0,"TRADIES MATE2","TRADIES MATE44296"]
["2021-04-10","WPK",520,1,null,3,44,3,1,1,"RHYME NOR REASON",47.652740000000001,1,-0.89162459999999999,0,0,"RHYME NOR REASON3","RHYME NOR REASON44296"]
["2021-04-10","WPK",520,1,null,4,19,3,2,2,"FIRE UP KAREN",47.783729999999998,1,-0.89162459999999999,0,0,"FIRE UP KAREN3","FIRE UP KAREN44296"]
["2021-04-10","WPK",520,1,null,7,26,3,3,3,"LIGHT AND LILY",47.713569999999997,1,-0.89162459999999999,0,0,"LIGHT AND LILY3","LIGHT AND LILY44296"]
["2021-04-10","WPK",520,1,null,9,37,3,4,4,"LOUI WONTON",47.572099999999999,1,-0.89162459999999999,0,0,"LOUI WONTON3","LOUI WONTON44296"]
["2021-04-10","WPK",520,1,null,7,14,3,5,5,"SIMPLY SMUDGE",47.731520000000003,1,-0.89162459999999999,0,0,"SIMPLY SMUDGE3","SIMPLY SMUDGE44296"]
["2021-04-10","WPK",520,1,null,7,33,3,6,6,"ENJOY YOURSELF",47.35716,1,-0.89162459999999999,0,0,"ENJOY YOURSELF3","ENJOY YOURSELF44296"]
["2021-04-10","WPK",520,1,null,23,40,3,7,7,"ALL STAR PUNK",47.4009,1,-0.89162459999999999,0,0,"ALL STAR PUNK3","ALL STAR PUNK44296"]
["2021-04-10","WPK",520,1,null,10,16,3,8,8,"DIP IT IN",48.023110000000003,1,-0.89162459999999999,0,0,"DIP IT IN3","DIP IT IN44296"]
["2021-04-10","WPK",520,1,null,6,33,4,1,1,"MANDERLEY",47.361429999999999,1,-0.89162459999999999,0,0,"MANDERLEY4","MANDERLEY44296"]
["2021-04-10","WPK",520,1,null,10,68,4,2,2,"SHANJO PRINCE",47.776150000000001,1,-0.89162459999999999,0,0,"SHANJO PRINCE4","SHANJO PRINCE44296"]
["2021-04-10","WPK",520,1,null,7,46,4,3,3,"ZIPPING VERNON",47.612130000000001,1,-0.89162459999999999,0,0,"ZIPPING VERNON4","ZIPPING VERNON44296"]
["2021-04-10","WPK",520,1,null,7,26,4,4,4,"IDLE RANGER",47.66919,1,-0.89162459999999999,0,0,"IDLE RANGER4","IDLE RANGER44296"]
["2021-04-10","WPK",520,1,null,7,28,4,5,5,"FENCE LADY",47.80827,1,-0.89162459999999999,0,0,"FENCE LADY4","FENCE LADY44296"]
["2021-04-10","WPK",520,1,null,7,41,4,6,6,"MALDINI",47.921930000000003,1,-0.89162459999999999,0,0,"MALDINI4","MALDINI44296"]
["2021-04-10","WPK",520,1,null,3,35,4,7,7,"CARRY THE ONE",47.402949999999997,1,-0.89162459999999999,0,0,"CARRY THE ONE4","CARRY THE ONE44296"]
["2021-04-10","WPK",520,1,null,5,37,4,8,8,"CHRISSIE BANNER",48.099110000000003,1,-0.89162459999999999,0,0,"CHRISSIE BANNER4","CHRISSIE BANNER44296"]
["2021-04-10","WPK",520,1,null,10,16,5,1,1,"LOUIS RUMBLE",48.053829999999998,1,-0.89162459999999999,0,0,"LOUIS RUMBLE5","LOUIS RUMBLE44296"]
["2021-04-10","WPK",520,1,null,10,22,5,2,2,"TEDDY THE BEAR",47.693040000000003,1,-0.89162459999999999,0,0,"TEDDY THE BEAR5","TEDDY THE BEAR44296"]
["2021-04-10","WPK",520,1,null,10,13,5,3,3,"COAST MODEL",48.018259999999998,1,-0.89162459999999999,0,0,"COAST MODEL5","COAST MODEL44296"]
["2021-04-10","WPK",520,1,null,10,18,5,4,4,"SUPER ESTRELLA",48.174950000000003,1,-0.89162459999999999,0,0,"SUPER ESTRELLA5","SUPER ESTRELLA44296"]
["2021-04-10","WPK",520,1,null,7,12,5,5,5,"IRINKA RILEY",47.902459999999998,1,-0.89162459999999999,0,0,"IRINKA RILEY5","IRINKA RILEY44296"]
["2021-04-10","WPK",520,1,null,10,17,5,6,6,"OPAL ROCKS",48.170810000000003,1,-0.89162459999999999,0,0,"OPAL ROCKS5","OPAL ROCKS44296"]
["2021-04-10","WPK",520,1,null,10,22,5,7,7,"ZIPPING PEARSON",47.812390000000001,1,-0.89162459999999999,0,0,"ZIPPING PEARSON5","ZIPPING PEARSON44296"]
["2021-04-10","WPK",520,1,null,10,11,5,8,8,"JUNGLE DEUCE",48.001719999999999,1,-0.89162459999999999,0,0,"JUNGLE DEUCE5","JUNGLE DEUCE44296"]
["2021-04-10","WPK",720,1,null,7,58,6,1,1,"PRIM AND PROPER",41.854599999999998,1,-0.92564950000000001,0,-2,"PRIM AND PROPER6","PRIM AND PROPER44296"]
["2021-04-10","WPK",720,1,null,7,50,6,2,2,"BURN TIME",41.819319999999998,1,-0.92564950000000001,0,-2,"BURN TIME6","BURN TIME44296"]
["2021-04-10","WPK",720,1,null,7,70,6,3,3,"HERES TEARS",41.896729999999998,1,-0.92564950000000001,0,-2,"HERES TEARS6","HERES TEARS44296"]
["2021-04-10","WPK",720,1,null,7,31,6,4,4,"FERNANDO CAZZ",42.232320000000001,1,-0.92564950000000001,0,-2,"FERNANDO CAZZ6","FERNANDO CAZZ44296"]
["2021-04-10","WPK",720,1,null,7,29,6,5,5,"LETS SEE",42.150820000000003,1,-0.92564950000000001,0,-2,"LETS SEE6","LETS SEE44296"]
["2021-04-10","WPK",720,1,null,7,49,6,6,6,"MAGGIE MOO MOO",42.051609999999997,1,-0.92564950000000001,0,-2,"MAGGIE MOO MOO6","MAGGIE MOO MOO44296"]
["2021-04-10","WPK",720,1,null,7,29,6,7,7,"STANLEY ROAD",42.451650000000001,1,-0.92564950000000001,0,-2,"STANLEY ROAD6","STANLEY ROAD44296"]
["2021-04-10","WPK",720,1,null,7,18,6,8,8,"ZIPPING NISEKO",42.136539999999997,1,-0.92564950000000001,0,-2,"ZIPPING NISEKO6","ZIPPING NISEKO44296"]
["2021-04-10","WPK",520,1,null,7,13,7,1,1,"LAKEVIEW WALTER",48.489109999999997,1,-0.89162459999999999,0,0,"LAKEVIEW WALTER7","LAKEVIEW WALTER44296"]
["2021-04-10","WPK",520,1,null,7,65,7,2,2,"FAITHY BALE",48.237789999999997,1,-0.89162459999999999,0,0,"FAITHY BALE7","FAITHY BALE44296"]
["2021-04-10","WPK",520,1,null,7,56,7,3,3,"RITZA COEN",48.027070000000002,1,-0.89162459999999999,0,0,"RITZA COEN7","RITZA COEN44296"]
["2021-04-10","WPK",520,1,null,7,54,7,5,5,"FIRE LEGEND",48.054310000000001,1,-0.89162459999999999,0,0,"FIRE LEGEND7","FIRE LEGEND44296"]
["2021-04-10","WPK",520,1,null,7,21,7,6,6,"SHIMA JAKE",48.107280000000003,1,-0.89162459999999999,0,0,"SHIMA JAKE7","SHIMA JAKE44296"]
["2021-04-10","WPK",520,1,null,7,20,7,7,7,"ZULU WARLORD",47.971409999999999,1,-0.89162459999999999,0,0,"ZULU WARLORD7","ZULU WARLORD44296"]
["2021-04-10","WPK",520,1,null,7,44,7,8,8,"SPRITLEY EBONY",47.803229999999999,1,-0.89162459999999999,0,0,"SPRITLEY EBONY7","SPRITLEY EBONY44296"]
["2021-04-10","WPK",520,1,null,7,32,7,9,4,"ITS A RUSH",47.715310000000002,1,-0.89162459999999999,0,0,"ITS A RUSH7","ITS A RUSH44296"]
["2021-04-10","WPK",520,1,null,7,32,8,1,1,"FARMOR BEACH",48.266509999999997,1,-0.89162459999999999,0,0,"FARMOR BEACH8","FARMOR BEACH44296"]
["2021-04-10","WPK",520,1,null,7,21,8,2,2,"VICKIS QUEEN",47.952089999999998,1,-0.89162459999999999,0,0,"VICKIS QUEEN8","VICKIS QUEEN44296"]
["2021-04-10","WPK",520,1,null,7,31,8,3,3,"WOW",48.275840000000002,1,-0.89162459999999999,0,0,"WOW8","WOW44296"]
["2021-04-10","WPK",520,1,null,7,23,8,4,4,"BAROQUE KNIGHT",47.988379999999999,1,-0.89162459999999999,0,0,"BAROQUE KNIGHT8","BAROQUE KNIGHT44296"]
["2021-04-10","WPK",520,1,null,7,41,8,5,5,"DEVEL SIXTEEN",47.742809999999999,1,-0.89162459999999999,0,0,"DEVEL SIXTEEN8","DEVEL SIXTEEN44296"]
["2021-04-10","WPK",520,1,null,7,56,8,6,6,"FIRE ON ICE",47.809289999999997,1,-0.89162459999999999,0,0,"FIRE ON ICE8","FIRE ON ICE44296"]
["2021-04-10","WPK",520,1,null,7,20,8,7,7,"ZIPPING KYRGIOS",47.905589999999997,1,-0.89162459999999999,0,0,"ZIPPING KYRGIOS8","ZIPPING KYRGIOS44296"]
["2021-04-10","WPK",520,1,null,7,44,8,8,8,"TOMMY SHELBY",48.221060000000001,1,-0.89162459999999999,0,0,"TOMMY SHELBY8","TOMMY SHELBY44296"]
["2021-04-10","WPK",520,1,null,7,60,9,1,1,"CUMBRIA JIM",47.767879999999998,1,-0.89162459999999999,0,0,"CUMBRIA JIM9","CUMBRIA JIM44296"]
["2021-04-10","WPK",520,1,null,3,24,9,2,2,"OUTSIDE WORLD",47.644379999999998,1,-0.89162459999999999,0,0,"OUTSIDE WORLD9","OUTSIDE WORLD44296"]
["2021-04-10","WPK",520,1,null,7,17,9,3,3,"SIZZLE FLY",47.676929999999999,1,-0.89162459999999999,0,0,"SIZZLE FLY9","SIZZLE FLY44296"]
["2021-04-10","WPK",520,1,null,7,17,9,4,4,"SARITA",48.103819999999999,1,-0.89162459999999999,0,0,"SARITA9","SARITA44296"]
["2021-04-10","WPK",520,1,null,6,32,9,5,5,"CHASING MAVIS",47.637619999999998,1,-0.89162459999999999,0,0,"CHASING MAVIS9","CHASING MAVIS44296"]
["2021-04-10","WPK",520,1,null,6,32,9,7,7,"FIVE SECOND RULE",47.806399999999996,1,-0.89162459999999999,0,0,"FIVE SECOND RULE9","FIVE SECOND RULE44296"]
["2021-04-10","WPK",520,1,null,6,42,9,8,8,"OPINIONS",47.56297,1,-0.89162459999999999,0,0,"OPINIONS9","OPINIONS44296"]
["2021-04-10","WPK",520,1,null,17,20,9,9,6,"ALONG THE LINE",47.55968,1,-0.89162459999999999,0,0,"ALONG THE LINE9","ALONG THE LINE44296"]
["2021-04-10","WPK",520,1,"L HARRIS",27,53,10,1,1,"YOU DEE ELLE",47.004759999999997,1,-0.89162459999999999,0,0,"YOU DEE ELLE10","YOU DEE ELLE44296"]
["2021-04-10","WPK",520,1,"S SWAIN",35,75,10,2,2,"BUCKS FUTURE",47.222029999999997,1,-0.89162459999999999,0,0,"BUCKS FUTURE10","BUCKS FUTURE44296"]
["2021-04-10","WPK",520,1,null,31,30,10,3,3,"ONYX CHIEF",46.763379999999998,1,-0.89162459999999999,0,0,"ONYX CHIEF10","ONYX CHIEF44296"]
["2021-04-10","WPK",520,1,null,13,52,10,6,6,"NO PROBLEM HERE",47.196750000000002,1,-0.89162459999999999,0,0,"NO PROBLEM HERE10","NO PROBLEM HERE44296"]
["2021-04-10","WPK",520,1,"J RICHARDSON",23,123,10,7,7,"SUNBURNT HIGHWAY",47.414459999999998,1,-0.89162459999999999,0,0,"SUNBURNT HIGHWAY10","SUNBURNT HIGHWAY44296"]
["2021-04-10","WPK",520,1,null,28,71,10,8,8,"ZEST TO EXCEL",47.438189999999999,1,-0.89162459999999999,0,0,"ZEST TO EXCEL10","ZEST TO EXCEL44296"]
["2021-04-10","WPK",520,1,null,9,22,11,1,1,"LAKEVIEW CRUISER",48.687260000000002,1,-0.89162459999999999,0,0,"LAKEVIEW CRUISER11","LAKEVIEW CRUISER44296"]
["2021-04-10","WPK",520,1,null,3,43,11,2,2,"EBBY JET POWER",48.103090000000002,1,-0.89162459999999999,0,0,"EBBY JET POWER11","EBBY JET POWER44296"]
["2021-04-10","WPK",520,1,null,7,49,11,5,5,"UNREAL ETHICS",47.72587,1,-0.89162459999999999,0,0,"UNREAL ETHICS11","UNREAL ETHICS44296"]
["2021-04-10","WPK",520,1,null,7,29,11,7,7,"ROYAL EMGRAND",47.699260000000002,1,-0.89162459999999999,0,0,"ROYAL EMGRAND11","ROYAL EMGRAND44296"]
["2021-04-10","WPK",520,1,null,9,46,11,8,8,"COULD BE MAGIC",47.330350000000003,1,-0.89162459999999999,0,0,"COULD BE MAGIC11","COULD BE MAGIC44296"]

{"sheet":"past_races","index":8,"n_rows":221,"n_cols":18,"rows_kept":221,"cut":false,"hidden":false,"merged":[]}
["Shepparton R11 385m","ULS","UL","MLO","Back","Lay","MBO","UB","UBS","Matched","BF","Public","LS","L","Fair Odds","B","BS","P/L"]
["1. Super Rage",null,null,30,23,140,60,null,null,0,0,21,null,null,38.271812272878982,null,null,0]
["2. Perfect Rocky",null,null,3.5,3.65,7.2,5.0999999999999996,null,null,0,0,3.6,null,null,4.2737780325359873,null,null,0]
["3. Zita",null,null,2.64,2.64,2.74,3.75,null,null,13.56,2.74,2.6,null,null,3.2246453406739963,null,null,0]
["4. Totally Know",null,null,2.8,3.35,6.6,4,null,null,0,0,3.1,null,null,3.4209427006523199,null,null,0]
["5. Make A Pat",null,null,22,12,46,40,null,null,0,0,14,null,null,26.904930697966172,null,null,0]
["6. Blackjack Cougar",null,null,29,15,50,60,null,null,0,0,15,null,null,35.916725968719824,null,null,0]
["7. Mr Vinnie",null,null,22,18,110,42,null,null,0,0,18,null,null,27.882662619096273,null,null,0]
["8. Lektra Desire",null,null,22,17,100,42,null,null,0,0,16,null,null,27.335310648360021,null,null,0]
[]
[]
[]
[]
[]
[]
[]
[]
[]
[]
[]
[]
[]
[]
[]
[]
[]
[]
[]
[]
[]
[]
[]
[]
[]
[]
[]
[]
["Richmond R6 330m","ULS","UL","MLO","Back","Lay","MBO","UB","UBS","Matched","BF","Public","LS","L","Fair Odds","B","BS","P/L"]
["1. Glorious Gain",17,15.5,15.5,17,20,27,27,12,771.75,15.8,11,50.4,13.970535714285713,18.923031239555936,null,null,-749.65]
["2. Coco Suzy",null,null,32,75,95,65,90,2,229.51,67.900000000000006,34,null,null,39.614627527652154,75.788079470198667,15.1,1098.8699999999999]
["3. Siddy Sioux",161,1.39,1.39,1.52,1.54,1.82,null,null,14260.83,1.65,1.45,null,null,1.7061153923849246,null,null,-45.53]
["4. Jimmy Ballows",null,null,14.5,24,28,26,28,11,353.17,20.73,14,null,null,18.151825726187219,24.953871499176273,12.14,257.41000000000003]
["6. June Twenty Six",19,13.5,13.5,16,18,24,24,13,354.73,17.41,13,null,null,16.663844761448381,null,null,-45.53]
["7. Dancing Sioux",null,null,3.7,5.0999999999999996,5.4,5.5,5.5,49.31,2139.83,4.7699999999999996,4.2,null,null,4.5313809152143207,5.3625855291891105,68.69,322.83]
[]
[]
[]
[]
[]
[]
[]
[]
[]
[]
[]
[]
[]
[]
[]
[]
[]
[]
[]
[]
[]
[]
[]
[]
[]
[]
[]
[]
["Richmond R7 330m","ULS","UL","MLO","Back","Lay","MBO","UB","UBS","Matched","BF","Public","LS","L","Fair Odds","B","BS","P/L"]
["2. Xalynn Bale",null,null,38,75,110,1000,1000,1,188.11,66.37,41,null,null,48.587762985970315,76.46643109540635,5.66,447.56]
["3. Sketchy Halo",null,null,2.96,3.75,4.2,4.3,4.3,70,1560.29,4.03,3,null,null,3.6202133667853014,4.2251559251559252,4.8099999999999996,35.08]
["6. Block Me",30,8.6,8.6,8.6,10.5,14.5,14.5,22,916.68,9.7200000000000006,8.5,27.06,8.8000000000000007,10.598779746088494,11,1.83,-203.24]
["7. Senor Sioux",173,1.4,1.4,1.56,1.67,1.83,null,null,20233.36,1.61,1.55,null,null,1.71338006648782,null,null,14.76]
["8. Fortune Seeker",null,null,32,55,65,65,65,5,143.18,42.34,26,null,null,39.68297875923345,null,null,14.76]
[]
[]
[]
[]
[]
[]
[]
[]
[]
[]
[]
[]
[]
[]
[]
[]
[]
[]
[]
[]
[]
[]
[]
[]
[]
[]
[]
[]
["Richmond R8 330m","ULS","UL","MLO","Back","Lay","MBO","UB","UBS","Matched","BF","Public","LS","L","Fair Odds","B","BS","P/L"]
["1. Go Bonzo",null,null,11,17,18.5,18.5,18.5,15,428.92,21.79,14,null,null,13.433720379943981,21.000000000000004,1.42,195.88]
["2. Slippery Sioux",35,7.4,7.4,9.6,11,12.5,12.5,25,861.74,8.39,7,null,null,9.2619789684939668,8.1999999999999975,20,330.06]
["3. Main Attraction",4,75,75,90,120,1000,1000,1,68.61,84.92,51,null,null,93.585201238973468,null,null,166.06]
["4. Bears Best",null,null,5.9,6.2,6.8,9.1999999999999993,null,null,2231.5100000000002,6.18,4.5999999999999996,259.08,5.9537787555967263,7.2301373402785281,null,null,-1376.44]
["6. Torpedo Rose",113,1.91,1.91,2.16,2.1800000000000002,2.6,2.7,115,16275.64,2.5299999999999998,2.15,null,null,2.3381015091797943,3.05,71.599999999999994,384.44]
["7. Shake The World",76,3.4,3.4,4.3,4.7,5,5,62,3678.52,3.77,3.5,null,null,4.1511115114767172,null,null,166.06]
[]
[]
[]
[]
[]
[]
[]
[]
[]
[]
[]
[]
[]
[]
[]
[]
[]
[]
[]
[]
[]
[]
[]
[]
[]
[]
[]
[]
["Richmond R9 330m","ULS","UL","MLO","Back","Lay","MBO","UB","UBS","Matched","BF","Public","LS","L","Fair Odds","B","BS","P/L"]
["1. My Play Maker",null,null,6.8,9.8000000000000007,11,11,11,29,1110.83,11.39,9,null,null,8.462269809369289,11.357211461501521,62.47,778.62]
["2. Montana Girl",12,18,18,18.5,21,34,36,8,208.62,22.03,18,null,null,22.341566353674054,null,null,69.13]
["3. Pacific Gold",109,2.34,2.34,2.84,2.94,3.3,3.3,94,5799.77,2.86,2.2999999999999998,null,null,2.8723536717130926,null,null,69.13]
["4. Lead This Way",3,18,17.5,17.5,19,32,null,null,538.92999999999995,17.97,16,81.91,18.371322182883656,21.398874186005017,null,null,-1435.66]
["5. Impress Smokey",null,null,5.7,8.1999999999999993,8.8000000000000007,9,9,35,687.95,7.45,6.5,null,null,7.0338542019086292,8,20.170000000000002,230.49]
["6. Snoozy Sioux",74,3.5,3.5,3.65,3.9,5.2,null,null,6222.06,3.66,3.2,null,null,4.3161826583649026,null,null,69.13]
["8. Blazing Xeni",21,11.5,11.5,12.5,15.5,21,21,12,690.36,13.85,11,69.86,13.262811336959633,14.633783468381013,null,null,-857.41]
[]
[]
[]
[]
[]
[]
[]
[]
[]
[]
[]
[]
[]
[]
[]
[]
[]
[]
[]
[]
[]
[]
[]
[]
[]
[]
[]
[]
["Richmond R10 330m","ULS","UL","MLO","Back","Lay","MBO","UB","UBS","Matched","BF","Public","LS","L","Fair Odds","B","BS","P/L"]
["1. Deposit Taken",null,null,4.9000000000000004,6.2,6.6,7.6,7.2,36,3090.08,5.93,5,94.91,5.4120219154988947,6.0544912680741936,null,null,-419.16]
["2. Tia Herrera",null,null,15.5,19,21,27,25,13,438.97,17.5,14,null,null,18.946800813447613,18,36,742.5]
["3. Jimmy Sioux",25,10.5,10.5,11.5,13,18,null,null,526.34,10.82,8.5,null,null,13.100915425201217,null,null,94.5]
["4. Als Scooby Doo",14,15.5,16.5,19,22,30,28,12,408.25,21.43,17,14,19.5,20.44552283539371,null,null,-178.5]
["5. Muriel Tarantino",117,2.2000000000000002,2.16,2.44,2.46,3,null,null,10444.25,2.6,2.15,null,null,2.6551929033150157,null,null,104.5]
["7. Sovereign Sin",null,null,29,24,29,55,null,null,421.76,24.73,21,31.59,23.962646407090851,35.738401798732397,null,null,-652.48]
["8. Arquette",null,null,3.25,4.4000000000000004,4.5999999999999996,4.7,5,55,2281.09,4.96,4,null,null,3.9649276109051956,null,null,104.5]
[]
[]
[]
[]
[]
[]
[]
[]
[]
[]
[]
[]
[]
[]
[]
[]
[]
[]
[]
[]
[]
[]
[]
[]
[]
[]
[]
[]
["Shepparton R12 385m","ULS","UL","MLO","Back","Lay","MBO","UB","UBS","Matched","BF","Public","LS","L","Fair Odds","B","BS","P/L"]
["1. Kamari",null,null,12,15,34,22,null,null,0,0,13,null,null,15.158048837331512,null,null,0]
["2. Lucas Entity",null,null,48,38,260,1000,null,null,0,0,34,null,null,58.740665315723788,null,null,0]
["3. All Inn Mia",null,null,4.0999999999999996,5.6,7.8,6.2,null,null,118.34,7.23,4.8,null,null,5.0473247571793918,null,null,0]
["5. Madame Pookie",null,null,7.6,9.4,10,12.5,null,null,127.31,8.74,7,null,null,9.4775800461589146,null,null,0]
["6. Six And Out",null,null,7.2,7.8,15.5,12,null,null,0,0,6.5,null,null,8.874564666123808,null,null,0]
["7. Walk On Bye",null,null,2.12,2.06,2.6,2.92,null,null,43.59,2.3199999999999998,2,null,null,2.5960056474874551,null,null,0]
["8. Jaimandy Roy",null,null,7,5.3,11.5,11.5,null,null,0,0,5,null,null,8.6595993101188462,null,null,0]

{"sheet":"bet_log","index":9,"n_rows":1,"n_cols":19,"rows_kept":1,"cut":false,"hidden":false,"merged":[]}
["ref","selection","stake","odds","matched","type","date","location","race","market_eff","ttj","p/l","amp","rating","public","fair_odds","filter","dist","udi"]

{"sheet":"bf_data","index":10,"n_rows":8,"n_cols":28,"rows_kept":8,"cut":false,"hidden":false,"merged":[]}
["udi","b_3_odds","b_2_odds","b_1_odds","l_1_odds","l_2_odds","l_3_odds","b_3_vol","b_2_vol","b_1_vol","l_1_vol","l_2_vol","l_3_vol","matched","lpt","amp","tab","ubet","t/o","t/o","ttj","uri","runner","lay_matched","lay_odds","back_matched","back_odds","profit_loss"]
["KAMARI44296",13,14,15,34,44,65,8,30,7,6,6,6,0,0,0,13,13,15.157999999999999,15.157999999999999,534,"Shepparton-12-44296","1. Kamari",0,"",0,"",0]
["LUCAS ENTITY44296",30,36,38,260,600,0,5,11,6,9,7,0,0,0,0,34,34,58.741,58.741,534,"Shepparton-12-44296","2. Lucas Entity",0,"",0,"",0]
["ALL INN MIA44296",5.2,5.4,5.6,8.1999999999999993,8.6,9,7,7,7,25,11,5,118.24,7.8,7.23,4.8,4.8,5.0469999999999997,5.0469999999999997,534,"Shepparton-12-44296","3. All Inn Mia",0,"",0,"",0]
["MADAME POOKIE44296",6.6,8,9.4,10,12,14.5,80,42,8,5,15,8,127.31,9.6,8.74,7,7,9.4779999999999998,9.4779999999999998,534,"Shepparton-12-44296","5. Madame Pookie",0,"",0,"",0]
["SIX AND OUT44296",6.6,7.4,7.8,15.5,16.5,19,17,61,6,6,5,10,0,0,0,6.5,6.5,8.875,8.875,534,"Shepparton-12-44296","6. Six And Out",0,"",0,"",0]
["WALK ON BYE44296",1.95,2.04,2.06,2.66,2.7,2.72,409,377,7,9,5,9,43.59,2.06,2.3199999999999998,2,2,2.5960000000000001,2.5960000000000001,534,"Shepparton-12-44296","7. Walk On Bye",0,"",0,"",0]
["JAIMANDY ROY44296",4.8,5.2,5.3,11.5,14.5,16,25,93,6,12,9,16,0,0,0,5,5,8.66,8.66,534,"Shepparton-12-44296","8. Jaimandy Roy",0,"",0,"",0]

{"sheet":"data_log","index":11,"n_rows":304,"n_cols":3,"rows_kept":304,"cut":false,"hidden":false,"merged":[]}
["earnings","today_bkrl","script_spd"]
[0,103432.64,116]
[-1085,103283.43000000001]
[1045,102688.11]
[2076,102688.10999999999]
[3856,103912.7]
[6333,102871.5]
[5979,102904.81]
[5681,103038.94]
[8590]
[7851]
[9051]
[9109]
[6928]
[5890]
[5389]
[3245]
[5294]
[6116]
[7070]
[6707]
[7202]
[6130]
[5929]
[6008]
[6645]
[9002]
[8243]
[13257]
[11987]
[12040]
[10484]
[10202]
[10623]
[11571]
[9964]
[9254]
[9324]
[7322]
[6259]
[4833]
[1862]
[2308]
[5777]
[7325]
[5056]
[6117]
[5004]
[8872]
[9627]
[15968]
[13447]
[21322]
[22385]
[17850]
[17628]
[18616]
[22111]
[24561]
[32221]
[32969]
[29704]
[23551]
[25991]
[22899]
[23958]
[22848]
[21078]
[19514]
[19153]
[18696]
[15372]
[15458]
[17234]
[18410]
[19684]
[17730]
[20001]
[19018]
[27763]
[29060]
[28927]
[25036]
[23534]
[23660]
[25723]
[26794]
[29784]
[34632]
[36319]
[45367]
[45880]
[46342]
[48173]
[49821]
[45555]
[52973]
[47838]
[50827]
[48938]
[45397]
[48565]
[42841]
[44126]
[46497]
[43704]
[35355]
[34513]
[31801]
[36571]
[40596]
[41911]
[45423]
[38767]
[33804]
[37150]
[37104]
[38070]
[37197]
[36992]
[41526]
[42418]
[41013]
[45435]
[39335]
[40378]
[46104]
[44663]
[44149]
[50405]
[48102]
[45756]
[50903]
[52730]
[61551]
[62966]
[67429]
[62625]
[56568]
[58687]
[70172]
[64439]
[68548]
[66806]
[60583]
[55451]
[55806]
[53628]
[58837]
[58176]
[62372]
[74654]
[62199]
[67590]
[57892]
[62388]
[58909]
[59925]
[63444]
[60918]
[65402]
[61692]
[64051]
[63512]
[67658]
[72260]
[66615]
[68296]
[66971]
[72777]
[63563]
[62043]
[62334]
[57281]
[57402]
[59491]
[62028]
[71559]
[80515]
[85777]
[84886]
[82483]
[78400]
[76598]
[73607]
[70947]
[67769]
[78893]
[87451]
[90509]
[96479]
[99429]
[96771]
[111085]
[119393]
[123965]
[125208]
[123738]
[127081]
[117787]
[125500]
[115853]
[121558]
[128620]
[121418]
[116491]
[113104]
[109611]
[116313]
[110350]
[105591]
[105514]
[101283]
[80465]
[81165]
[86780]
[93835]
[101587]
[89522]
[87937]
[91422]
[109207]
[117643]
[112141]
[108066]
[104074]
[109980]
[101428]
[95137]
[92729]
[83807]
[84512]
[83956]
[85741]
[83253]
[78782]
[78347]
[78053]
[71006]
[67650]
[75061]
[62422]
[69646]
[75034]
[71776]
[75736]
[82802]
[82959]
[82520]
[80101]
[64685]
[64175]
[65065]
[58740]
[68004]
[72545]
[70747]
[73367]
[78910]
[83460]
[84014]
[84393]
[85572]
[98988]
[102759]
[102528]
[112165]
[118536]
[122705]
[137409]
[101455]
[112064]
[124652]
[127646]
[125358]
[116971]
[111659]
[96955]
[105499]
[104819]
[97442]
[106305]
[104126]
[111538]
[129230]
[135916]
[127019]
[118664]
[121346]
[121393]
[121136]
[129310]
[140714]
[137852]
[137851.72]
[148222.17000000001]
[157223.20000000001]
[198306.75]
[199714.57]
[199480.72]
[199865.31]
[202818.35]
[199669.53]
[204432.64000000001]