{"text_format":"1","workbook":"xlsx","n_sheets":12,"sheets":["Markets","MyBets","Markets_QuickPickList","display","lookups","public","settings","ratings","past_races","bet_log","bf_data","data_log"],"not_rendered":{"charts":3,"images":10,"macros":1,"external_links":0,"defined_names":9,"comments":0,"pivot_tables":0},"unopened":[],"bounds":{"document_bytes":16777216,"sheet_cells":100000,"rows_first":2000,"rows_last":500,"rows_between":2000,"halvings":0,"cell_chars":16384,"cell_head_chars":4096},"cells_cut":0,"cells_raw":0,"read":"whole","date_system":"1900"}

{"sheet":"Markets","index":0,"n_rows":12,"n_cols":118,"rows_kept":12,"cut":false,"hidden":false,"merged":[[1,59,1,64],[1,106,1,109],[1,87,1,92],[1,114,1,116],[1,65,1,68],[1,69,1,72],[1,94,1,95],[1,96,1,97],[1,73,1,76],[1,77,1,79],[1,111,1,112],[1,104,1,105],[1,100,1,101],[1,102,1,103],[1,80,1,85]]}
["Mount Gambier (AUS) 5th Aug - 13:54 R8 512m Rest",null,null,"13:57:00",null,"Greyhound Racing\\AUS\\Mount Gambier (AUS) 5th Aug",null,"BFSP","Y","Streaming",null,null,"Parent id",30761182,"Version",3949299809]
["Last updated:",44413.575707152777,"13:49:01","00:05:00","Not In Play",null,null,"Balance:",43883.24,"U","Exposure:",-171.59,"Trans:",74,null,"Refresh rate(0.5):",null,null,null,null,null,null,null,null,null,null,null,null,null,null,null,null,null,null,null,null,null,null,null,null,null,null,null,null,null,null,null,null,null,null,null,null,null,null,null,null,null,null,null,"bet placement",null,null,null,null,null,"unmatched",null,null,null,"matched",null,null,null,"unmatched",null,null,null,"matched",null,null,"updated price adjustments",null,null,null,null,null,null,"fair odds calculation",null,null,null,null,null,20,"wom formulas",null,"market efficiency",null,2,2,"back lone ranger",null,"lay lone ranger",null,"aggressive bet",null,"mlo & mbo calculations",null,null,null,8,"pricing setup",null,1,"pricing setup",null,null,1]
["Total matched:",8513.26,null,"Winners",1,"NR",0,"Turn IP","N",109,"IR Delay",0,"Market id",186033810,"Comm:",2.4,null,null,null,null,null,null,null,null,null,null,null,null,null,null,null,null,null,null,null,null,null,null,null,null,null,null,null,null,null,null,null,null,null,null,null,null,"clean","unique","truncated","odds",null,null,"fair","final","lay","lay","final","back","back","lay","lay","lay","bet","lay","lay","average","current","back","back","back","bet","back",null,"average","lay","lay","back","back","lay","back",null,"public ","ln","comb","sum","comb","fair","weight","wom","wom ","back","lay","back 1 - 2","lay 1 - 2","back","prefered","lay","prefered","back","lay","raw","raw","rounded","rounded","rounded",null,"remaining",null,"fair",null,"remaining"]
["Selection name","Back Odds 3",null,"Back Odds 2",null,"Back Odds 1",null,"Lay Odds 1",null,"Lay Odds 2",null,"Lay Odds 3",null,"Reduction factor","Last price matched","Total amount matched","Trigger","Odds","Stake","Bet ref","Bet time","Avg matched odds","Matched stake","Profit / Loss","SP","Average last price matched","Close Profit/Loss","Race Status","Result","Result",null,null,null,null,null,null,null,null,null,null,null,null,null,null,null,null,null,null,null,null,null,null,"runner","id","rating","coeff","filter","public","odds","mlo","price","stake","mbo","price","stake","count","odds","stake","id","matched","liability","odds","payout","count","odds","stake","id","matched","potential","odds","odds","stake","odds","stake","agg odds","agg odds",null,"price","public","sum","exp","prob","odds","perc","prob","fair odds","market","market","tick count","tick count","flag","back","flag","lay","+1 tick"," -1 tick","mlo","mbo","mlo","mbo","secondary","L","payout","LS","back","B","payout","BS"]
["1. Shady Past",1.3,55,1.31,91,1.32,27,1.33,101,1.35,90,1.37,10,0,1.32,8006.34,null,null,null,null,null,0,0,0,1.31,1.3,0,null,null,null,null,null,null,null,null,null,null,null,null,null,null,null,null,null,null,null,null,null,null,null,null,null,"Shady Past","SHADY PAST44413",27.719349999999999,-0.98537019999999997,0,1.25,{"$f":"IFERROR(CR5,\"\")","v":1.3087424787075308},{"$f":"DE5","v":1.07},{"$f":"DH5","v":1.07},{"$f":"DJ5","v":47},{"$f":"DF5","v":1.36},{"$f":"DL5","v":1.36},{"$f":"DN5","v":44},{"$f":"IF(BA5<>\"\",COUNTIFS(MyBets!B$2:B$1000,A5,MyBets!F$2:F$1000,\"L\",MyBets!E$2:E$1000,\"U\"),\"\")","v":0},{"$f":"IF(A5<>\"\",SUMIFS(MyBets!$D$2:$D$1000,MyBets!$B$2:$B$1000,A5,MyBets!$E$2:$E$1000,\"U\",MyBets!$F$2:$F$1000,\"L\"),\"\")","v":0},{"$f":"IF(A5<>\"\",SUMIFS(MyBets!$C$2:$C$1000,MyBets!$B$2:$B$1000,A5,MyBets!$E$2:$E$1000,\"U\",MyBets!$F$2:$F$1000,\"L\"),\"\")","v":0},{"$f":"IF(A5<>\"\",SUMIFS(MyBets!$A$2:$A$1000,MyBets!$B$2:$B$1000,A5,MyBets!$E$2:$E$1000,\"U\",MyBets!$F$2:$F$1000,\"L\"),\"\")","v":0},{"$f":"IF(A5<>\"\",SUMIFS(MyBets!$C$2:$C$1000,MyBets!$B$2:$B$1000,A5,MyBets!$E$2:$E$1000,\"F\",MyBets!$F$2:$F$1000,\"L\"),\"\")","v":0},{"$f":"IF(A5<>\"\",SUMIFS(MyBets!$I$2:$I$1000,MyBets!$B$2:$B$1000,A5,MyBets!$E$2:$E$1000,\"F\",MyBets!$F$2:$F$1000,\"L\"),\"\")","v":0},{"$f":"IF(A5<>\"\",IF(BR5>0,(BS5+BR5)/BR5,\"\"),\"\")","v":""},{"$f":"IF(A5<>\"\",IF(BT5<>\"\",BT5*BR5,0),\"\")","v":0},{"$f":"IF(BA5<>\"\",COUNTIFS(MyBets!B$2:B$1000,A5,MyBets!F$2:F$1000,\"B\",MyBets!E$2:E$1000,\"U\"),\"\")","v":0},{"$f":"IF(A5<>\"\",SUMIFS(MyBets!$D$2:$D$1000,MyBets!$B$2:$B$1000,A5,MyBets!$E$2:$E$1000,\"U\",MyBets!$F$2:$F$1000,\"B\"),\"\")","v":0},{"$f":"IF(A5<>\"\",SUMIFS(MyBets!$C$2:$C$1000,MyBets!$B$2:$B$1000,A5,MyBets!$E$2:$E$1000,\"U\",MyBets!$F$2:$F$1000,\"B\"),\"\")","v":0},{"$f":"IF(A5<>\"\",SUMIFS(MyBets!$A$2:$A$1000,MyBets!$B$2:$B$1000,A5,MyBets!$E$2:$E$1000,\"U\",MyBets!$F$2:$F$1000,\"B\"),\"\")","v":0},{"$f":"IF(A5<>\"\",SUMIFS(MyBets!$C$2:$C$1000,MyBets!$B$2:$B$1000,A5,MyBets!$E$2:$E$1000,\"F\",MyBets!$F$2:$F$1000,\"B\"),\"\")","v":0},{"$f":"IF(A5<>\"\",SUMIFS(MyBets!$G$2:$G$1000,MyBets!$B$2:$B$1000,A5,MyBets!$E$2:$E$1000,\"F\",MyBets!$F$2:$F$1000,\"B\"),\"\")","v":0},{"$f":"IF(A5<>\"\",IF(BZ5>0,SUM((CA5+BZ5)/BZ5)-1,\"\"),\"\")","v":""},null,null,null,null,null,null,null,{"$f":"IF(A5<>\"\",BF5,\"\")","v":1.25},{"$f":"IF(A5<>\"\",LN(CJ5),\"\")","v":0.22314355131420976},{"$f":"IF(A5<>\"\",BC5+BD5*CK5,\"\")","v":27.499470994212807},{"$f":"IF(A5<>\"\",EXP(CL5),\"\")","v":876735330557.49841},{"$f":"IF(A5<>\"\",CM5/SUM($CM$5:$CM$29),\"\")","v":0.76409226128853536},{"$f":"IF(A5<>\"\",1/CN5,\"\")","v":1.3087424787075308},{"$f":"IFERROR((BR5+BS5-BZ5-CA5)/MAX(LPO,BPO),\"\")","v":0},{"$f":"IF(CO5<>\"\",(1/CO5)^(1-CP5/$CP$2),\"\")","v":0.76409226128853536},{"$f":"IFERROR(1/(CQ5/SUM($CQ$5:$CQ$29)),\"\")","v":1.3087424787075308},{"$f":"IFERROR(1/F5,\"\")","v":0.75757575757575757},{"$f":"IFERROR(1/H5,\"\")","v":0.75187969924812026},{"$f":"IF(A5<>\"\",VLOOKUP(F5,bf_odds,2,FALSE)-VLOOKUP(D5,bf_odds,2,FALSE),\"\")","v":1},{"$f":"IF(A5<>\"\",VLOOKUP(IF(J5=0,1,J5),bf_odds,2,FALSE)-VLOOKUP(H5,bf_odds,2,FALSE),\"\")","v":2},{"$f":"IF(A5<>\"\",IF(AND(I5<=BX5+1,H5=BW5,CV5>=$CV$2),1,0),\"\")","v":0},{"$f":"IF(CW5=1,VLOOKUP(J5-0.001,bf_odds,1),\"\")","v":""},{"$f":"IF(A5<>\"\",IF(AND(E5<=BP5+1,F5=BO5,CU5>=$CU$2),1,0),\"\")","v":0},{"$f":"IF(CY5=1,VLOOKUP(D5+0.001,bf_odds,1),\"\")","v":""},{"$f":"IF(F5<>\"\",IF(CG5=F5,F5,VLOOKUP(F5+0.001,bf_odds,3)),\"\")","v":1.33},{"$f":"IF(H5<>\"\",IF(CH5=H5,H5,VLOOKUP(H5-0.001,bf_odds,1)),\"\")","v":1.32},{"$f":"IF(A5<>\"\",CR5*mlo,\"\")","v":1.0731688325401751},{"$f":"IF(A5<>\"\",IF(CR5>40,1000,EXP(LN(CR5)*mbo)),\"\")","v":1.3516887607977996},{"$f":"IFERROR(IF(A5<>\"\",VLOOKUP(DC5,bf_odds,1),\"\"),\"\")","v":1.07},{"$f":"IFERROR(IF(A5<>\"\",VLOOKUP(DD5,bf_odds,3),\"\"),\"\")","v":1.36},{"$f":"IFERROR(IF(DD5*$DG$2,VLOOKUP(DD5*$DG$2,bf_odds,3),\"\"),\"\")","v":11},{"$f":"IF(A5<>\"\",IF(F5<=DE5,IF(TTJ<AGR,DA5,IF(CZ5<>\"\",CZ5,F5)),DE5),\"\")","v":1.07},{"$f":"IF(A5<>\"\",IF(LPO-BU5<0,0,LPO-BU5),\"\")","v":296.54719795003155},{"$f":"IF(A5<>\"\",CEILING(IF(DI5>LTR,LTR/DH5,DI5/DH5),$DJ$2),\"\")","v":47},{"$f":"IF(A5<>\"\",IF(H5=0,DG5,DF5),\"\")","v":1.36},{"$f":"IF(A5<>\"\",IF(H5=0,DK5,IF(H5>=DK5,IF(TTJ<AGR,DB5,IF(CX5<>\"\",CX5,H5)),DK5)),\"\")","v":1.36},{"$f":"IF(A5<>\"\",IF(BPO-CA5<0,0,BPO-CA5),\"\")","v":237.23775836002528},{"$f":"IFERROR(IF(A5<>\"\",CEILING(IF(DM5>BTR,BTR/DL5,DM5/DL5),$DN$2),\"\"),\"\")","v":44}]
["2. Amorphous Fire",11.5,5,12,15,12.5,17,14,15,14.5,10,15,53,0,13,62.11,null,null,null,null,null,0,0,0,12.43,13.97,0,null,null,null,null,null,null,null,null,null,null,null,null,null,null,null,null,null,null,null,null,null,null,null,null,null,"Amorphous Fire","AMORPHOUS FIRE44413",27.099769999999999,-0.98537019999999997,0,13,{"$f":"IFERROR(CR6,\"\")","v":24.439297543857379},20,12.5,4,{"$f":"DF6","v":36},36,2,{"$f":"IF(BA6<>\"\",COUNTIFS(MyBets!B$2:B$1000,A6,MyBets!F$2:F$1000,\"L\",MyBets!E$2:E$1000,\"U\"),\"\")","v":0},{"$f":"IF(A6<>\"\",SUMIFS(MyBets!$D$2:$D$1000,MyBets!$B$2:$B$1000,A6,MyBets!$E$2:$E$1000,\"U\",MyBets!$F$2:$F$1000,\"L\"),\"\")","v":0},{"$f":"IF(A6<>\"\",SUMIFS(MyBets!$C$2:$C$1000,MyBets!$B$2:$B$1000,A6,MyBets!$E$2:$E$1000,\"U\",MyBets!$F$2:$F$1000,\"L\"),\"\")","v":0},{"$f":"IF(A6<>\"\",SUMIFS(MyBets!$A$2:$A$1000,MyBets!$B$2:$B$1000,A6,MyBets!$E$2:$E$1000,\"U\",MyBets!$F$2:$F$1000,\"L\"),\"\")","v":0},{"$f":"IF(A6<>\"\",SUMIFS(MyBets!$C$2:$C$1000,MyBets!$B$2:$B$1000,A6,MyBets!$E$2:$E$1000,\"F\",MyBets!$F$2:$F$1000,\"L\"),\"\")","v":0},{"$f":"IF(A6<>\"\",SUMIFS(MyBets!$I$2:$I$1000,MyBets!$B$2:$B$1000,A6,MyBets!$E$2:$E$1000,\"F\",MyBets!$F$2:$F$1000,\"L\"),\"\")","v":0},"",0,{"$f":"IF(BA6<>\"\",COUNTIFS(MyBets!B$2:B$1000,A6,MyBets!F$2:F$1000,\"B\",MyBets!E$2:E$1000,\"U\"),\"\")","v":0},{"$f":"IF(A6<>\"\",SUMIFS(MyBets!$D$2:$D$1000,MyBets!$B$2:$B$1000,A6,MyBets!$E$2:$E$1000,\"U\",MyBets!$F$2:$F$1000,\"B\"),\"\")","v":0},{"$f":"IF(A6<>\"\",SUMIFS(MyBets!$C$2:$C$1000,MyBets!$B$2:$B$1000,A6,MyBets!$E$2:$E$1000,\"U\",MyBets!$F$2:$F$1000,\"B\"),\"\")","v":0},{"$f":"IF(A6<>\"\",SUMIFS(MyBets!$A$2:$A$1000,MyBets!$B$2:$B$1000,A6,MyBets!$E$2:$E$1000,\"U\",MyBets!$F$2:$F$1000,\"B\"),\"\")","v":0},{"$f":"IF(A6<>\"\",SUMIFS(MyBets!$C$2:$C$1000,MyBets!$B$2:$B$1000,A6,MyBets!$E$2:$E$1000,\"F\",MyBets!$F$2:$F$1000,\"B\"),\"\")","v":0},{"$f":"IF(A6<>\"\",SUMIFS(MyBets!$G$2:$G$1000,MyBets!$B$2:$B$1000,A6,MyBets!$E$2:$E$1000,\"F\",MyBets!$F$2:$F$1000,\"B\"),\"\")","v":0},"",null,null,null,null,null,null,null,13,2.5649493574615367,24.572345338648255,46949826099.755547,4.0917706337731542E-2,24.439297543857379,0,{"$f":"IF(CO6<>\"\",(1/CO6)^(1-CP6/$CP$2),\"\")","v":4.0917706337731542E-2},{"$f":"IFERROR(1/(CQ6/SUM($CQ$5:$CQ$29)),\"\")","v":24.439297543857379},0.08,7.1428571428571425E-2,{"$f":"IF(A6<>\"\",VLOOKUP(F6,bf_odds,2,FALSE)-VLOOKUP(D6,bf_odds,2,FALSE),\"\")","v":1},1,{"$f":"IF(A6<>\"\",IF(AND(I6<=BX6+1,H6=BW6,CV6>=$CV$2),1,0),\"\")","v":0},"",{"$f":"IF(A6<>\"\",IF(AND(E6<=BP6+1,F6=BO6,CU6>=$CU$2),1,0),\"\")","v":0},"",13,13.5,20.040223985963049,35.86405279141087,20,36,290,12.5,296.54719795003155,4,36,36,237.23775836002528,2]
["3. See Me Socks",23,8,25,5,26,7,36,5,40,6,42,8,0,30,13.02,null,null,null,null,null,0,0,0,31,34.43,0,null,null,null,null,null,null,null,null,null,null,null,null,null,null,null,null,null,null,null,null,null,null,null,null,null,"See Me Socks","SEE ME SOCKS44413",27.195730000000001,-0.98537019999999997,0,17,28.921108601640043,23,23,3,44,44,2,{"$f":"IF(BA7<>\"\",COUNTIFS(MyBets!B$2:B$1000,A7,MyBets!F$2:F$1000,\"L\",MyBets!E$2:E$1000,\"U\"),\"\")","v":0},{"$f":"IF(A7<>\"\",SUMIFS(MyBets!$D$2:$D$1000,MyBets!$B$2:$B$1000,A7,MyBets!$E$2:$E$1000,\"U\",MyBets!$F$2:$F$1000,\"L\"),\"\")","v":0},{"$f":"IF(A7<>\"\",SUMIFS(MyBets!$C$2:$C$1000,MyBets!$B$2:$B$1000,A7,MyBets!$E$2:$E$1000,\"U\",MyBets!$F$2:$F$1000,\"L\"),\"\")","v":0},{"$f":"IF(A7<>\"\",SUMIFS(MyBets!$A$2:$A$1000,MyBets!$B$2:$B$1000,A7,MyBets!$E$2:$E$1000,\"U\",MyBets!$F$2:$F$1000,\"L\"),\"\")","v":0},{"$f":"IF(A7<>\"\",SUMIFS(MyBets!$C$2:$C$1000,MyBets!$B$2:$B$1000,A7,MyBets!$E$2:$E$1000,\"F\",MyBets!$F$2:$F$1000,\"L\"),\"\")","v":0},{"$f":"IF(A7<>\"\",SUMIFS(MyBets!$I$2:$I$1000,MyBets!$B$2:$B$1000,A7,MyBets!$E$2:$E$1000,\"F\",MyBets!$F$2:$F$1000,\"L\"),\"\")","v":0},"",0,{"$f":"IF(BA7<>\"\",COUNTIFS(MyBets!B$2:B$1000,A7,MyBets!F$2:F$1000,\"B\",MyBets!E$2:E$1000,\"U\"),\"\")","v":0},{"$f":"IF(A7<>\"\",SUMIFS(MyBets!$D$2:$D$1000,MyBets!$B$2:$B$1000,A7,MyBets!$E$2:$E$1000,\"U\",MyBets!$F$2:$F$1000,\"B\"),\"\")","v":0},{"$f":"IF(A7<>\"\",SUMIFS(MyBets!$C$2:$C$1000,MyBets!$B$2:$B$1000,A7,MyBets!$E$2:$E$1000,\"U\",MyBets!$F$2:$F$1000,\"B\"),\"\")","v":0},{"$f":"IF(A7<>\"\",SUMIFS(MyBets!$A$2:$A$1000,MyBets!$B$2:$B$1000,A7,MyBets!$E$2:$E$1000,\"U\",MyBets!$F$2:$F$1000,\"B\"),\"\")","v":0},{"$f":"IF(A7<>\"\",SUMIFS(MyBets!$C$2:$C$1000,MyBets!$B$2:$B$1000,A7,MyBets!$E$2:$E$1000,\"F\",MyBets!$F$2:$F$1000,\"B\"),\"\")","v":0},{"$f":"IF(A7<>\"\",SUMIFS(MyBets!$G$2:$G$1000,MyBets!$B$2:$B$1000,A7,MyBets!$E$2:$E$1000,\"F\",MyBets!$F$2:$F$1000,\"B\"),\"\")","v":0},"",null,null,null,null,null,null,null,17,2.8332133440562162,24.403966000524658,39674162753.886253,3.4576821164569484E-2,28.921108601640043,0,3.4576821164569484E-2,28.921108601640043,3.8461538461538464E-2,2.7777777777777776E-2,1,2,0,"",0,"",27,34,23.715309053344832,43.307262128512463,23,44,350,23,296.54719795003155,3,44,44,237.23775836002528,2]
["7. Bungaloo Sarah",42,15,50,8,85,6,400,5,470,5,510,5,0,90,4.18,null,null,null,null,null,0,0,0,91.5,96.59,0,null,null,null,null,null,null,null,null,null,null,null,null,null,null,null,null,null,null,null,null,null,null,null,null,null,"Bungaloo Sarah","BUNGALOO SARAH44413",27.15446,-0.98537019999999997,0,61,106.14545093695483,85,85,1,1000,1000,1,{"$f":"IF(BA8<>\"\",COUNTIFS(MyBets!B$2:B$1000,A8,MyBets!F$2:F$1000,\"L\",MyBets!E$2:E$1000,\"U\"),\"\")","v":0},{"$f":"IF(A8<>\"\",SUMIFS(MyBets!$D$2:$D$1000,MyBets!$B$2:$B$1000,A8,MyBets!$E$2:$E$1000,\"U\",MyBets!$F$2:$F$1000,\"L\"),\"\")","v":0},{"$f":"IF(A8<>\"\",SUMIFS(MyBets!$C$2:$C$1000,MyBets!$B$2:$B$1000,A8,MyBets!$E$2:$E$1000,\"U\",MyBets!$F$2:$F$1000,\"L\"),\"\")","v":0},{"$f":"IF(A8<>\"\",SUMIFS(MyBets!$A$2:$A$1000,MyBets!$B$2:$B$1000,A8,MyBets!$E$2:$E$1000,\"U\",MyBets!$F$2:$F$1000,\"L\"),\"\")","v":0},{"$f":"IF(A8<>\"\",SUMIFS(MyBets!$C$2:$C$1000,MyBets!$B$2:$B$1000,A8,MyBets!$E$2:$E$1000,\"F\",MyBets!$F$2:$F$1000,\"L\"),\"\")","v":0},{"$f":"IF(A8<>\"\",SUMIFS(MyBets!$I$2:$I$1000,MyBets!$B$2:$B$1000,A8,MyBets!$E$2:$E$1000,\"F\",MyBets!$F$2:$F$1000,\"L\"),\"\")","v":0},"",0,{"$f":"IF(BA8<>\"\",COUNTIFS(MyBets!B$2:B$1000,A8,MyBets!F$2:F$1000,\"B\",MyBets!E$2:E$1000,\"U\"),\"\")","v":0},{"$f":"IF(A8<>\"\",SUMIFS(MyBets!$D$2:$D$1000,MyBets!$B$2:$B$1000,A8,MyBets!$E$2:$E$1000,\"U\",MyBets!$F$2:$F$1000,\"B\"),\"\")","v":0},{"$f":"IF(A8<>\"\",SUMIFS(MyBets!$C$2:$C$1000,MyBets!$B$2:$B$1000,A8,MyBets!$E$2:$E$1000,\"U\",MyBets!$F$2:$F$1000,\"B\"),\"\")","v":0},{"$f":"IF(A8<>\"\",SUMIFS(MyBets!$A$2:$A$1000,MyBets!$B$2:$B$1000,A8,MyBets!$E$2:$E$1000,\"U\",MyBets!$F$2:$F$1000,\"B\"),\"\")","v":0},{"$f":"IF(A8<>\"\",SUMIFS(MyBets!$C$2:$C$1000,MyBets!$B$2:$B$1000,A8,MyBets!$E$2:$E$1000,\"F\",MyBets!$F$2:$F$1000,\"B\"),\"\")","v":0},{"$f":"IF(A8<>\"\",SUMIFS(MyBets!$G$2:$G$1000,MyBets!$B$2:$B$1000,A8,MyBets!$E$2:$E$1000,\"F\",MyBets!$F$2:$F$1000,\"B\"),\"\")","v":0},"",null,null,null,null,null,null,null,61,4.1108738641733114,23.103727398284772,10809891140.467228,9.4210349211663411E-3,106.14545093695483,0,9.4210349211663411E-3,106.14545093695483,1.1764705882352941E-2,2.5000000000000001E-3,7,7,0,"",0,"",90,390,87.039269768302958,1000,85,1000,1000,85,296.54719795003155,1,1000,1000,237.23775836002528,1]
["8. Golden Lester",6.4,13,6.8,21,7,27,8.6,8,8.8000000000000007,6,9.1999999999999993,7,0,8.8000000000000007,427.61,null,null,null,null,null,0,0,0,6.91,7,0,null,null,null,null,null,null,null,null,null,null,null,null,null,null,null,null,null,null,null,null,null,null,null,null,null,"Golden Lester","GOLDEN LESTER44413",27.292100000000001,-0.98537019999999997,0,4.2,6.622859704284509,5.4,5.4,10,8.4,8.6,7,{"$f":"IF(BA9<>\"\",COUNTIFS(MyBets!B$2:B$1000,A9,MyBets!F$2:F$1000,\"L\",MyBets!E$2:E$1000,\"U\"),\"\")","v":0},{"$f":"IF(A9<>\"\",SUMIFS(MyBets!$D$2:$D$1000,MyBets!$B$2:$B$1000,A9,MyBets!$E$2:$E$1000,\"U\",MyBets!$F$2:$F$1000,\"L\"),\"\")","v":0},{"$f":"IF(A9<>\"\",SUMIFS(MyBets!$C$2:$C$1000,MyBets!$B$2:$B$1000,A9,MyBets!$E$2:$E$1000,\"U\",MyBets!$F$2:$F$1000,\"L\"),\"\")","v":0},{"$f":"IF(A9<>\"\",SUMIFS(MyBets!$A$2:$A$1000,MyBets!$B$2:$B$1000,A9,MyBets!$E$2:$E$1000,\"U\",MyBets!$F$2:$F$1000,\"L\"),\"\")","v":0},{"$f":"IF(A9<>\"\",SUMIFS(MyBets!$C$2:$C$1000,MyBets!$B$2:$B$1000,A9,MyBets!$E$2:$E$1000,\"F\",MyBets!$F$2:$F$1000,\"L\"),\"\")","v":0},{"$f":"IF(A9<>\"\",SUMIFS(MyBets!$I$2:$I$1000,MyBets!$B$2:$B$1000,A9,MyBets!$E$2:$E$1000,\"F\",MyBets!$F$2:$F$1000,\"L\"),\"\")","v":0},"",0,{"$f":"IF(BA9<>\"\",COUNTIFS(MyBets!B$2:B$1000,A9,MyBets!F$2:F$1000,\"B\",MyBets!E$2:E$1000,\"U\"),\"\")","v":0},{"$f":"IF(A9<>\"\",SUMIFS(MyBets!$D$2:$D$1000,MyBets!$B$2:$B$1000,A9,MyBets!$E$2:$E$1000,\"U\",MyBets!$F$2:$F$1000,\"B\"),\"\")","v":0},{"$f":"IF(A9<>\"\",SUMIFS(MyBets!$C$2:$C$1000,MyBets!$B$2:$B$1000,A9,MyBets!$E$2:$E$1000,\"U\",MyBets!$F$2:$F$1000,\"B\"),\"\")","v":0},{"$f":"IF(A9<>\"\",SUMIFS(MyBets!$A$2:$A$1000,MyBets!$B$2:$B$1000,A9,MyBets!$E$2:$E$1000,\"U\",MyBets!$F$2:$F$1000,\"B\"),\"\")","v":0},{"$f":"IF(A9<>\"\",SUMIFS(MyBets!$C$2:$C$1000,MyBets!$B$2:$B$1000,A9,MyBets!$E$2:$E$1000,\"F\",MyBets!$F$2:$F$1000,\"B\"),\"\")","v":0},{"$f":"IF(A9<>\"\",SUMIFS(MyBets!$G$2:$G$1000,MyBets!$B$2:$B$1000,A9,MyBets!$E$2:$E$1000,\"F\",MyBets!$F$2:$F$1000,\"B\"),\"\")","v":0},"",null,null,null,null,null,null,null,4.2,1.4350845252893227,25.878010474298755,173251559132.67935,0.15099217628799727,6.622859704284509,0,0.15099217628799727,6.622859704284509,0.14285714285714285,0.11627906976744186,1,1,0,"",0,"",7.2,8.4,5.4307449575132969,8.3094259487830069,5.4,8.4,70,5.4,296.54719795003155,10,8.4,8.6,237.23775836002528,7]
[null,null,null,null,null,null,null,null,null,null,null,null,null,null,null,null,null,null,null,null,null,null,null,null,null,null,null,null,null,null,null,null,null,null,null,null,null,null,null,null,null,null,null,null,null,null,null,null,null,null,null,null,null,null,null,null,null,null,"","","","","","","",{"$f":"IF(BA10<>\"\",COUNTIFS(MyBets!B$2:B$1000,A10,MyBets!F$2:F$1000,\"L\",MyBets!E$2:E$1000,\"U\"),\"\")","v":""},{"$f":"IF(A10<>\"\",SUMIFS(MyBets!$D$2:$D$1000,MyBets!$B$2:$B$1000,A10,MyBets!$E$2:$E$1000,\"U\",MyBets!$F$2:$F$1000,\"L\"),\"\")","v":""},{"$f":"IF(A10<>\"\",SUMIFS(MyBets!$C$2:$C$1000,MyBets!$B$2:$B$1000,A10,MyBets!$E$2:$E$1000,\"U\",MyBets!$F$2:$F$1000,\"L\"),\"\")","v":""},{"$f":"IF(A10<>\"\",SUMIFS(MyBets!$A$2:$A$1000,MyBets!$B$2:$B$1000,A10,MyBets!$E$2:$E$1000,\"U\",MyBets!$F$2:$F$1000,\"L\"),\"\")","v":""},{"$f":"IF(A10<>\"\",SUMIFS(MyBets!$C$2:$C$1000,MyBets!$B$2:$B$1000,A10,MyBets!$E$2:$E$1000,\"F\",MyBets!$F$2:$F$1000,\"L\"),\"\")","v":""},{"$f":"IF(A10<>\"\",SUMIFS(MyBets!$I$2:$I$1000,MyBets!$B$2:$B$1000,A10,MyBets!$E$2:$E$1000,\"F\",MyBets!$F$2:$F$1000,\"L\"),\"\")","v":""},"","",{"$f":"IF(BA10<>\"\",COUNTIFS(MyBets!B$2:B$1000,A10,MyBets!F$2:F$1000,\"B\",MyBets!E$2:E$1000,\"U\"),\"\")","v":""},{"$f":"IF(A10<>\"\",SUMIFS(MyBets!$D$2:$D$1000,MyBets!$B$2:$B$1000,A10,MyBets!$E$2:$E$1000,\"U\",MyBets!$F$2:$F$1000,\"B\"),\"\")","v":""},{"$f":"IF(A10<>\"\",SUMIFS(MyBets!$C$2:$C$1000,MyBets!$B$2:$B$1000,A10,MyBets!$E$2:$E$1000,\"U\",MyBets!$F$2:$F$1000,\"B\"),\"\")","v":""},{"$f":"IF(A10<>\"\",SUMIFS(MyBets!$A$2:$A$1000,MyBets!$B$2:$B$1000,A10,MyBets!$E$2:$E$1000,\"U\",MyBets!$F$2:$F$1000,\"B\"),\"\")","v":""},{"$f":"IF(A10<>\"\",SUMIFS(MyBets!$C$2:$C$1000,MyBets!$B$2:$B$1000,A10,MyBets!$E$2:$E$1000,\"F\",MyBets!$F$2:$F$1000,\"B\"),\"\")","v":""},{"$f":"IF(A10<>\"\",SUMIFS(MyBets!$G$2:$G$1000,MyBets!$B$2:$B$1000,A10,MyBets!$E$2:$E$1000,\"F\",MyBets!$F$2:$F$1000,\"B\"),\"\")","v":""},"",null,null,null,null,null,null,null,"","","","","","","","","","","","","","","","","","","","","","","","","","","","","","",""]
[null,null,null,null,null,null,null,null,null,null,null,null,null,null,null,null,null,null,null,null,null,null,null,null,null,null,null,null,null,null,null,null,null,null,null,null,null,null,null,null,null,null,null,null,null,null,null,null,null,null,null,null,null,null,null,null,null,null,"","","","","","","",{"$f":"IF(BA11<>\"\",COUNTIFS(MyBets!B$2:B$1000,A11,MyBets!F$2:F$1000,\"L\",MyBets!E$2:E$1000,\"U\"),\"\")","v":""},{"$f":"IF(A11<>\"\",SUMIFS(MyBets!$D$2:$D$1000,MyBets!$B$2:$B$1000,A11,MyBets!$E$2:$E$1000,\"U\",MyBets!$F$2:$F$1000,\"L\"),\"\")","v":""},{"$f":"IF(A11<>\"\",SUMIFS(MyBets!$C$2:$C$1000,MyBets!$B$2:$B$1000,A11,MyBets!$E$2:$E$1000,\"U\",MyBets!$F$2:$F$1000,\"L\"),\"\")","v":""},{"$f":"IF(A11<>\"\",SUMIFS(MyBets!$A$2:$A$1000,MyBets!$B$2:$B$1000,A11,MyBets!$E$2:$E$1000,\"U\",MyBets!$F$2:$F$1000,\"L\"),\"\")","v":""},{"$f":"IF(A11<>\"\",SUMIFS(MyBets!$C$2:$C$1000,MyBets!$B$2:$B$1000,A11,MyBets!$E$2:$E$1000,\"F\",MyBets!$F$2:$F$1000,\"L\"),\"\")","v":""},{"$f":"IF(A11<>\"\",SUMIFS(MyBets!$I$2:$I$1000,MyBets!$B$2:$B$1000,A11,MyBets!$E$2:$E$1000,\"F\",MyBets!$F$2:$F$1000,\"L\"),\"\")","v":""},"","",{"$f":"IF(BA11<>\"\",COUNTIFS(MyBets!B$2:B$1000,A11,MyBets!F$2:F$1000,\"B\",MyBets!E$2:E$1000,\"U\"),\"\")","v":""},{"$f":"IF(A11<>\"\",SUMIFS(MyBets!$D$2:$D$1000,MyBets!$B$2:$B$1000,A11,MyBets!$E$2:$E$1000,\"U\",MyBets!$F$2:$F$1000,\"B\"),\"\")","v":""},{"$f":"IF(A11<>\"\",SUMIFS(MyBets!$C$2:$C$1000,MyBets!$B$2:$B$1000,A11,MyBets!$E$2:$E$1000,\"U\",MyBets!$F$2:$F$1000,\"B\"),\"\")","v":""},{"$f":"IF(A11<>\"\",SUMIFS(MyBets!$A$2:$A$1000,MyBets!$B$2:$B$1000,A11,MyBets!$E$2:$E$1000,\"U\",MyBets!$F$2:$F$1000,\"B\"),\"\")","v":""},{"$f":"IF(A11<>\"\",SUMIFS(MyBets!$C$2:$C$1000,MyBets!$B$2:$B$1000,A11,MyBets!$E$2:$E$1000,\"F\",MyBets!$F$2:$F$1000,\"B\"),\"\")","v":""},{"$f":"IF(A11<>\"\",SUMIFS(MyBets!$G$2:$G$1000,MyBets!$B$2:$B$1000,A11,MyBets!$E$2:$E$1000,\"F\",MyBets!$F$2:$F$1000,\"B\"),\"\")","v":""},"",null,null,null,null,null,null,null,"","","","","","","","","","","","","","","","","","","","","","","","","","","","","","",""]
[null,null,null,null,null,null,null,null,null,null,null,null,null,null,null,null,null,null,null,null,null,null,null,null,null,null,null,null,null,null,null,null,null,null,null,null,null,null,null,null,null,null,null,null,null,null,null,null,null,null,null,null,null,null,null,null,null,null,"","","","","","","",{"$f":"IF(BA12<>\"\",COUNTIFS(MyBets!B$2:B$1000,A12,MyBets!F$2:F$1000,\"L\",MyBets!E$2:E$1000,\"U\"),\"\")","v":""},{"$f":"IF(A12<>\"\",SUMIFS(MyBets!$D$2:$D$1000,MyBets!$B$2:$B$1000,A12,MyBets!$E$2:$E$1000,\"U\",MyBets!$F$2:$F$1000,\"L\"),\"\")","v":""},{"$f":"IF(A12<>\"\",SUMIFS(MyBets!$C$2:$C$1000,MyBets!$B$2:$B$1000,A12,MyBets!$E$2:$E$1000,\"U\",MyBets!$F$2:$F$1000,\"L\"),\"\")","v":""},{"$f":"IF(A12<>\"\",SUMIFS(MyBets!$A$2:$A$1000,MyBets!$B$2:$B$1000,A12,MyBets!$E$2:$E$1000,\"U\",MyBets!$F$2:$F$1000,\"L\"),\"\")","v":""},{"$f":"IF(A12<>\"\",SUMIFS(MyBets!$C$2:$C$1000,MyBets!$B$2:$B$1000,A12,MyBets!$E$2:$E$1000,\"F\",MyBets!$F$2:$F$1000,\"L\"),\"\")","v":""},{"$f":"IF(A12<>\"\",SUMIFS(MyBets!$I$2:$I$1000,MyBets!$B$2:$B$1000,A12,MyBets!$E$2:$E$1000,\"F\",MyBets!$F$2:$F$1000,\"L\"),\"\")","v":""},"","",{"$f":"IF(BA12<>\"\",COUNTIFS(MyBets!B$2:B$1000,A12,MyBets!F$2:F$1000,\"B\",MyBets!E$2:E$1000,\"U\"),\"\")","v":""},{"$f":"IF(A12<>\"\",SUMIFS(MyBets!$D$2:$D$1000,MyBets!$B$2:$B$1000,A12,MyBets!$E$2:$E$1000,\"U\",MyBets!$F$2:$F$1000,\"B\"),\"\")","v":""},{"$f":"IF(A12<>\"\",SUMIFS(MyBets!$C$2:$C$1000,MyBets!$B$2:$B$1000,A12,MyBets!$E$2:$E$1000,\"U\",MyBets!$F$2:$F$1000,\"B\"),\"\")","v":""},{"$f":"IF(A12<>\"\",SUMIFS(MyBets!$A$2:$A$1000,MyBets!$B$2:$B$1000,A12,MyBets!$E$2:$E$1000,\"U\",MyBets!$F$2:$F$1000,\"B\"),\"\")","v":""},{"$f":"IF(A12<>\"\",SUMIFS(MyBets!$C$2:$C$1000,MyBets!$B$2:$B$1000,A12,MyBets!$E$2:$E$1000,\"F\",MyBets!$F$2:$F$1000,\"B\"),\"\")","v":""},{"$f":"IF(A12<>\"\",SUMIFS(MyBets!$G$2:$G$1000,MyBets!$B$2:$B$1000,A12,MyBets!$E$2:$E$1000,\"F\",MyBets!$F$2:$F$1000,\"B\"),\"\")","v":""},"",null,null,null,null,null,null,null,"","","","","","","","","","","","","","","","","","","","","","","","","","","","","","",""]

{"sheet":"MyBets","index":1,"n_rows":100,"n_cols":10,"rows_kept":100,"cut":false,"hidden":false,"merged":[]}
["Ref","Selection","Stake","Odds","Matched","Type","back_pot","lay_pot","lay_lia","recorded"]
[null,null,null,null,null,null,{"$f":"IF(A2>0,IF(F2=\"B\",C2*D2,\"\"),\"\")","v":""},{"$f":"IF(A2>0,IF(F2=\"L\",C2,\"\"),\"\")","v":""},{"$f":"IF(A2>0,IF(F2=\"L\",C2*(D2-1),\"\"),\"\")","v":""},{"$f":"IFERROR(VLOOKUP(A2,bet_log!A:A,1,FALSE),\"\")","v":""}]
[null,null,null,null,null,null,{"$f":"IF(A3>0,IF(F3=\"B\",C3*D3,\"\"),\"\")","v":""},{"$f":"IF(A3>0,IF(F3=\"L\",C3,\"\"),\"\")","v":""},{"$f":"IF(A3>0,IF(F3=\"L\",C3*(D3-1),\"\"),\"\")","v":""},{"$f":"IFERROR(VLOOKUP(A3,bet_log!A:A,1,FALSE),\"\")","v":""}]
[null,null,null,null,null,null,"","","",{"$f":"IFERROR(VLOOKUP(A4,bet_log!A:A,1,FALSE),\"\")","v":""}]
[null,null,null,null,null,null,"","","",{"$f":"IFERROR(VLOOKUP(A5,bet_log!A:A,1,FALSE),\"\")","v":""}]
[null,null,null,null,null,null,"","","",{"$f":"IFERROR(VLOOKUP(A6,bet_log!A:A,1,FALSE),\"\")","v":""}]
[null,null,null,null,null,null,"","","",{"$f":"IFERROR(VLOOKUP(A7,bet_log!A:A,1,FALSE),\"\")","v":""}]
[null,null,null,null,null,null,"","","",{"$f":"IFERROR(VLOOKUP(A8,bet_log!A:A,1,FALSE),\"\")","v":""}]
[null,null,null,null,null,null,"","","",{"$f":"IFERROR(VLOOKUP(A9,bet_log!A:A,1,FALSE),\"\")","v":""}]
[null,null,null,null,null,null,"","","",{"$f":"IFERROR(VLOOKUP(A10,bet_log!A:A,1,FALSE),\"\")","v":""}]
[null,null,null,null,null,null,"","","",{"$f":"IFERROR(VLOOKUP(A11,bet_log!A:A,1,FALSE),\"\")","v":""}]
[null,null,null,null,null,null,"","","",{"$f":"IFERROR(VLOOKUP(A12,bet_log!A:A,1,FALSE),\"\")","v":""}]
[null,null,null,null,null,null,"","","",{"$f":"IFERROR(VLOOKUP(A13,bet_log!A:A,1,FALSE),\"\")","v":""}]
[null,null,null,null,null,null,"","","",{"$f":"IFERROR(VLOOKUP(A14,bet_log!A:A,1,FALSE),\"\")","v":""}]
[null,null,null,null,null,null,"","","",{"$f":"IFERROR(VLOOKUP(A15,bet_log!A:A,1,FALSE),\"\")","v":""}]
[null,null,null,null,null,null,"","","",{"$f":"IFERROR(VLOOKUP(A16,bet_log!A:A,1,FALSE),\"\")","v":""}]
[null,null,null,null,null,null,"","","",{"$f":"IFERROR(VLOOKUP(A17,bet_log!A:A,1,FALSE),\"\")","v":""}]
[null,null,null,null,null,null,"","","",{"$f":"IFERROR(VLOOKUP(A18,bet_log!A:A,1,FALSE),\"\")","v":""}]
[null,null,null,null,null,null,"","","",{"$f":"IFERROR(VLOOKUP(A19,bet_log!A:A,1,FALSE),\"\")","v":""}]
[null,null,null,null,null,null,"","","",{"$f":"IFERROR(VLOOKUP(A20,bet_log!A:A,1,FALSE),\"\")","v":""}]
[null,null,null,null,null,null,"","","",{"$f":"IFERROR(VLOOKUP(A21,bet_log!A:A,1,FALSE),\"\")","v":""}]
[null,null,null,null,null,null,"","","",{"$f":"IFERROR(VLOOKUP(A22,bet_log!A:A,1,FALSE),\"\")","v":""}]
[null,null,null,null,null,null,"","","",{"$f":"IFERROR(VLOOKUP(A23,bet_log!A:A,1,FALSE),\"\")","v":""}]
[null,null,null,null,null,null,"","","",{"$f":"IFERROR(VLOOKUP(A24,bet_log!A:A,1,FALSE),\"\")","v":""}]
[null,null,null,null,null,null,"","","",{"$f":"IFERROR(VLOOKUP(A25,bet_log!A:A,1,FALSE),\"\")","v":""}]
[null,null,null,null,null,null,"","","",{"$f":"IFERROR(VLOOKUP(A26,bet_log!A:A,1,FALSE),\"\")","v":""}]
[null,null,null,null,null,null,"","","",{"$f":"IFERROR(VLOOKUP(A27,bet_log!A:A,1,FALSE),\"\")","v":""}]
[null,null,null,null,null,null,"","","",{"$f":"IFERROR(VLOOKUP(A28,bet_log!A:A,1,FALSE),\"\")","v":""}]
[null,null,null,null,null,null,"","","",{"$f":"IFERROR(VLOOKUP(A29,bet_log!A:A,1,FALSE),\"\")","v":""}]
[null,null,null,null,null,null,"","","",{"$f":"IFERROR(VLOOKUP(A30,bet_log!A:A,1,FALSE),\"\")","v":""}]
[null,null,null,null,null,null,"","","",{"$f":"IFERROR(VLOOKUP(A31,bet_log!A:A,1,FALSE),\"\")","v":""}]
[null,null,null,null,null,null,"","","",{"$f":"IFERROR(VLOOKUP(A32,bet_log!A:A,1,FALSE),\"\")","v":""}]
[null,null,null,null,null,null,"","","",{"$f":"IFERROR(VLOOKUP(A33,bet_log!A:A,1,FALSE),\"\")","v":""}]
[null,null,null,null,null,null,"","","",{"$f":"IFERROR(VLOOKUP(A34,bet_log!A:A,1,FALSE),\"\")","v":""}]
[null,null,null,null,null,null,"","","",{"$f":"IFERROR(VLOOKUP(A35,bet_log!A:A,1,FALSE),\"\")","v":""}]
[null,null,null,null,null,null,"","","",{"$f":"IFERROR(VLOOKUP(A36,bet_log!A:A,1,FALSE),\"\")","v":""}]
[null,null,null,null,null,null,"","","",{"$f":"IFERROR(VLOOKUP(A37,bet_log!A:A,1,FALSE),\"\")","v":""}]
[null,null,null,null,null,null,"","","",{"$f":"IFERROR(VLOOKUP(A38,bet_log!A:A,1,FALSE),\"\")","v":""}]
[null,null,null,null,null,null,"","","",{"$f":"IFERROR(VLOOKUP(A39,bet_log!A:A,1,FALSE),\"\")","v":""}]
[null,null,null,null,null,null,"","","",{"$f":"IFERROR(VLOOKUP(A40,bet_log!A:A,1,FALSE),\"\")","v":""}]
[null,null,null,null,null,null,"","","",{"$f":"IFERROR(VLOOKUP(A41,bet_log!A:A,1,FALSE),\"\")","v":""}]
[null,null,null,null,null,null,"","","",{"$f":"IFERROR(VLOOKUP(A42,bet_log!A:A,1,FALSE),\"\")","v":""}]
[null,null,null,null,null,null,"","","",{"$f":"IFERROR(VLOOKUP(A43,bet_log!A:A,1,FALSE),\"\")","v":""}]
[null,null,null,null,null,null,"","","",{"$f":"IFERROR(VLOOKUP(A44,bet_log!A:A,1,FALSE),\"\")","v":""}]
[null,null,null,null,null,null,"","","",{"$f":"IFERROR(VLOOKUP(A45,bet_log!A:A,1,FALSE),\"\")","v":""}]
[null,null,null,null,null,null,"","","",{"$f":"IFERROR(VLOOKUP(A46,bet_log!A:A,1,FALSE),\"\")","v":""}]
[null,null,null,null,null,null,"","","",{"$f":"IFERROR(VLOOKUP(A47,bet_log!A:A,1,FALSE),\"\")","v":""}]
[null,null,null,null,null,null,"","","",{"$f":"IFERROR(VLOOKUP(A48,bet_log!A:A,1,FALSE),\"\")","v":""}]
[null,null,null,null,null,null,"","","",{"$f":"IFERROR(VLOOKUP(A49,bet_log!A:A,1,FALSE),\"\")","v":""}]
[null,null,null,null,null,null,"","","",{"$f":"IFERROR(VLOOKUP(A50,bet_log!A:A,1,FALSE),\"\")","v":""}]
[null,null,null,null,null,null,"","","",{"$f":"IFERROR(VLOOKUP(A51,bet_log!A:A,1,FALSE),\"\")","v":""}]
[null,null,null,null,null,null,"","","",{"$f":"IFERROR(VLOOKUP(A52,bet_log!A:A,1,FALSE),\"\")","v":""}]
[null,null,null,null,null,null,"","","",{"$f":"IFERROR(VLOOKUP(A53,bet_log!A:A,1,FALSE),\"\")","v":""}]
[null,null,null,null,null,null,"","","",{"$f":"IFERROR(VLOOKUP(A54,bet_log!A:A,1,FALSE),\"\")","v":""}]
[null,null,null,null,null,null,"","","",{"$f":"IFERROR(VLOOKUP(A55,bet_log!A:A,1,FALSE),\"\")","v":""}]
[null,null,null,null,null,null,"","","",{"$f":"IFERROR(VLOOKUP(A56,bet_log!A:A,1,FALSE),\"\")","v":""}]
[null,null,null,null,null,null,"","","",{"$f":"IFERROR(VLOOKUP(A57,bet_log!A:A,1,FALSE),\"\")","v":""}]
[null,null,null,null,null,null,"","","",{"$f":"IFERROR(VLOOKUP(A58,bet_log!A:A,1,FALSE),\"\")","v":""}]
[null,null,null,null,null,null,"","","",{"$f":"IFERROR(VLOOKUP(A59,bet_log!A:A,1,FALSE),\"\")","v":""}]
[null,null,null,null,null,null,"","","",{"$f":"IFERROR(VLOOKUP(A60,bet_log!A:A,1,FALSE),\"\")","v":""}]
[null,null,null,null,null,null,"","","",{"$f":"IFERROR(VLOOKUP(A61,bet_log!A:A,1,FALSE),\"\")","v":""}]
[null,null,null,null,null,null,"","","",{"$f":"IFERROR(VLOOKUP(A62,bet_log!A:A,1,FALSE),\"\")","v":""}]
[null,null,null,null,null,null,"","","",{"$f":"IFERROR(VLOOKUP(A63,bet_log!A:A,1,FALSE),\"\")","v":""}]
[null,null,null,null,null,null,"","","",{"$f":"IFERROR(VLOOKUP(A64,bet_log!A:A,1,FALSE),\"\")","v":""}]
[null,null,null,null,null,null,"","","",{"$f":"IFERROR(VLOOKUP(A65,bet_log!A:A,1,FALSE),\"\")","v":""}]
[null,null,null,null,null,null,"","","",{"$f":"IFERROR(VLOOKUP(A66,bet_log!A:A,1,FALSE),\"\")","v":""}]
[null,null,null,null,null,null,{"$f":"IF(A67>0,IF(F67=\"B\",C67*D67,\"\"),\"\")","v":""},{"$f":"IF(A67>0,IF(F67=\"L\",C67,\"\"),\"\")","v":""},{"$f":"IF(A67>0,IF(F67=\"L\",C67*(D67-1),\"\"),\"\")","v":""},{"$f":"IFERROR(VLOOKUP(A67,bet_log!A:A,1,FALSE),\"\")","v":""}]
[null,null,null,null,null,null,"","","",{"$f":"IFERROR(VLOOKUP(A68,bet_log!A:A,1,FALSE),\"\")","v":""}]
[null,null,null,null,null,null,"","","",{"$f":"IFERROR(VLOOKUP(A69,bet_log!A:A,1,FALSE),\"\")","v":""}]
[null,null,null,null,null,null,"","","",{"$f":"IFERROR(VLOOKUP(A70,bet_log!A:A,1,FALSE),\"\")","v":""}]
[null,null,null,null,null,null,"","","",{"$f":"IFERROR(VLOOKUP(A71,bet_log!A:A,1,FALSE),\"\")","v":""}]
[null,null,null,null,null,null,"","","",{"$f":"IFERROR(VLOOKUP(A72,bet_log!A:A,1,FALSE),\"\")","v":""}]
[null,null,null,null,null,null,"","","",{"$f":"IFERROR(VLOOKUP(A73,bet_log!A:A,1,FALSE),\"\")","v":""}]
[null,null,null,null,null,null,"","","",{"$f":"IFERROR(VLOOKUP(A74,bet_log!A:A,1,FALSE),\"\")","v":""}]
[null,null,null,null,null,null,"","","",{"$f":"IFERROR(VLOOKUP(A75,bet_log!A:A,1,FALSE),\"\")","v":""}]
[null,null,null,null,null,null,"","","",{"$f":"IFERROR(VLOOKUP(A76,bet_log!A:A,1,FALSE),\"\")","v":""}]
[null,null,null,null,null,null,"","","",{"$f":"IFERROR(VLOOKUP(A77,bet_log!A:A,1,FALSE),\"\")","v":""}]
[null,null,null,null,null,null,"","","",{"$f":"IFERROR(VLOOKUP(A78,bet_log!A:A,1,FALSE),\"\")","v":""}]
[null,null,null,null,null,null,"","","",{"$f":"IFERROR(VLOOKUP(A79,bet_log!A:A,1,FALSE),\"\")","v":""}]
[null,null,null,null,null,null,"","","",{"$f":"IFERROR(VLOOKUP(A80,bet_log!A:A,1,FALSE),\"\")","v":""}]
[null,null,null,null,null,null,"","","",{"$f":"IFERROR(VLOOKUP(A81,bet_log!A:A,1,FALSE),\"\")","v":""}]
[null,null,null,null,null,null,"","","",{"$f":"IFERROR(VLOOKUP(A82,bet_log!A:A,1,FALSE),\"\")","v":""}]
[null,null,null,null,null,null,"","","",{"$f":"IFERROR(VLOOKUP(A83,bet_log!A:A,1,FALSE),\"\")","v":""}]
[null,null,null,null,null,null,"","","",{"$f":"IFERROR(VLOOKUP(A84,bet_log!A:A,1,FALSE),\"\")","v":""}]
[null,null,null,null,null,null,"","","",{"$f":"IFERROR(VLOOKUP(A85,bet_log!A:A,1,FALSE),\"\")","v":""}]
[null,null,null,null,null,null,"","","",{"$f":"IFERROR(VLOOKUP(A86,bet_log!A:A,1,FALSE),\"\")","v":""}]
[null,null,null,null,null,null,"","","",{"$f":"IFERROR(VLOOKUP(A87,bet_log!A:A,1,FALSE),\"\")","v":""}]
[null,null,null,null,null,null,"","","",{"$f":"IFERROR(VLOOKUP(A88,bet_log!A:A,1,FALSE),\"\")","v":""}]
[null,null,null,null,null,null,"","","",{"$f":"IFERROR(VLOOKUP(A89,bet_log!A:A,1,FALSE),\"\")","v":""}]
[null,null,null,null,null,null,"","","",{"$f":"IFERROR(VLOOKUP(A90,bet_log!A:A,1,FALSE),\"\")","v":""}]
[null,null,null,null,null,null,"","","",{"$f":"IFERROR(VLOOKUP(A91,bet_log!A:A,1,FALSE),\"\")","v":""}]
[null,null,null,null,null,null,"","","",{"$f":"IFERROR(VLOOKUP(A92,bet_log!A:A,1,FALSE),\"\")","v":""}]
[null,null,null,null,null,null,"","","",{"$f":"IFERROR(VLOOKUP(A93,bet_log!A:A,1,FALSE),\"\")","v":""}]
[null,null,null,null,null,null,"","","",{"$f":"IFERROR(VLOOKUP(A94,bet_log!A:A,1,FALSE),\"\")","v":""}]
[null,null,null,null,null,null,"","","",{"$f":"IFERROR(VLOOKUP(A95,bet_log!A:A,1,FALSE),\"\")","v":""}]
[null,null,null,null,null,null,"","","",{"$f":"IFERROR(VLOOKUP(A96,bet_log!A:A,1,FALSE),\"\")","v":""}]
[null,null,null,null,null,null,"","","",{"$f":"IFERROR(VLOOKUP(A97,bet_log!A:A,1,FALSE),\"\")","v":""}]
[null,null,null,null,null,null,"","","",{"$f":"IFERROR(VLOOKUP(A98,bet_log!A:A,1,FALSE),\"\")","v":""}]
[null,null,null,null,null,null,"","","",{"$f":"IFERROR(VLOOKUP(A99,bet_log!A:A,1,FALSE),\"\")","v":""}]
[null,null,null,null,null,null,"","","",{"$f":"IFERROR(VLOOKUP(A100,bet_log!A:A,1,FALSE),\"\")","v":""}]

{"sheet":"Markets_QuickPickList","index":2,"n_rows":115,"n_cols":16,"rows_kept":115,"cut":false,"hidden":false,"merged":[]}
["Market","Start Time","Market Id","Parent Market Id","Turn In Play","BSP Market","Number Of Winners","jur","time","location","race","distance","grade","key","full location","mnemonic"]
["13:22 Casino (AUS) 5th Aug (R6 411m Gr5)","2021-08-05T13:22:00",186032661,30761062,"N","Y",1,"AUS","13:22:00","Casino","R6","411m","Gr5","Casino R6 411m","Casino","CSO"]
["13:34 Mount Gambier (AUS) 5th Aug (R7 400m Rest)","2021-08-05T13:34:00",186033808,30761182,"N","Y",1,"AUS","13:34:00","Mount Gambier","R7","400m","Rest","Mount Gambier R7 400m","Mount Gambier","MTG"]
["13:37 Shepparton (AUS) 5th Aug (R9 385m Gr7)","2021-08-05T13:37:00",186033788,30761181,"N","Y",1,"AUS","13:37:00","Shepparton","R9","385m","Gr7","Shepparton R9 385m","Shepparton","SHE"]
["13:44 Casino (AUS) 5th Aug (R7 411m N/G)","2021-08-05T13:44:00",186032663,30761062,"N","Y",1,"AUS","13:44:00","Casino","R7","411m","N/G","Casino R7 411m","Casino","CSO"]
["13:54 Mount Gambier (AUS) 5th Aug (R8 512m Rest)","2021-08-05T13:54:00",186033810,30761182,"N","Y",1,"AUS","13:54:00","Mount Gambier","R8","512m","Rest","Mount Gambier R8 512m","Mount Gambier","MTG"]
["13:57 Shepparton (AUS) 5th Aug (R10 385m Rest)","2021-08-05T13:57:00",186033790,30761181,"N","Y",1,"AUS","13:57:00","Shepparton","R10","385m","Rest","Shepparton R10 385m","Shepparton","SHE"]
["14:09 Casino (AUS) 5th Aug (R8 484m Heat)","2021-08-05T14:09:00",186032665,30761062,"N","Y",1,"AUS","14:09:00","Casino","R8","484m","Heat","Casino R8 484m","Casino","CSO"]
["14:13 Mount Gambier (AUS) 5th Aug (R9 512m Rest)","2021-08-05T14:13:00",186033812,30761182,"N","Y",1,"AUS","14:13:00","Mount Gambier","R9","512m","Rest","Mount Gambier R9 512m","Mount Gambier","MTG"]
["14:17 Shepparton (AUS) 5th Aug (R11 385m Gr5)","2021-08-05T14:17:00",186033792,30761181,"N","Y",1,"AUS","14:17:00","Shepparton","R11","385m","Gr5","Shepparton R11 385m","Shepparton","SHE"]
["14:24 Casino (AUS) 5th Aug (R9 484m Heat)","2021-08-05T14:24:00",186032667,30761062,"N","Y",1,"AUS","14:24:00","Casino","R9","484m","Heat","Casino R9 484m","Casino","CSO"]
["14:34 Mount Gambier (AUS) 5th Aug (R10 512m Rest)","2021-08-05T14:34:00",186033814,30761182,"N","Y",1,"AUS","14:34:00","Mount Gambier","R10","512m","Rest","Mount Gambier R10 512m","Mount Gambier","MTG"]
["14:37 Shepparton (AUS) 5th Aug (R12 385m Gr5)","2021-08-05T14:37:00",186033794,30761181,"N","Y",1,"AUS","14:37:00","Shepparton","R12","385m","Gr5","Shepparton R12 385m","Shepparton","SHE"]
["14:44 Casino (AUS) 5th Aug (R10 484m Heat)","2021-08-05T14:44:00",186032669,30761062,"N","Y",1,"AUS","14:44:00","Casino","R10","484m","Heat","Casino R10 484m","Casino","CSO"]
["14:55 Mount Gambier (AUS) 5th Aug (R11 512m Rest)","2021-08-05T14:55:00",186033816,30761182,"N","Y",1,"AUS","14:55:00","Mount Gambier","R11","512m","Rest","Mount Gambier R11 512m","Mount Gambier","MTG"]
["14:58 Warragul (AUS) 5th Aug (R1 460m Mdn)","2021-08-05T14:58:00",186041841,30761824,"N","Y",1,"AUS","14:58:00","Warragul","R1","460m","Mdn","Warragul R1 460m","Warragul","WRG"]
["15:07 Casino (AUS) 5th Aug (R11 411m Gr3/4)","2021-08-05T15:07:00",186032671,30761062,"N","Y",1,"AUS","15:07:00","Casino","R11","411m","Gr3/4","Casino R11 411m","Casino","CSO"]
["15:19 Warragul (AUS) 5th Aug (R2 400m Mdn)","2021-08-05T15:19:00",186041843,30761824,"N","Y",1,"AUS","15:19:00","Warragul","R2","400m","Mdn","Warragul R2 400m","Warragul","WRG"]
["15:39 Warragul (AUS) 5th Aug (R3 400m Gr7)","2021-08-05T15:39:00",186041845,30761824,"N","Y",1,"AUS","15:39:00","Warragul","R3","400m","Gr7","Warragul R3 400m","Warragul","WRG"]
["15:54 Gosford (AUS) 5th Aug (R1 388m Mdn)","2021-08-05T15:54:00",186041432,30761700,"N","Y",1,"AUS","15:54:00","Gosford","R1","388m","Mdn","Gosford R1 388m","Gosford","GOS"]
["16:07 Warragul (AUS) 5th Aug (R4 400m Gr7)","2021-08-05T16:07:00",186041847,30761824,"N","Y",1,"AUS","16:07:00","Warragul","R4","400m","Gr7","Warragul R4 400m","Warragul","WRG"]
["16:14 Gosford (AUS) 5th Aug (R2 388m Mdn)","2021-08-05T16:14:00",186041434,30761700,"N","Y",1,"AUS","16:14:00","Gosford","R2","388m","Mdn","Gosford R2 388m","Gosford","GOS"]
["16:28 Warragul (AUS) 5th Aug (R5 460m Gr7)","2021-08-05T16:28:00",186041849,30761824,"N","Y",1,"AUS","16:28:00","Warragul","R5","460m","Gr7","Warragul R5 460m","Warragul","WRG"]
["16:34 Gosford (AUS) 5th Aug (R3 388m M1/2/3)","2021-08-05T16:34:00",186041436,30761700,"N","Y",1,"AUS","16:34:00","Gosford","R3","388m","M1/2/3","Gosford R3 388m","Gosford","GOS"]
["16:49 Warragul (AUS) 5th Aug (R6 460m Rest)","2021-08-05T16:49:00",186041851,30761824,"N","Y",1,"AUS","16:49:00","Warragul","R6","460m","Rest","Warragul R6 460m","Warragul","WRG"]
["16:56 Gosford (AUS) 5th Aug (R4 388m Final)","2021-08-05T16:56:00",186041438,30761700,"N","Y",1,"AUS","16:56:00","Gosford","R4","388m","Final","Gosford R4 388m","Gosford","GOS"]
["17:04 Warrnambool (AUS) 5th Aug (R1 390m Heat)","2021-08-05T17:04:00",186041756,30761812,"N","Y",1,"AUS","17:04:00","Warrnambool","R1","390m","Heat","Warrnambool R1 390m","Warrnambool","WBO"]
["17:12 Warragul (AUS) 5th Aug (R7 400m Gr5)","2021-08-05T17:12:00",186041853,30761824,"N","Y",1,"AUS","17:12:00","Warragul","R7","400m","Gr5","Warragul R7 400m","Warragul","WRG"]
["17:19 Gosford (AUS) 5th Aug (R5 388m Final)","2021-08-05T17:19:00",186041440,30761700,"N","Y",1,"AUS","17:19:00","Gosford","R5","388m","Final","Gosford R5 388m","Gosford","GOS"]
["17:27 Warrnambool (AUS) 5th Aug (R2 390m Heat)","2021-08-05T17:27:00",186041758,30761812,"N","Y",1,"AUS","17:27:00","Warrnambool","R2","390m","Heat","Warrnambool R2 390m","Warrnambool","WBO"]
["17:30 Warragul (AUS) 5th Aug (R8 460m Gr5)","2021-08-05T17:30:00",186041855,30761824,"N","Y",1,"AUS","17:30:00","Warragul","R8","460m","Gr5","Warragul R8 460m","Warragul","WRG"]
["17:38 Gosford (AUS) 5th Aug (R6 388m Gr5)","2021-08-05T17:38:00",186041442,30761700,"N","Y",1,"AUS","17:38:00","Gosford","R6","388m","Gr5","Gosford R6 388m","Gosford","GOS"]
["17:42 Warrnambool (AUS) 5th Aug (R3 390m Heat)","2021-08-05T17:42:00",186041760,30761812,"N","Y",1,"AUS","17:42:00","Warrnambool","R3","390m","Heat","Warrnambool R3 390m","Warrnambool","WBO"]
["17:46 Warragul (AUS) 5th Aug (R9 400m Rest)","2021-08-05T17:46:00",186041857,30761824,"N","Y",1,"AUS","17:46:00","Warragul","R9","400m","Rest","Warragul R9 400m","Warragul","WRG"]
["17:59 Gosford (AUS) 5th Aug (R7 388m Gr4/5)","2021-08-05T17:59:00",186041444,30761700,"N","Y",1,"AUS","17:59:00","Gosford","R7","388m","Gr4/5","Gosford R7 388m","Gosford","GOS"]
["18:07 Warrnambool (AUS) 5th Aug (R4 390m Rest)","2021-08-05T18:07:00",186041762,30761812,"N","Y",1,"AUS","18:07:00","Warrnambool","R4","390m","Rest","Warrnambool R4 390m","Warrnambool","WBO"]
["18:10 Warragul (AUS) 5th Aug (R10 400m Gr5)","2021-08-05T18:10:00",186041859,30761824,"N","Y",1,"AUS","18:10:00","Warragul","R10","400m","Gr5","Warragul R10 400m","Warragul","WRG"]
["18:18 Sandown Park (AUS) 5th Aug (R1 515m Final)","2021-08-05T18:18:00",186033748,30761180,"N","Y",1,"AUS","18:18:00","Sandown Park","R1","515m","Final","Sandown Park R1 515m","Sandown Park","SAN"]
["18:21 Gosford (AUS) 5th Aug (R8 515m Gr5)","2021-08-05T18:21:00",186041446,30761700,"N","Y",1,"AUS","18:21:00","Gosford","R8","515m","Gr5","Gosford R8 515m","Gosford","GOS"]
["18:24 Warrnambool (AUS) 5th Aug (R5 450m Rest)","2021-08-05T18:24:00",186041764,30761812,"N","Y",1,"AUS","18:24:00","Warrnambool","R5","450m","Rest","Warrnambool R5 450m","Warrnambool","WBO"]
["18:35 Warragul (AUS) 5th Aug (R11 400m Gr5)","2021-08-05T18:35:00",186041861,30761824,"N","Y",1,"AUS","18:35:00","Warragul","R11","400m","Gr5","Warragul R11 400m","Warragul","WRG"]
["18:38 Sandown Park (AUS) 5th Aug (R2 515m Gr6/7)","2021-08-05T18:38:00",186033750,30761180,"N","Y",1,"AUS","18:38:00","Sandown Park","R2","515m","Gr6/7","Sandown Park R2 515m","Sandown Park","SAN"]
["18:41 Albion Park (AUS) 5th Aug (R1 520m Nvce)","2021-08-05T18:41:00",186032627,30761061,"N","Y",1,"AUS","18:41:00","Albion Park","R1","520m","Nvce","Albion Park R1 520m","Albion Park","ABK"]
["18:49 Warrnambool (AUS) 5th Aug (R6 450m Final)","2021-08-05T18:49:00",186041766,30761812,"N","Y",1,"AUS","18:49:00","Warrnambool","R6","450m","Final","Warrnambool R6 450m","Warrnambool","WBO"]
["18:52 Warragul (AUS) 5th Aug (R12 400m Gr5)","2021-08-05T18:52:00",186041863,30761824,"N","Y",1,"AUS","18:52:00","Warragul","R12","400m","Gr5","Warragul R12 400m","Warragul","WRG"]
["19:00 Sandown Park (AUS) 5th Aug (R3 515m Gr4/5)","2021-08-05T19:00:00",186033752,30761180,"N","Y",1,"AUS","19:00:00","Sandown Park","R3","515m","Gr4/5","Sandown Park R3 515m","Sandown Park","SAN"]
["19:04 Albion Park (AUS) 5th Aug (R2 520m Nvce)","2021-08-05T19:04:00",186032629,30761061,"N","Y",1,"AUS","19:04:00","Albion Park","R2","520m","Nvce","Albion Park R2 520m","Albion Park","ABK"]
["19:08 Murray Bridge (AUS) 5th Aug (R1 680m FFA)","2021-08-05T19:08:00",186033853,30761293,"N","Y",1,"AUS","19:08:00","Murray Bridge","R1","680m","FFA","Murray Bridge R1 680m","Murray Bridge","MBR"]
["19:12 Warrnambool (AUS) 5th Aug (R7 450m Gr5)","2021-08-05T19:12:00",186041768,30761812,"N","Y",1,"AUS","19:12:00","Warrnambool","R7","450m","Gr5","Warrnambool R7 450m","Warrnambool","WBO"]
["19:15 Dapto (AUS) 5th Aug (R1 297m Mdn)","2021-08-05T19:15:00",186033645,30761175,"N","Y",1,"AUS","19:15:00","Dapto","R1","297m","Mdn","Dapto R1 297m","Dapto","DAP"]
["19:18 Launceston (AUS) 5th Aug (R1 515m Gr6)","2021-08-05T19:18:00",186040322,30761668,"N","Y",1,"AUS","19:18:00","Launceston","R1","515m","Gr6","Launceston R1 515m","Launceston","LAU"]
["19:25 Sandown Park (AUS) 5th Aug (R4 715m Gr5)","2021-08-05T19:25:00",186033754,30761180,"N","Y",1,"AUS","19:25:00","Sandown Park","R4","715m","Gr5","Sandown Park R4 715m","Sandown Park","SAN"]
["19:28 Albion Park (AUS) 5th Aug (R3 520m M5)","2021-08-05T19:28:00",186032631,30761061,"N","Y",1,"AUS","19:28:00","Albion Park","R3","520m","M5","Albion Park R3 520m","Albion Park","ABK"]
["19:31 Warrnambool (AUS) 5th Aug (R8 450m Gr4/5)","2021-08-05T19:31:00",186041770,30761812,"N","Y",1,"AUS","19:31:00","Warrnambool","R8","450m","Gr4/5","Warrnambool R8 450m","Warrnambool","WBO"]
["19:34 Murray Bridge (AUS) 5th Aug (R2 395m Mdn)","2021-08-05T19:34:00",186033855,30761293,"N","Y",1,"AUS","19:34:00","Murray Bridge","R2","395m","Mdn","Murray Bridge R2 395m","Murray Bridge","MBR"]
["19:37 Dapto (AUS) 5th Aug (R2 520m Mdn)","2021-08-05T19:37:00",186033647,30761175,"N","Y",1,"AUS","19:37:00","Dapto","R2","520m","Mdn","Dapto R2 520m","Dapto","DAP"]
["19:40 Launceston (AUS) 5th Aug (R2 278m Gr4)","2021-08-05T19:40:00",186040324,30761668,"N","Y",1,"AUS","19:40:00","Launceston","R2","278m","Gr4","Launceston R2 278m","Launceston","LAU"]
["19:43 Sandown Park (AUS) 5th Aug (R5 595m Gr5)","2021-08-05T19:43:00",186033756,30761180,"N","Y",1,"AUS","19:43:00","Sandown Park","R5","595m","Gr5","Sandown Park R5 595m","Sandown Park","SAN"]
["19:49 Albion Park (AUS) 5th Aug (R4 600m FFA)","2021-08-05T19:49:00",186032633,30761061,"N","Y",1,"AUS","19:49:00","Albion Park","R4","600m","FFA","Albion Park R4 600m","Albion Park","ABK"]
["19:52 Murray Bridge (AUS) 5th Aug (R3 395m Gr6)","2021-08-05T19:52:00",186033857,30761293,"N","Y",1,"AUS","19:52:00","Murray Bridge","R3","395m","Gr6","Murray Bridge R3 395m","Murray Bridge","MBR"]
["19:55 Warrnambool (AUS) 5th Aug (R9 390m Gr3/4)","2021-08-05T19:55:00",186041772,30761812,"N","Y",1,"AUS","19:55:00","Warrnambool","R9","390m","Gr3/4","Warrnambool R9 390m","Warrnambool","WBO"]
["19:58 Dapto (AUS) 5th Aug (R3 520m Final)","2021-08-05T19:58:00",186033649,30761175,"N","Y",1,"AUS","19:58:00","Dapto","R3","520m","Final","Dapto R3 520m","Dapto","DAP"]
["20:04 Launceston (AUS) 5th Aug (R3 600m Gr5)","2021-08-05T20:04:00",186040326,30761668,"N","Y",1,"AUS","20:04:00","Launceston","R3","600m","Gr5","Launceston R3 600m","Launceston","LAU"]
["20:07 Sandown Park (AUS) 5th Aug (R6 515m Gr3/4)","2021-08-05T20:07:00",186033758,30761180,"N","Y",1,"AUS","20:07:00","Sandown Park","R6","515m","Gr3/4","Sandown Park R6 515m","Sandown Park","SAN"]
["20:10 Albion Park (AUS) 5th Aug (R5 520m Gr5)","2021-08-05T20:10:00",186032635,30761061,"N","Y",1,"AUS","20:10:00","Albion Park","R5","520m","Gr5","Albion Park R5 520m","Albion Park","ABK"]
["20:13 Murray Bridge (AUS) 5th Aug (R4 455m Gr4/5)","2021-08-05T20:13:00",186033859,30761293,"N","Y",1,"AUS","20:13:00","Murray Bridge","R4","455m","Gr4/5","Murray Bridge R4 455m","Murray Bridge","MBR"]
["20:19 Warrnambool (AUS) 5th Aug (R10 390m Gr5)","2021-08-05T20:19:00",186041774,30761812,"N","Y",1,"AUS","20:19:00","Warrnambool","R10","390m","Gr5","Warrnambool R10 390m","Warrnambool","WBO"]
["20:22 Dapto (AUS) 5th Aug (R4 520m Gr5)","2021-08-05T20:22:00",186033655,30761175,"N","Y",1,"AUS","20:22:00","Dapto","R4","520m","Gr5","Dapto R4 520m","Dapto","DAP"]
["20:25 Launceston (AUS) 5th Aug (R4 515m Gr5)","2021-08-05T20:25:00",186040328,30761668,"N","Y",1,"AUS","20:25:00","Launceston","R4","515m","Gr5","Launceston R4 515m","Launceston","LAU"]
["20:28 Sandown Park (AUS) 5th Aug (R7 595m Gr4/5)","2021-08-05T20:28:00",186033760,30761180,"N","Y",1,"AUS","20:28:00","Sandown Park","R7","595m","Gr4/5","Sandown Park R7 595m","Sandown Park","SAN"]
["20:34 Albion Park (AUS) 5th Aug (R6 520m Gr3/4)","2021-08-05T20:34:00",186032637,30761061,"N","Y",1,"AUS","20:34:00","Albion Park","R6","520m","Gr3/4","Albion Park R6 520m","Albion Park","ABK"]
["20:37 Murray Bridge (AUS) 5th Aug (R5 455m Gr5)","2021-08-05T20:37:00",186033861,30761293,"N","Y",1,"AUS","20:37:00","Murray Bridge","R5","455m","Gr5","Murray Bridge R5 455m","Murray Bridge","MBR"]
["20:40 Warrnambool (AUS) 5th Aug (R11 390m Gr5)","2021-08-05T20:40:00",186041776,30761812,"N","Y",1,"AUS","20:40:00","Warrnambool","R11","390m","Gr5","Warrnambool R11 390m","Warrnambool","WBO"]
["20:43 Dapto (AUS) 5th Aug (R5 520m Gr5)","2021-08-05T20:43:00",186033662,30761175,"N","Y",1,"AUS","20:43:00","Dapto","R5","520m","Gr5","Dapto R5 520m","Dapto","DAP"]
["20:46 Mandurah (AUS) 5th Aug (R1 302m Mdn)","2021-08-05T20:46:00",186033918,30761297,"N","Y",1,"AUS","20:46:00","Mandurah","R1","302m","Mdn","Mandurah R1 302m","Mandurah","MRD"]
["20:49 Launceston (AUS) 5th Aug (R5 515m Heat)","2021-08-05T20:49:00",186040330,30761668,"N","Y",1,"AUS","20:49:00","Launceston","R5","515m","Heat","Launceston R5 515m","Launceston","LAU"]
["20:52 Sandown Park (AUS) 5th Aug (R8 715m Gr4/5)","2021-08-05T20:52:00",186033762,30761180,"N","Y",1,"AUS","20:52:00","Sandown Park","R8","715m","Gr4/5","Sandown Park R8 715m","Sandown Park","SAN"]
["20:55 Albion Park (AUS) 5th Aug (R7 520m Heat)","2021-08-05T20:55:00",186032639,30761061,"N","Y",1,"AUS","20:55:00","Albion Park","R7","520m","Heat","Albion Park R7 520m","Albion Park","ABK"]
["20:58 Murray Bridge (AUS) 5th Aug (R6 530m Heat)","2021-08-05T20:58:00",186033863,30761293,"N","Y",1,"AUS","20:58:00","Murray Bridge","R6","530m","Heat","Murray Bridge R6 530m","Murray Bridge","MBR"]
["21:01 Mandurah (AUS) 5th Aug (R2 302m Nvce)","2021-08-05T21:01:00",186033920,30761297,"N","Y",1,"AUS","21:01:00","Mandurah","R2","302m","Nvce","Mandurah R2 302m","Mandurah","MRD"]
["21:04 Warrnambool (AUS) 5th Aug (R12 390m Gr5)","2021-08-05T21:04:00",186041778,30761812,"N","Y",1,"AUS","21:04:00","Warrnambool","R12","390m","Gr5","Warrnambool R12 390m","Warrnambool","WBO"]
["21:07 Dapto (AUS) 5th Aug (R6 520m N/G)","2021-08-05T21:07:00",186033669,30761175,"N","Y",1,"AUS","21:07:00","Dapto","R6","520m","N/G","Dapto R6 520m","Dapto","DAP"]
["21:10 Launceston (AUS) 5th Aug (R6 515m Heat)","2021-08-05T21:10:00",186040332,30761668,"N","Y",1,"AUS","21:10:00","Launceston","R6","515m","Heat","Launceston R6 515m","Launceston","LAU"]
["21:13 Sandown Park (AUS) 5th Aug (R9 515m Gr5)","2021-08-05T21:13:00",186033764,30761180,"N","Y",1,"AUS","21:13:00","Sandown Park","R9","515m","Gr5","Sandown Park R9 515m","Sandown Park","SAN"]
["21:19 Albion Park (AUS) 5th Aug (R8 520m Heat)","2021-08-05T21:19:00",186032641,30761061,"N","Y",1,"AUS","21:19:00","Albion Park","R8","520m","Heat","Albion Park R8 520m","Albion Park","ABK"]
["21:22 Murray Bridge (AUS) 5th Aug (R7 530m Heat)","2021-08-05T21:22:00",186033865,30761293,"N","Y",1,"AUS","21:22:00","Murray Bridge","R7","530m","Heat","Murray Bridge R7 530m","Murray Bridge","MBR"]
["21:25 Mandurah (AUS) 5th Aug (R3 405m Nvce)","2021-08-05T21:25:00",186033922,30761297,"N","Y",1,"AUS","21:25:00","Mandurah","R3","405m","Nvce","Mandurah R3 405m","Mandurah","MRD"]
["21:28 Dapto (AUS) 5th Aug (R7 297m Gr5)","2021-08-05T21:28:00",186033671,30761175,"N","Y",1,"AUS","21:28:00","Dapto","R7","297m","Gr5","Dapto R7 297m","Dapto","DAP"]
["21:34 Launceston (AUS) 5th Aug (R7 515m Heat)","2021-08-05T21:34:00",186040334,30761668,"N","Y",1,"AUS","21:34:00","Launceston","R7","515m","Heat","Launceston R7 515m","Launceston","LAU"]
["21:37 Sandown Park (AUS) 5th Aug (R10 515m Gr5)","2021-08-05T21:37:00",186033766,30761180,"N","Y",1,"AUS","21:37:00","Sandown Park","R10","515m","Gr5","Sandown Park R10 515m","Sandown Park","SAN"]
["21:40 Albion Park (AUS) 5th Aug (R9 520m Gr5)","2021-08-05T21:40:00",186032643,30761061,"N","Y",1,"AUS","21:40:00","Albion Park","R9","520m","Gr5","Albion Park R9 520m","Albion Park","ABK"]
["21:43 Murray Bridge (AUS) 5th Aug (R8 395m Gr5)","2021-08-05T21:43:00",186033867,30761293,"N","Y",1,"AUS","21:43:00","Murray Bridge","R8","395m","Gr5","Murray Bridge R8 395m","Murray Bridge","MBR"]
["21:49 Mandurah (AUS) 5th Aug (R4 302m Gr6)","2021-08-05T21:49:00",186033924,30761297,"N","Y",1,"AUS","21:49:00","Mandurah","R4","302m","Gr6","Mandurah R4 302m","Mandurah","MRD"]
["21:52 Dapto (AUS) 5th Aug (R8 297m Gr4/5)","2021-08-05T21:52:00",186033673,30761175,"N","Y",1,"AUS","21:52:00","Dapto","R8","297m","Gr4/5","Dapto R8 297m","Dapto","DAP"]
["21:55 Launceston (AUS) 5th Aug (R8 515m Gr5)","2021-08-05T21:55:00",186040336,30761668,"N","Y",1,"AUS","21:55:00","Launceston","R8","515m","Gr5","Launceston R8 515m","Launceston","LAU"]
["21:58 Sandown Park (AUS) 5th Aug (R11 515m Gr5)","2021-08-05T21:58:00",186033768,30761180,"N","Y",1,"AUS","21:58:00","Sandown Park","R11","515m","Gr5","Sandown Park R11 515m","Sandown Park","SAN"]
["22:05 Albion Park (AUS) 5th Aug (R10 520m Gr5)","2021-08-05T22:05:00",186032645,30761061,"N","Y",1,"AUS","22:05:00","Albion Park","R10","520m","Gr5","Albion Park R10 520m","Albion Park","ABK"]
["22:08 Murray Bridge (AUS) 5th Aug (R9 395m Gr6)","2021-08-05T22:08:00",186033869,30761293,"N","Y",1,"AUS","22:08:00","Murray Bridge","R9","395m","Gr6","Murray Bridge R9 395m","Murray Bridge","MBR"]
["22:11 Mandurah (AUS) 5th Aug (R5 490m Gr5/6)","2021-08-05T22:11:00",186033926,30761297,"N","Y",1,"AUS","22:11:00","Mandurah","R5","490m","Gr5/6","Mandurah R5 490m","Mandurah","MRD"]
["22:14 Dapto (AUS) 5th Aug (R9 297m Gr5)","2021-08-05T22:14:00",186033675,30761175,"N","Y",1,"AUS","22:14:00","Dapto","R9","297m","Gr5","Dapto R9 297m","Dapto","DAP"]
["22:17 Launceston (AUS) 5th Aug (R9 278m Gr5)","2021-08-05T22:17:00",186040338,30761668,"N","Y",1,"AUS","22:17:00","Launceston","R9","278m","Gr5","Launceston R9 278m","Launceston","LAU"]
["22:20 Sandown Park (AUS) 5th Aug (R12 515m Gr5)","2021-08-05T22:20:00",186033770,30761180,"N","Y",1,"AUS","22:20:00","Sandown Park","R12","515m","Gr5","Sandown Park R12 515m","Sandown Park","SAN"]
["22:23 Albion Park (AUS) 5th Aug (R11 520m Gr5)","2021-08-05T22:23:00",186032647,30761061,"N","Y",1,"AUS","22:23:00","Albion Park","R11","520m","Gr5","Albion Park R11 520m","Albion Park","ABK"]
["22:26 Murray Bridge (AUS) 5th Aug (R10 455m Gr6)","2021-08-05T22:26:00",186033871,30761293,"N","Y",1,"AUS","22:26:00","Murray Bridge","R10","455m","Gr6","Murray Bridge R10 455m","Murray Bridge","MBR"]
["22:33 Mandurah (AUS) 5th Aug (R6 302m Gr3/4)","2021-08-05T22:33:00",186033929,30761297,"N","Y",1,"AUS","22:33:00","Mandurah","R6","302m","Gr3/4","Mandurah R6 302m","Mandurah","MRD"]
["22:36 Dapto (AUS) 5th Aug (R10 297m M1/2/3)","2021-08-05T22:36:00",186033677,30761175,"N","Y",1,"AUS","22:36:00","Dapto","R10","297m","M1/2/3","Dapto R10 297m","Dapto","DAP"]
["22:39 Launceston (AUS) 5th Aug (R10 278m Gr5)","2021-08-05T22:39:00",186040340,30761668,"N","Y",1,"AUS","22:39:00","Launceston","R10","278m","Gr5","Launceston R10 278m","Launceston","LAU"]
["22:42 Albion Park (AUS) 5th Aug (R12 520m M5)","2021-08-05T22:42:00",186032649,30761061,"N","Y",1,"AUS","22:42:00","Albion Park","R12","520m","M5","Albion Park R12 520m","Albion Park","ABK"]
["22:49 Murray Bridge (AUS) 5th Aug (R11 455m Gr6)","2021-08-05T22:49:00",186033873,30761293,"N","Y",1,"AUS","22:49:00","Murray Bridge","R11","455m","Gr6","Murray Bridge R11 455m","Murray Bridge","MBR"]
["22:52 Mandurah (AUS) 5th Aug (R7 302m FFA)","2021-08-05T22:52:00",186033931,30761297,"N","Y",1,"AUS","22:52:00","Mandurah","R7","302m","FFA","Mandurah R7 302m","Mandurah","MRD"]
["23:07 Mandurah (AUS) 5th Aug (R8 405m Gr6)","2021-08-05T23:07:00",186033933,30761297,"N","Y",1,"AUS","23:07:00","Mandurah","R8","405m","Gr6","Mandurah R8 405m","Mandurah","MRD"]
["23:27 Mandurah (AUS) 5th Aug (R9 302m Gr6)","2021-08-05T23:27:00",186033935,30761297,"N","Y",1,"AUS","23:27:00","Mandurah","R9","302m","Gr6","Mandurah R9 302m","Mandurah","MRD"]
["23:42 Mandurah (AUS) 5th Aug (R10 405m Gr5)","2021-08-05T23:42:00",186033937,30761297,"N","Y",1,"AUS","23:42:00","Mandurah","R10","405m","Gr5","Mandurah R10 405m","Mandurah","MRD"]
["23:57 Mandurah (AUS) 5th Aug (R11 302m Gr5)","2021-08-05T23:57:00",186033939,30761297,"N","Y",1,"AUS","23:57:00","Mandurah","R11","302m","Gr5","Mandurah R11 302m","Mandurah","MRD"]
["00:17 Mandurah (AUS) 5th Aug (R12 302m Gr4/5)","2021-08-06T00:17:00",186033941,30761297,"N","Y",1,"AUS","00:17:00","Mandurah","R12","302m","Gr4/5","Mandurah R12 302m","Mandurah","MRD"]

{"sheet":"display","index":3,"n_rows":119,"n_cols":44,"rows_kept":119,"cut":false,"hidden":false,"merged":[[1,15,1,16],[29,21,30,22],[1,19,1,20],[1,17,1,18],[508,1,508,3],[509,1,509,3],[510,1,510,3],[511,1,511,3],[512,1,512,3],[4,1,4,3],[1,21,1,22],[499,1,499,3],[500,1,500,3],[501,1,501,3],[502,1,502,3],[503,1,503,3],[504,1,504,3],[505,1,505,3],[506,1,506,3],[507,1,507,3],[490,1,490,3],[491,1,491,3],[492,1,492,3],[493,1,493,3],[494,1,494,3],[495,1,495,3],[496,1,496,3],[497,1,497,3],[498,1,498,3],[481,1,481,3],[482,1,482,3],[483,1,483,3],[484,1,484,3],[485,1,485,3],[486,1,486,3],[487,1,487,3],[488,1,488,3],[489,1,489,3],[472,1,472,3],[473,1,473,3],[474,1,474,3],[475,1,475,3],[476,1,476,3],[477,1,477,3],[478,1,478,3],[479,1,479,3],[480,1,480,3],[463,1,463,3],[464,1,464,3],[465,1,465,3],[466,1,466,3],[467,1,467,3],[468,1,468,3],[469,1,469,3],[470,1,470,3],[471,1,471,3],[454,1,454,3],[455,1,455,3],[456,1,456,3],[457,1,457,3],[458,1,458,3],[459,1,459,3],[460,1,460,3],[461,1,461,3],[462,1,462,3],[445,1,445,3],[446,1,446,3],[447,1,447,3],[448,1,448,3],[449,1,449,3],[450,1,450,3],[451,1,451,3],[452,1,452,3],[453,1,453,3],[436,1,436,3],[437,1,437,3],[438,1,438,3],[439,1,439,3],[440,1,440,3],[441,1,441,3],[442,1,442,3],[443,1,443,3],[444,1,444,3],[427,1,427,3],[428,1,428,3],[429,1,429,3],[430,1,430,3],[431,1,431,3],[432,1,432,3],[433,1,433,3],[434,1,434,3],[435,1,435,3],[418,1,418,3],[419,1,419,3],[420,1,420,3],[421,1,421,3],[422,1,422,3],[423,1,423,3],[424,1,424,3],[425,1,425,3],[426,1,426,3],[409,1,409,3],[410,1,410,3],[411,1,411,3],[412,1,412,3],[413,1,413,3],[414,1,414,3],[415,1,415,3],[416,1,416,3],[417,1,417,3],[400,1,400,3],[401,1,401,3],[402,1,402,3],[403,1,403,3],[404,1,404,3],[405,1,405,3],[406,1,406,3],[407,1,407,3],[408,1,408,3],[391,1,391,3],[392,1,392,3],[393,1,393,3],[394,1,394,3],[395,1,395,3],[396,1,396,3],[397,1,397,3],[398,1,398,3],[399,1,399,3],[382,1,382,3],[383,1,383,3],[384,1,384,3],[385,1,385,3],[386,1,386,3],[387,1,387,3],[388,1,388,3],[389,1,389,3],[390,1,390,3],[373,1,373,3],[374,1,374,3],[375,1,375,3],[376,1,376,3],[377,1,377,3],[378,1,378,3],[379,1,379,3],[380,1,380,3],[381,1,381,3],[364,1,364,3],[365,1,365,3],[366,1,366,3],[367,1,367,3],[368,1,368,3],[369,1,369,3],[370,1,370,3],[371,1,371,3],[372,1,372,3],[355,1,355,3],[356,1,356,3],[357,1,357,3],[358,1,358,3],[359,1,359,3],[360,1,360,3],[361,1,361,3],[362,1,362,3],[363,1,363,3],[346,1,346,3],[347,1,347,3],[348,1,348,3],[349,1,349,3],[350,1,350,3],[351,1,351,3],[352,1,352,3],[353,1,353,3],[354,1,354,3],[337,1,337,3],[338,1,338,3],[339,1,339,3],[340,1,340,3],[341,1,341,3],[342,1,342,3],[343,1,343,3],[344,1,344,3],[345,1,345,3],[328,1,328,3],[329,1,329,3],[330,1,330,3],[331,1,331,3],[332,1,332,3],[333,1,333,3],[334,1,334,3],[335,1,335,3],[336,1,336,3],[319,1,319,3],[320,1,320,3],[321,1,321,3],[322,1,322,3],[323,1,323,3],[324,1,324,3],[325,1,325,3],[326,1,326,3],[327,1,327,3],[310,1,310,3],[311,1,311,3],[312,1,312,3],[313,1,313,3],[314,1,314,3],[315,1,315,3],[316,1,316,3],[317,1,317,3],[318,1,318,3],[301,1,301,3],[302,1,302,3],[303,1,303,3],[304,1,304,3],[305,1,305,3],[306,1,306,3],[307,1,307,3],[308,1,308,3],[309,1,309,3],[292,1,292,3],[293,1,293,3],[294,1,294,3],[295,1,295,3],[296,1,296,3],[297,1,297,3],[298,1,298,3],[299,1,299,3],[300,1,300,3],[283,1,283,3],[284,1,284,3],[285,1,285,3],[286,1,286,3],[287,1,287,3],[288,1,288,3],[289,1,289,3],[290,1,290,3],[291,1,291,3],[274,1,274,3],[275,1,275,3],[276,1,276,3],[277,1,277,3],[278,1,278,3],[279,1,279,3],[280,1,280,3],[281,1,281,3],[282,1,282,3],[265,1,265,3],[266,1,266,3],[267,1,267,3],[268,1,268,3],[269,1,269,3],[270,1,270,3],[271,1,271,3],[272,1,272,3],[273,1,273,3],[256,1,256,3],[257,1,257,3],[258,1,258,3],[259,1,259,3],[260,1,260,3],[261,1,261,3],[262,1,262,3],[263,1,263,3],[264,1,264,3],[247,1,247,3],[248,1,248,3],[249,1,249,3],[250,1,250,3],[251,1,251,3],[252,1,252,3],[253,1,253,3],[254,1,254,3],[255,1,255,3],[238,1,238,3],[239,1,239,3],[240,1,240,3],[241,1,241,3],[242,1,242,3],[243,1,243,3],[244,1,244,3],[245,1,245,3],[246,1,246,3],[229,1,229,3],[230,1,230,3],[231,1,231,3],[232,1,232,3],[233,1,233,3],[234,1,234,3],[235,1,235,3],[236,1,236,3],[237,1,237,3],[220,1,220,3],[221,1,221,3],[222,1,222,3],[223,1,223,3],[224,1,224,3],[225,1,225,3],[226,1,226,3],[227,1,227,3],[228,1,228,3],[211,1,211,3],[212,1,212,3],[213,1,213,3],[214,1,214,3],[215,1,215,3],[216,1,216,3],[217,1,217,3],[218,1,218,3],[219,1,219,3],[202,1,202,3],[203,1,203,3],[204,1,204,3],[205,1,205,3],[206,1,206,3],[207,1,207,3],[208,1,208,3],[209,1,209,3],[210,1,210,3],[193,1,193,3],[194,1,194,3],[195,1,195,3],[196,1,196,3],[197,1,197,3],[198,1,198,3],[199,1,199,3],[200,1,200,3],[201,1,201,3],[184,1,184,3],[185,1,185,3],[186,1,186,3],[187,1,187,3],[188,1,188,3],[189,1,189,3],[190,1,190,3],[191,1,191,3],[192,1,192,3],[175,1,175,3],[176,1,176,3],[177,1,177,3],[178,1,178,3],[179,1,179,3],[180,1,180,3],[181,1,181,3],[182,1,182,3],[183,1,183,3],[166,1,166,3],[167,1,167,3],[168,1,168,3],[169,1,169,3],[170,1,170,3],[171,1,171,3],[172,1,172,3],[173,1,173,3],[174,1,174,3],[157,1,157,3],[158,1,158,3],[159,1,159,3],[160,1,160,3],[161,1,161,3],[162,1,162,3],[163,1,163,3],[164,1,164,3],[165,1,165,3],[148,1,148,3],[149,1,149,3],[150,1,150,3],[151,1,151,3],[152,1,152,3],[153,1,153,3],[154,1,154,3],[155,1,155,3],[156,1,156,3],[139,1,139,3],[140,1,140,3],[141,1,141,3],[142,1,142,3],[143,1,143,3],[144,1,144,3],[145,1,145,3],[146,1,146,3],[147,1,147,3],[130,1,130,3],[131,1,131,3],[132,1,132,3],[133,1,133,3],[134,1,134,3],[135,1,135,3],[136,1,136,3],[137,1,137,3],[138,1,138,3],[121,1,121,3],[122,1,122,3],[123,1,123,3],[124,1,124,3],[125,1,125,3],[126,1,126,3],[127,1,127,3],[128,1,128,3],[129,1,129,3],[112,1,112,3],[113,1,113,3],[114,1,114,3],[115,1,115,3],[116,1,116,3],[117,1,117,3],[118,1,118,3],[119,1,119,3],[120,1,120,3],[103,1,103,3],[104,1,104,3],[105,1,105,3],[106,1,106,3],[107,1,107,3],[108,1,108,3],[109,1,109,3],[110,1,110,3],[111,1,111,3],[95,1,95,3],[96,1,96,3],[97,1,97,3],[98,1,98,3],[99,1,99,3],[100,1,100,3],[101,1,101,3],[102,1,102,3],[85,1,85,3],[86,1,86,3],[87,1,87,3],[88,1,88,3],[89,1,89,3],[90,1,90,3],[91,1,91,3],[92,1,92,3],[93,1,93,3],[78,1,78,3],[79,1,79,3],[80,1,80,3],[81,1,81,3],[82,1,82,3],[83,1,83,3],[84,1,84,3],[67,1,67,3],[68,1,68,3],[69,1,69,3],[70,1,70,3],[71,1,71,3],[72,1,72,3],[73,1,73,3],[74,1,74,3],[75,1,75,3],[94,1,94,3],[61,1,61,3],[62,1,62,3],[63,1,63,3],[64,1,64,3],[65,1,65,3],[66,1,66,3],[49,1,49,3],[50,1,50,3],[51,1,51,3],[52,1,52,3],[53,1,53,3],[54,1,54,3],[55,1,55,3],[56,1,56,3],[57,1,57,3],[76,1,76,3],[77,1,77,3],[41,1,41,3],[42,1,42,3],[43,1,43,3],[44,1,44,3],[45,1,45,3],[22,1,22,3],[23,1,23,3],[24,1,24,3],[25,1,25,3],[26,1,26,3],[27,1,27,3],[28,1,28,3],[29,1,29,3],[30,1,30,3],[58,1,58,3],[59,1,59,3],[60,1,60,3],[35,1,35,3],[36,1,36,3],[37,1,37,3],[38,1,38,3],[39,1,39,3],[46,1,46,3],[47,1,47,3],[48,1,48,3],[5,1,5,3],[6,1,6,3],[7,1,7,3],[8,1,8,3],[9,1,9,3],[10,1,10,3],[11,1,11,3],[12,1,12,3],[19,1,19,3],[20,1,20,3],[21,1,21,3],[40,1,40,3],[13,1,13,3],[14,1,14,3],[15,1,15,3],[16,1,16,3],[17,1,17,3],[18,1,18,3],[31,1,31,3],[32,1,32,3],[33,1,33,3],[34,1,34,3],[529,1,529,3],[530,1,530,3],[513,1,513,3],[514,1,514,3],[515,1,515,3],[516,1,516,3],[517,1,517,3],[518,1,518,3],[519,1,519,3],[520,1,520,3],[521,1,521,3],[522,1,522,3],[523,1,523,3],[524,1,524,3],[525,1,525,3],[526,1,526,3],[527,1,527,3],[528,1,528,3],[531,1,531,3],[532,1,532,3],[533,1,533,3],[534,1,534,3],[535,1,535,3],[536,1,536,3],[537,1,537,3],[538,1,538,3],[539,1,539,3],[540,1,540,3],[541,1,541,3],[542,1,542,3],[543,1,543,3],[544,1,544,3],[545,1,545,3],[546,1,546,3],[547,1,547,3],[548,1,548,3],[549,1,549,3],[550,1,550,3],[551,1,551,3],[552,1,552,3],[553,1,553,3],[554,1,554,3],[555,1,555,3],[556,1,556,3],[557,1,557,3],[558,1,558,3],[559,1,559,3],[560,1,560,3],[561,1,561,3],[562,1,562,3],[563,1,563,3],[564,1,564,3],[565,1,565,3],[566,1,566,3],[567,1,567,3],[568,1,568,3],[569,1,569,3],[570,1,570,3],[571,1,571,3],[572,1,572,3],[573,1,573,3],[574,1,574,3],[575,1,575,3],[576,1,576,3],[577,1,577,3],[578,1,578,3],[579,1,579,3],[580,1,580,3],[581,1,581,3],[582,1,582,3],[583,1,583,3],[584,1,584,3],[585,1,585,3],[586,1,586,3],[587,1,587,3],[588,1,588,3],[589,1,589,3],[590,1,590,3],[591,1,591,3],[592,1,592,3],[593,1,593,3],[594,1,594,3],[595,1,595,3],[596,1,596,3],[597,1,597,3],[598,1,598,3],[599,1,599,3],[600,1,600,3],[601,1,601,3],[602,1,602,3],[603,1,603,3],[604,1,604,3],[605,1,605,3],[606,1,606,3],[607,1,607,3],[608,1,608,3],[609,1,609,3],[610,1,610,3],[611,1,611,3],[612,1,612,3],[613,1,613,3],[614,1,614,3],[615,1,615,3],[616,1,616,3],[617,1,617,3],[618,1,618,3],[619,1,619,3],[620,1,620,3],[621,1,621,3],[622,1,622,3],[623,1,623,3],[624,1,624,3],[625,1,625,3],[626,1,626,3],[627,1,627,3],[628,1,628,3],[629,1,629,3],[630,1,630,3],[631,1,631,3],[632,1,632,3],[633,1,633,3],[634,1,634,3],[635,1,635,3],[636,1,636,3],[637,1,637,3],[638,1,638,3],[639,1,639,3],[640,1,640,3],[641,1,641,3],[642,1,642,3],[643,1,643,3],[644,1,644,3],[645,1,645,3],[646,1,646,3],[647,1,647,3],[648,1,648,3],[649,1,649,3],[650,1,650,3],[651,1,651,3],[652,1,652,3],[653,1,653,3],[654,1,654,3],[655,1,655,3],[656,1,656,3],[657,1,657,3],[658,1,658,3],[659,1,659,3],[660,1,660,3],[661,1,661,3],[662,1,662,3],[663,1,663,3],[664,1,664,3],[665,1,665,3],[666,1,666,3],[667,1,667,3],[668,1,668,3],[669,1,669,3],[670,1,670,3],[671,1,671,3],[672,1,672,3],[673,1,673,3],[674,1,674,3],[675,1,675,3],[676,1,676,3],[677,1,677,3],[678,1,678,3],[679,1,679,3],[680,1,680,3],[681,1,681,3],[682,1,682,3],[683,1,683,3],[684,1,684,3],[685,1,685,3],[686,1,686,3],[687,1,687,3],[688,1,688,3],[689,1,689,3],[690,1,690,3],[691,1,691,3],[692,1,692,3],[693,1,693,3],[694,1,694,3],[695,1,695,3],[696,1,696,3],[697,1,697,3],[698,1,698,3],[699,1,699,3],[700,1,700,3],[701,1,701,3],[702,1,702,3],[703,1,703,3],[704,1,704,3],[705,1,705,3],[706,1,706,3],[707,1,707,3],[708,1,708,3],[709,1,709,3],[710,1,710,3],[711,1,711,3],[712,1,712,3],[713,1,713,3],[714,1,714,3],[715,1,715,3],[716,1,716,3],[717,1,717,3],[718,1,718,3],[719,1,719,3],[720,1,720,3],[721,1,721,3],[722,1,722,3],[723,1,723,3],[724,1,724,3],[725,1,725,3],[726,1,726,3],[727,1,727,3],[728,1,728,3],[729,1,729,3],[730,1,730,3],[731,1,731,3],[732,1,732,3],[733,1,733,3],[734,1,734,3],[735,1,735,3],[736,1,736,3],[737,1,737,3],[738,1,738,3],[739,1,739,3],[740,1,740,3],[741,1,741,3],[742,1,742,3],[743,1,743,3],[744,1,744,3],[745,1,745,3],[746,1,746,3],[747,1,747,3],[748,1,748,3],[749,1,749,3],[750,1,750,3],[751,1,751,3],[752,1,752,3],[753,1,753,3],[754,1,754,3],[755,1,755,3],[756,1,756,3],[757,1,757,3],[758,1,758,3],[759,1,759,3],[760,1,760,3],[761,1,761,3],[762,1,762,3],[763,1,763,3],[764,1,764,3],[765,1,765,3],[766,1,766,3],[767,1,767,3],[768,1,768,3],[769,1,769,3],[770,1,770,3],[771,1,771,3],[772,1,772,3],[773,1,773,3],[774,1,774,3],[775,1,775,3],[776,1,776,3],[777,1,777,3],[778,1,778,3],[779,1,779,3],[780,1,780,3],[781,1,781,3],[782,1,782,3],[783,1,783,3],[784,1,784,3],[785,1,785,3],[786,1,786,3],[787,1,787,3],[788,1,788,3],[789,1,789,3],[790,1,790,3],[791,1,791,3],[792,1,792,3],[793,1,793,3],[794,1,794,3],[795,1,795,3],[796,1,796,3],[797,1,797,3],[798,1,798,3],[799,1,799,3],[800,1,800,3],[801,1,801,3],[802,1,802,3],[803,1,803,3],[804,1,804,3],[805,1,805,3],[806,1,806,3],[807,1,807,3],[808,1,808,3],[809,1,809,3],[810,1,810,3],[811,1,811,3],[812,1,812,3],[813,1,813,3],[814,1,814,3],[815,1,815,3],[816,1,816,3],[817,1,817,3],[818,1,818,3],[819,1,819,3],[820,1,820,3],[821,1,821,3],[822,1,822,3],[823,1,823,3],[824,1,824,3],[825,1,825,3],[826,1,826,3],[827,1,827,3],[828,1,828,3],[829,1,829,3],[830,1,830,3],[831,1,831,3],[832,1,832,3],[833,1,833,3],[834,1,834,3],[835,1,835,3],[836,1,836,3],[871,1,871,3],[837,1,837,3],[838,1,838,3],[839,1,839,3],[840,1,840,3],[841,1,841,3],[842,1,842,3],[843,1,843,3],[844,1,844,3],[845,1,845,3],[846,1,846,3],[847,1,847,3],[848,1,848,3],[849,1,849,3],[850,1,850,3],[851,1,851,3],[852,1,852,3],[853,1,853,3],[854,1,854,3],[855,1,855,3],[856,1,856,3],[857,1,857,3],[858,1,858,3],[859,1,859,3],[860,1,860,3],[861,1,861,3],[862,1,862,3],[863,1,863,3],[864,1,864,3],[865,1,865,3],[866,1,866,3],[867,1,867,3],[868,1,868,3],[869,1,869,3],[870,1,870,3],[872,1,872,3],[873,1,873,3],[874,1,874,3],[875,1,875,3],[876,1,876,3],[877,1,877,3],[878,1,878,3],[879,1,879,3],[880,1,880,3],[881,1,881,3],[882,1,882,3],[883,1,883,3],[884,1,884,3],[885,1,885,3],[886,1,886,3],[887,1,887,3],[902,1,902,3],[888,1,888,3],[889,1,889,3],[890,1,890,3],[891,1,891,3],[892,1,892,3],[893,1,893,3],[894,1,894,3],[895,1,895,3],[896,1,896,3],[897,1,897,3],[898,1,898,3],[899,1,899,3],[900,1,900,3],[901,1,901,3],[903,1,903,3],[904,1,904,3],[906,1,906,3],[907,1,907,3],[908,1,908,3],[909,1,909,3],[910,1,910,3],[911,1,911,3],[912,1,912,3],[913,1,913,3],[914,1,914,3],[915,1,915,3],[916,1,916,3],[917,1,917,3],[918,1,918,3],[919,1,919,3],[905,1,905,3],[920,1,920,3],[921,1,921,3],[936,1,936,3],[922,1,922,3],[923,1,923,3],[924,1,924,3],[925,1,925,3],[926,1,926,3],[927,1,927,3],[928,1,928,3],[929,1,929,3],[930,1,930,3],[931,1,931,3],[932,1,932,3],[933,1,933,3],[934,1,934,3],[935,1,935,3],[937,1,937,3],[938,1,938,3],[940,1,940,3],[941,1,941,3],[942,1,942,3],[943,1,943,3],[944,1,944,3],[945,1,945,3],[946,1,946,3],[947,1,947,3],[948,1,948,3],[949,1,949,3],[950,1,950,3],[951,1,951,3],[952,1,952,3],[953,1,953,3],[939,1,939,3],[954,1,954,3],[955,1,955,3],[970,1,970,3],[956,1,956,3],[957,1,957,3],[958,1,958,3],[959,1,959,3],[960,1,960,3],[961,1,961,3],[962,1,962,3],[963,1,963,3],[964,1,964,3],[965,1,965,3],[966,1,966,3],[967,1,967,3],[968,1,968,3],[969,1,969,3],[971,1,971,3],[972,1,972,3],[973,1,973,3],[975,1,975,3],[976,1,976,3],[977,1,977,3],[978,1,978,3],[979,1,979,3],[999,1,999,3],[990,1,990,3],[991,1,991,3],[992,1,992,3],[993,1,993,3],[994,1,994,3],[995,1,995,3],[996,1,996,3],[997,1,997,3],[998,1,998,3],[981,1,981,3],[982,1,982,3],[983,1,983,3],[984,1,984,3],[985,1,985,3],[986,1,986,3],[987,1,987,3],[988,1,988,3],[989,1,989,3],[980,1,980,3]],"merged_total":1001,"flags":["merged_cut"]}
[]
[".+3-","Balance","Staked","Profit","Yield",{"$f":"\"R\"&settings!B26","v":"R8"},{"$f":"PROPER(settings!B25)","v":"Mount Gambier"},null,null,null,null,null,null,null,null,"163 ms",null,{"$f":"settings!B27","v":"512m"},null,{"$f":"settings!B28","v":"Rest"},null,{"$f":"IF(ABS(TTJ)/60>=3,IF(MOD(TRUNC(TTJ,0),6)>0,TRUNC(TTJ/60,0) & \" min\",\"\"),TRUNC(TTJ,0)&\" sec\")","v":""},null,"Launceston R10 278m"]
[4,{"$f":"settings!B8","v":44054.829999999994},{"$f":"settings!B11","v":15085817.030000001},{"$f":"settings!B12","v":172054.83},{"$f":"IFERROR(D3/C3,0)","v":1.140507203937631E-2},"Public Status: ",{"$f":"IF(MOD(TTJ,3)>0,IF(settings!B50>10,\"Public Error...\",settings!B54&\" \"&ROUND(settings!B50,0)&\" sec\"),\"\")","v":""}]
[null,{"$f":"settings!B10","v":-171.59},{"$f":"settings!B14","v":784.03000000119209},{"$f":"settings!B15","v":673.34999999997672},{"$f":"IFERROR(D4/C4,0)","v":0.85883193245022882},"Market Status:",{"$f":"IF(MOD(TTJ,3)>0,IF(Markets!F2<>\"\",Markets!F2,settings!B64),\"\")","v":""},null,null,null,null,null,null,null,null,null,null,null,"Option Explicit"]
[null,"key",null,null,"time","Runner","ULS","UL","MLO","Back","Lay","MBO","UB","UBS","Matched","BF","Public","LS","L","Fair Odds","B","BS","P/L","Race","Status","Time","Runner","ULS","UL","MLO","Back","Lay","MBO","UB","UBS","Matched","BF","Public","LS","L","Fair Odds","B","BS","P/L"]
[null,"Casino R6 411m",null,null,"13:22:00",{"$f":"IF(Markets!A5<>\"\",Markets!A5,\"\")","v":"1. Shady Past"},{"$f":"IF(AND(Markets!A5<>\"\",Markets!BP5>0),ROUND(Markets!BP5,0),\"\")","v":""},{"$f":"IF(AND(Markets!A5<>\"\",Markets!BO5>0),Markets!BO5,\"\")","v":""},{"$f":"IF(Markets!BH5<>\"\",Markets!BH5,\"\")","v":1.07},{"$f":"IF(Markets!F5<>\"\",Markets!F5,\"\")","v":1.32},{"$f":"IF(Markets!H5<>\"\",Markets!H5,\"\")","v":1.33},{"$f":"IF(Markets!BK5<>\"\",Markets!BK5,\"\")","v":1.36},{"$f":"IF(AND(Markets!A5<>\"\",Markets!BW5>0),Markets!BW5,\"\")","v":""},{"$f":"IF(AND(Markets!A5<>\"\",Markets!BX5>0),Markets!BX5,\"\")","v":""},{"$f":"IF(Markets!P5<>\"\",Markets!P5,\"\")","v":8006.34},{"$f":"IF(Markets!Z5<>\"\",Markets!Z5,\"\")","v":1.3},{"$f":"IF(Markets!BF5<>\"\",Markets!BF5,\"\")","v":1.25},{"$f":"IF(Markets!A5<>\"\",IF(Markets!BR5>0,Markets!BR5,\"\"),\"\")","v":""},{"$f":"IF(Markets!A5<>\"\",Markets!BT5,\"\")","v":""},{"$f":"IF(Markets!BG5<>\"\",Markets!BG5,\"\")","v":1.3087424787075308},{"$f":"IF(Markets!A5<>\"\",Markets!CB5,\"\")","v":""},{"$f":"IF(Markets!A5<>\"\",IF(Markets!BZ5>0,Markets!BZ5,\"\"),\"\")","v":""},{"$f":"IF(Markets!X5<>\"\",Markets!X5,\"\")","v":0},"Shepparton R2 450m","CONFLICT","10:20:00","1. Bashful Blondie",30,11,11,12,12.5,19,null,null,1608.68,12.11,10,null,null,13.588203488842009,null,null,108.63]
[null,"Mount Gambier R7 400m",null,null,"13:34:00",{"$f":"IF(Markets!A6<>\"\",Markets!A6,\"\")","v":"2. Amorphous Fire"},{"$f":"IF(AND(Markets!A6<>\"\",Markets!BP6>0),ROUND(Markets!BP6,0),\"\")","v":""},{"$f":"IF(AND(Markets!A6<>\"\",Markets!BO6>0),Markets!BO6,\"\")","v":""},{"$f":"IF(Markets!BH6<>\"\",Markets!BH6,\"\")","v":20},{"$f":"IF(Markets!F6<>\"\",Markets!F6,\"\")","v":12.5},{"$f":"IF(Markets!H6<>\"\",Markets!H6,\"\")","v":14},{"$f":"IF(Markets!BK6<>\"\",Markets!BK6,\"\")","v":36},{"$f":"IF(AND(Markets!A6<>\"\",Markets!BW6>0),Markets!BW6,\"\")","v":""},{"$f":"IF(AND(Markets!A6<>\"\",Markets!BX6>0),Markets!BX6,\"\")","v":""},{"$f":"IF(Markets!P6<>\"\",Markets!P6,\"\")","v":62.11},{"$f":"IF(Markets!Z6<>\"\",Markets!Z6,\"\")","v":13.97},{"$f":"IF(Markets!BF6<>\"\",Markets!BF6,\"\")","v":13},{"$f":"IF(Markets!A6<>\"\",IF(Markets!BR6>0,Markets!BR6,\"\"),\"\")","v":""},{"$f":"IF(Markets!A6<>\"\",Markets!BT6,\"\")","v":""},{"$f":"IF(Markets!BG6<>\"\",Markets!BG6,\"\")","v":24.439297543857379},{"$f":"IF(Markets!A6<>\"\",Markets!CB6,\"\")","v":""},{"$f":"IF(Markets!A6<>\"\",IF(Markets!BZ6>0,Markets!BZ6,\"\"),\"\")","v":""},{"$f":"IF(Markets!X6<>\"\",Markets!X6,\"\")","v":0},"Shepparton R1 385m","RATINGS","10:11:00","2. Kermaro",null,null,2.06,2.98,3,2.84,null,null,11230.67,3.42,2.8,null,null,2.5283100849525599,3.7267475527367981,435.18,1730.43]
[null,"Shepparton R9 385m",null,null,"13:37:00",{"$f":"IF(Markets!A7<>\"\",Markets!A7,\"\")","v":"3. See Me Socks"},{"$f":"IF(AND(Markets!A7<>\"\",Markets!BP7>0),ROUND(Markets!BP7,0),\"\")","v":""},{"$f":"IF(AND(Markets!A7<>\"\",Markets!BO7>0),Markets!BO7,\"\")","v":""},{"$f":"IF(Markets!BH7<>\"\",Markets!BH7,\"\")","v":23},{"$f":"IF(Markets!F7<>\"\",Markets!F7,\"\")","v":26},{"$f":"IF(Markets!H7<>\"\",Markets!H7,\"\")","v":36},{"$f":"IF(Markets!BK7<>\"\",Markets!BK7,\"\")","v":44},{"$f":"IF(AND(Markets!A7<>\"\",Markets!BW7>0),Markets!BW7,\"\")","v":""},{"$f":"IF(AND(Markets!A7<>\"\",Markets!BX7>0),Markets!BX7,\"\")","v":""},{"$f":"IF(Markets!P7<>\"\",Markets!P7,\"\")","v":13.02},{"$f":"IF(Markets!Z7<>\"\",Markets!Z7,\"\")","v":34.43},{"$f":"IF(Markets!BF7<>\"\",Markets!BF7,\"\")","v":17},{"$f":"IF(Markets!A7<>\"\",IF(Markets!BR7>0,Markets!BR7,\"\"),\"\")","v":""},{"$f":"IF(Markets!A7<>\"\",Markets!BT7,\"\")","v":""},{"$f":"IF(Markets!BG7<>\"\",Markets!BG7,\"\")","v":28.921108601640043},{"$f":"IF(Markets!A7<>\"\",Markets!CB7,\"\")","v":""},{"$f":"IF(Markets!A7<>\"\",IF(Markets!BZ7>0,Markets!BZ7,\"\"),\"\")","v":""},{"$f":"IF(Markets!X7<>\"\",Markets!X7,\"\")","v":0},"Shepparton R3 385m","CONFLICT","10:37:00","4. Chief Cyrus",9,26,27,26,36,55,null,null,992.22,27.59,19,64,28.375,33.342738304554388,null,null,-1707.37]
[null,"Casino R7 411m",null,null,"13:44:00",{"$f":"IF(Markets!A8<>\"\",Markets!A8,\"\")","v":"7. Bungaloo Sarah"},{"$f":"IF(AND(Markets!A8<>\"\",Markets!BP8>0),ROUND(Markets!BP8,0),\"\")","v":""},{"$f":"IF(AND(Markets!A8<>\"\",Markets!BO8>0),Markets!BO8,\"\")","v":""},{"$f":"IF(Markets!BH8<>\"\",Markets!BH8,\"\")","v":85},{"$f":"IF(Markets!F8<>\"\",Markets!F8,\"\")","v":85},{"$f":"IF(Markets!H8<>\"\",Markets!H8,\"\")","v":400},{"$f":"IF(Markets!BK8<>\"\",Markets!BK8,\"\")","v":1000},{"$f":"IF(AND(Markets!A8<>\"\",Markets!BW8>0),Markets!BW8,\"\")","v":""},{"$f":"IF(AND(Markets!A8<>\"\",Markets!BX8>0),Markets!BX8,\"\")","v":""},{"$f":"IF(Markets!P8<>\"\",Markets!P8,\"\")","v":4.18},{"$f":"IF(Markets!Z8<>\"\",Markets!Z8,\"\")","v":96.59},{"$f":"IF(Markets!BF8<>\"\",Markets!BF8,\"\")","v":61},{"$f":"IF(Markets!A8<>\"\",IF(Markets!BR8>0,Markets!BR8,\"\"),\"\")","v":""},{"$f":"IF(Markets!A8<>\"\",Markets!BT8,\"\")","v":""},{"$f":"IF(Markets!BG8<>\"\",Markets!BG8,\"\")","v":106.14545093695483},{"$f":"IF(Markets!A8<>\"\",Markets!CB8,\"\")","v":""},{"$f":"IF(Markets!A8<>\"\",IF(Markets!BZ8>0,Markets!BZ8,\"\"),\"\")","v":""},{"$f":"IF(Markets!X8<>\"\",Markets!X8,\"\")","v":0},"Casino R1 300m","OK","11:42:00","5. Winklee Sprite",null,null,38,60,70,1000,1000,1,280.33,55.47,41,null,null,48.204865449816083,null,null,108.63]
[null,"Mount Gambier R8 512m",null,null,"13:54:00",{"$f":"IF(Markets!A9<>\"\",Markets!A9,\"\")","v":"8. Golden Lester"},{"$f":"IF(AND(Markets!A9<>\"\",Markets!BP9>0),ROUND(Markets!BP9,0),\"\")","v":""},{"$f":"IF(AND(Markets!A9<>\"\",Markets!BO9>0),Markets!BO9,\"\")","v":""},{"$f":"IF(Markets!BH9<>\"\",Markets!BH9,\"\")","v":5.4},{"$f":"IF(Markets!F9<>\"\",Markets!F9,\"\")","v":7},{"$f":"IF(Markets!H9<>\"\",Markets!H9,\"\")","v":8.6},{"$f":"IF(Markets!BK9<>\"\",Markets!BK9,\"\")","v":8.4},{"$f":"IF(AND(Markets!A9<>\"\",Markets!BW9>0),Markets!BW9,\"\")","v":""},{"$f":"IF(AND(Markets!A9<>\"\",Markets!BX9>0),Markets!BX9,\"\")","v":""},{"$f":"IF(Markets!P9<>\"\",Markets!P9,\"\")","v":427.61},{"$f":"IF(Markets!Z9<>\"\",Markets!Z9,\"\")","v":7},{"$f":"IF(Markets!BF9<>\"\",Markets!BF9,\"\")","v":4.2},{"$f":"IF(Markets!A9<>\"\",IF(Markets!BR9>0,Markets!BR9,\"\"),\"\")","v":""},{"$f":"IF(Markets!A9<>\"\",Markets!BT9,\"\")","v":""},{"$f":"IF(Markets!BG9<>\"\",Markets!BG9,\"\")","v":6.622859704284509},{"$f":"IF(Markets!A9<>\"\",Markets!CB9,\"\")","v":""},{"$f":"IF(Markets!A9<>\"\",IF(Markets!BZ9>0,Markets!BZ9,\"\"),\"\")","v":""},{"$f":"IF(Markets!X9<>\"\",Markets!X9,\"\")","v":0},"Mount Gambier R1 512m","CONFLICT","11:42:00","6. Flexing",179,1.95,1.95,2.06,2.1,2.66,null,null,27733.05,1.9,1.7,481.77,1.7886298441164872,2.3841108413704366,null,null,-753.08]
[null,"Shepparton R10 385m",null,null,"13:57:00",{"$f":"IF(Markets!A10<>\"\",Markets!A10,\"\")","v":""},{"$f":"IF(AND(Markets!A10<>\"\",Markets!BP10>0),ROUND(Markets!BP10,0),\"\")","v":""},{"$f":"IF(AND(Markets!A10<>\"\",Markets!BO10>0),Markets!BO10,\"\")","v":""},{"$f":"IF(Markets!BH10<>\"\",Markets!BH10,\"\")","v":""},{"$f":"IF(Markets!F10<>\"\",Markets!F10,\"\")","v":""},{"$f":"IF(Markets!H10<>\"\",Markets!H10,\"\")","v":""},{"$f":"IF(Markets!BK10<>\"\",Markets!BK10,\"\")","v":""},{"$f":"IF(AND(Markets!A10<>\"\",Markets!BW10>0),Markets!BW10,\"\")","v":""},{"$f":"IF(AND(Markets!A10<>\"\",Markets!BX10>0),Markets!BX10,\"\")","v":""},{"$f":"IF(Markets!P10<>\"\",Markets!P10,\"\")","v":""},{"$f":"IF(Markets!Z10<>\"\",Markets!Z10,\"\")","v":""},{"$f":"IF(Markets!BF10<>\"\",Markets!BF10,\"\")","v":""},{"$f":"IF(Markets!A10<>\"\",IF(Markets!BR10>0,Markets!BR10,\"\"),\"\")","v":""},{"$f":"IF(Markets!A10<>\"\",Markets!BT10,\"\")","v":""},{"$f":"IF(Markets!BG10<>\"\",Markets!BG10,\"\")","v":""},{"$f":"IF(Markets!A10<>\"\",Markets!CB10,\"\")","v":""},{"$f":"IF(Markets!A10<>\"\",IF(Markets!BZ10>0,Markets!BZ10,\"\"),\"\")","v":""},{"$f":"IF(Markets!X10<>\"\",Markets!X10,\"\")","v":""},"Shepparton R4 385m","CONFLICT","11:43:00","7. Oakwood",12,30,30,42,60,60,60,7,1121.43,39.35,26,null,null,37.118840892756438,55,10.220000000000001,670.73]
[null,"Casino R8 484m",null,null,"14:09:00",{"$f":"IF(Markets!A11<>\"\",Markets!A11,\"\")","v":""},{"$f":"IF(AND(Markets!A11<>\"\",Markets!BP11>0),ROUND(Markets!BP11,0),\"\")","v":""},{"$f":"IF(AND(Markets!A11<>\"\",Markets!BO11>0),Markets!BO11,\"\")","v":""},{"$f":"IF(Markets!BH11<>\"\",Markets!BH11,\"\")","v":""},{"$f":"IF(Markets!F11<>\"\",Markets!F11,\"\")","v":""},{"$f":"IF(Markets!H11<>\"\",Markets!H11,\"\")","v":""},{"$f":"IF(Markets!BK11<>\"\",Markets!BK11,\"\")","v":""},{"$f":"IF(AND(Markets!A11<>\"\",Markets!BW11>0),Markets!BW11,\"\")","v":""},{"$f":"IF(AND(Markets!A11<>\"\",Markets!BX11>0),Markets!BX11,\"\")","v":""},{"$f":"IF(Markets!P11<>\"\",Markets!P11,\"\")","v":""},{"$f":"IF(Markets!Z11<>\"\",Markets!Z11,\"\")","v":""},{"$f":"IF(Markets!BF11<>\"\",Markets!BF11,\"\")","v":""},{"$f":"IF(Markets!A11<>\"\",IF(Markets!BR11>0,Markets!BR11,\"\"),\"\")","v":""},{"$f":"IF(Markets!A11<>\"\",Markets!BT11,\"\")","v":""},{"$f":"IF(Markets!BG11<>\"\",Markets!BG11,\"\")","v":""},{"$f":"IF(Markets!A11<>\"\",Markets!CB11,\"\")","v":""},{"$f":"IF(Markets!A11<>\"\",IF(Markets!BZ11>0,Markets!BZ11,\"\"),\"\")","v":""},{"$f":"IF(Markets!X11<>\"\",Markets!X11,\"\")","v":""},"Casino R2 411m","CONFLICT","11:43:00","8. Got The Double",4,90,90,110,160,1000,1000,1,71.25,121.59,71,null,null,113.90700184691728,null,null,108.63]
[null,"Mount Gambier R9 512m",null,null,"14:13:00",{"$f":"IF(Markets!A12<>\"\",Markets!A12,\"\")","v":""},{"$f":"IF(AND(Markets!A12<>\"\",Markets!BP12>0),ROUND(Markets!BP12,0),\"\")","v":""},{"$f":"IF(AND(Markets!A12<>\"\",Markets!BO12>0),Markets!BO12,\"\")","v":""},{"$f":"IF(Markets!BH12<>\"\",Markets!BH12,\"\")","v":""},{"$f":"IF(Markets!F12<>\"\",Markets!F12,\"\")","v":""},{"$f":"IF(Markets!H12<>\"\",Markets!H12,\"\")","v":""},{"$f":"IF(Markets!BK12<>\"\",Markets!BK12,\"\")","v":""},{"$f":"IF(AND(Markets!A12<>\"\",Markets!BW12>0),Markets!BW12,\"\")","v":""},{"$f":"IF(AND(Markets!A12<>\"\",Markets!BX12>0),Markets!BX12,\"\")","v":""},{"$f":"IF(Markets!P12<>\"\",Markets!P12,\"\")","v":""},{"$f":"IF(Markets!Z12<>\"\",Markets!Z12,\"\")","v":""},{"$f":"IF(Markets!BF12<>\"\",Markets!BF12,\"\")","v":""},{"$f":"IF(Markets!A12<>\"\",IF(Markets!BR12>0,Markets!BR12,\"\"),\"\")","v":""},{"$f":"IF(Markets!A12<>\"\",Markets!BT12,\"\")","v":""},{"$f":"IF(Markets!BG12<>\"\",Markets!BG12,\"\")","v":""},{"$f":"IF(Markets!A12<>\"\",Markets!CB12,\"\")","v":""},{"$f":"IF(Markets!A12<>\"\",IF(Markets!BZ12>0,Markets!BZ12,\"\"),\"\")","v":""},{"$f":"IF(Markets!X12<>\"\",Markets!X12,\"\")","v":""},"Mount Gambier R2 400m","OK","12:06:00","9. Ailani",null,null,32,30,40,1000,1000,1,448.84,40.32,34,8.26,32.087167070217923,40.022183387693985,null,null,-156.41]
[null,"Shepparton R11 385m",null,null,"14:17:00",null,null,null,null,null,null,null,null,null,null,null,null,null,null,null,null,null,null,"Shepparton R5 450m","CONFLICT","12:06:00"]
[null,"Casino R9 484m",null,null,"14:24:00",null,null,null,null,null,null,null,null,null,null,null,null,null,null,null,null,null,null,"Casino R3 300m","CONFLICT","12:06:00"]
[null,"Mount Gambier R10 512m",null,null,"14:34:00",null,null,null,null,null,null,null,null,null,null,null,null,null,null,null,null,null,null,"Mount Gambier R3 400m","CONFLICT","12:06:00"]
[null,"Shepparton R12 385m",null,null,"14:37:00",null,null,null,null,null,null,null,null,null,null,null,null,null,null,null,null,null,null,"Shepparton R6 450m","OK","12:27:00"]
[null,"Casino R10 484m",null,null,"14:44:00",null,null,null,null,null,null,null,null,null,null,null,null,null,null,null,null,null,null,"Casino R4 300m","CONFLICT","12:27:00"]
[null,"Mount Gambier R11 512m",null,null,"14:55:00",null,null,null,null,null,null,null,null,null,null,null,null,null,null,null,null,null,null,"Mount Gambier R4 400m","CONFLICT","12:27:00"]
[null,"Warragul R1 460m",null,null,"14:58:00",null,null,null,null,null,null,null,null,null,null,null,null,null,null,null,null,null,null,"Shepparton R7 385m","CONFLICT","12:27:00"]
[null,"Casino R11 411m",null,null,"15:07:00",null,null,null,null,null,null,null,null,null,null,null,null,null,null,null,null,null,null,"Mount Gambier R5 400m","OK","12:53:00"]
[null,"Warragul R2 400m",null,null,"15:19:00",null,null,null,null,null,null,null,null,null,null,null,null,null,null,null,null,null,null,"Casino R5 300m","CONFLICT","12:54:00"]
[null,"Warragul R3 400m",null,null,"15:39:00",null,null,null,null,null,null,null,null,null,null,null,null,null,null,null,null,null,null,"Shepparton R8 450m","CONFLICT","12:54:00"]
[null,"Gosford R1 388m",null,null,"15:54:00",null,null,null,null,null,null,null,null,null,null,null,null,null,null,null,null,null,null,"Mount Gambier R6 400m","CONFLICT","12:54:00"]
[null,"Warragul R4 400m",null,null,"16:07:00",null,null,null,null,null,null,null,null,null,null,null,null,null,null,null,null,null,null,"Casino R6 411m","OK","13:22:00"]
[null,"Gosford R2 388m",null,null,"16:14:00",null,null,null,null,null,null,null,null,null,null,null,null,null,null,null,null,null,null,"Mount Gambier R7 400m","CONFLICT","13:22:00"]
[null,"Warragul R5 460m",null,null,"16:28:00",null,null,null,null,null,null,null,null,null,null,null,null,null,null,null,null,null,null,"Shepparton R9 385m","CONFLICT","13:23:00"]
[null,"Gosford R3 388m",null,null,"16:34:00",null,null,null,null,null,null,null,null,null,null,null,null,null,null,null,null,null,null,"Casino R7 411m","CONFLICT","13:23:00"]
[null,"Warragul R6 460m",null,null,"16:49:00",null,null,null,null,null,null,null,null,null,null,null,null,null,null,null,null,null,null,"Mount Gambier R8 512m"]
[null,"Gosford R4 388m",null,null,"16:56:00",null,null,null,null,null,null,null,null,null,"Bankroll"]
[null,"Warrnambool R1 390m",null,null,"17:04:00"]
[null,"Warragul R7 400m",null,null,"17:12:00"]
[null,"Gosford R5 388m",null,null,"17:19:00"]
[null,"Warrnambool R2 390m",null,null,"17:27:00"]
[null,"Warragul R8 460m",null,null,"17:30:00"]
[null,"Gosford R6 388m",null,null,"17:38:00"]
[null,"Warrnambool R3 390m",null,null,"17:42:00"]
[null,"Warragul R9 400m",null,null,"17:46:00"]
[null,"Gosford R7 388m",null,null,"17:59:00"]
[null,"Warrnambool R4 390m",null,null,"18:07:00"]
[null,"Warragul R10 400m",null,null,"18:10:00"]
[null,"Sandown Park R1 515m",null,null,"18:18:00"]
[null,"Gosford R8 515m",null,null,"18:21:00"]
[null,"Warrnambool R5 450m",null,null,"18:24:00"]
[null,"Warragul R11 400m",null,null,"18:35:00"]
[null,"Sandown Park R2 515m",null,null,"18:38:00"]
[null,"Albion Park R1 520m",null,null,"18:41:00"]
[null,"Warrnambool R6 450m",null,null,"18:49:00"]
[null,"Warragul R12 400m",null,null,"18:52:00"]
[null,"Sandown Park R3 515m",null,null,"19:00:00"]
[null,"Albion Park R2 520m",null,null,"19:04:00"]
[null,"Murray Bridge R1 680m",null,null,"19:08:00"]
[null,"Warrnambool R7 450m",null,null,"19:12:00"]
[null,"Dapto R1 297m",null,null,"19:15:00"]
[null,"Launceston R1 515m",null,null,"19:18:00"]
[null,"Sandown Park R4 715m",null,null,"19:25:00"]
[null,"Albion Park R3 520m",null,null,"19:28:00"]
[null,"Warrnambool R8 450m",null,null,"19:31:00"]
[null,"Murray Bridge R2 395m",null,null,"19:34:00"]
[null,"Dapto R2 520m",null,null,"19:37:00"]
[null,"Launceston R2 278m",null,null,"19:40:00"]
[null,"Sandown Park R5 595m",null,null,"19:43:00"]
[null,"Albion Park R4 600m",null,null,"19:49:00"]
[null,"Murray Bridge R3 395m",null,null,"19:52:00"]
[null,"Warrnambool R9 390m",null,null,"19:55:00"]
[null,"Dapto R3 520m",null,null,"19:58:00"]
[null,"Launceston R3 600m",null,null,"20:04:00"]
[null,"Sandown Park R6 515m",null,null,"20:07:00"]
[null,"Albion Park R5 520m",null,null,"20:10:00"]
[null,"Murray Bridge R4 455m",null,null,"20:13:00"]
[null,"Warrnambool R10 390m",null,null,"20:19:00"]
[null,"Dapto R4 520m",null,null,"20:22:00"]
[null,"Launceston R4 515m",null,null,"20:25:00"]
[null,"Sandown Park R7 595m",null,null,"20:28:00"]
[null,"Albion Park R6 520m",null,null,"20:34:00"]
[null,"Murray Bridge R5 455m",null,null,"20:37:00"]
[null,"Warrnambool R11 390m",null,null,"20:40:00"]
[null,"Dapto R5 520m",null,null,"20:43:00"]
[null,"Mandurah R1 302m",null,null,"20:46:00"]
[null,"Launceston R5 515m",null,null,"20:49:00"]
[null,"Sandown Park R8 715m",null,null,"20:52:00"]
[null,"Albion Park R7 520m",null,null,"20:55:00"]
[null,"Murray Bridge R6 530m",null,null,"20:58:00"]
[null,"Mandurah R2 302m",null,null,"21:01:00"]
[null,"Warrnambool R12 390m",null,null,"21:04:00"]
[null,"Dapto R6 520m",null,null,"21:07:00"]
[null,"Launceston R6 515m",null,null,"21:10:00"]
[null,"Sandown Park R9 515m",null,null,"21:13:00"]
[null,"Albion Park R8 520m",null,null,"21:19:00"]
[null,"Murray Bridge R7 530m",null,null,"21:22:00"]
[null,"Mandurah R3 405m",null,null,"21:25:00"]
[null,"Dapto R7 297m",null,null,"21:28:00"]
[null,"Launceston R7 515m",null,null,"21:34:00"]
[null,"Sandown Park R10 515m",null,null,"21:37:00"]
[null,"Albion Park R9 520m",null,null,"21:40:00"]
[null,"Murray Bridge R8 395m",null,null,"21:43:00"]
[null,"Mandurah R4 302m",null,null,"21:49:00"]
[null,"Dapto R8 297m",null,null,"21:52:00"]
[null,"Launceston R8 515m",null,null,"21:55:00"]
[null,"Sandown Park R11 515m",null,null,"21:58:00"]
[null,"Albion Park R10 520m",null,null,"22:05:00"]
[null,"Murray Bridge R9 395m",null,null,"22:08:00"]
[null,"Mandurah R5 490m",null,null,"22:11:00"]
[null,"Dapto R9 297m",null,null,"22:14:00"]
[null,"Launceston R9 278m",null,null,"22:17:00"]
[null,"Sandown Park R12 515m",null,null,"22:20:00"]
[null,"Albion Park R11 520m",null,null,"22:23:00"]
[null,"Murray Bridge R10 455m",null,null,"22:26:00"]
[null,"Mandurah R6 302m",null,null,"22:33:00"]
[null,"Dapto R10 297m",null,null,"22:36:00"]
[null,"Launceston R10 278m",null,null,"22:39:00"]
[null,"Albion Park R12 520m",null,null,"22:42:00"]
[null,"Murray Bridge R11 455m",null,null,"22:49:00"]
[null,"Mandurah R7 302m",null,null,"22:52:00"]
[null,"Mandurah R8 405m",null,null,"23:07:00"]
[null,"Mandurah R9 302m",null,null,"23:27:00"]
[null,"Mandurah R10 405m",null,null,"23:42:00"]
[null,"Mandurah R11 302m",null,null,"23:57:00"]
[null,"Mandurah R12 302m",null,null,"00:17:00"]

{"sheet":"lookups","index":4,"n_rows":353,"n_cols":9,"rows_kept":353,"cut":false,"hidden":false,"merged":[]}
["racing_code","bf_code","location","jur","mnemonic",null,"Odds","Tick Count","Back"]
[null,"AnPk","Angle Park","AUS","ANG",null,1,1,1.01]
[null,"APrk","Albion Park","AUS","ABK",null,1.01,2,1.02]
[null,"Ball","Ballarat","AUS","BAL",null,1.02,3,1.03]
[null,"Bath","Bathurst","AUS","BAT",null,1.03,4,1.04]
[null,"Bend","Bendigo","AUS","BEN",null,1.04,5,1.05]
[null,"Bull","Bulli","AUS","BUL",null,1.05,6,1.06]
[null,"Bund","Bundaberg","AUS","BBG",null,1.06,7,1.07]
[null,"Canb","Canberra","AUS","CNB",null,1.07,8,1.08]
[null,"Cann","Cannington","AUS","CNP",null,1.08,9,1.0900000000000001]
[null,"Capa","Capalaba","AUS","CPL",null,1.0900000000000001,10,1.1000000000000001]
[null,"Casi","Casino","AUS","CSO",null,1.1000000000000001,11,1.1100000000000001]
[null,"Cran","Cranbourne","AUS","CRB",null,1.1100000000000001,12,1.1200000000000001]
[null,"Dapt","Dapto","AUS","DAP",null,1.1200000000000001,13,1.1299999999999999]
[null,"Darw","Darwin","AUS","DAR",null,1.1299999999999999,14,1.1399999999999999]
[null,"Devn","Devonport","AUS","DEV",null,1.1399999999999999,15,1.1499999999999999]
[null,"Dubb","Dubbo","AUS","DBO",null,1.1499999999999999,16,1.1599999999999999]
[null,"Gard","The Gardens","AUS","GAR",null,1.1599999999999999,17,1.17]
[null,"Gawl","Gawler","AUS","GAW",null,1.17,18,1.18]
[null,"Geel","Geelong","AUS","GEL",null,1.18,19,1.19]
[null,"Gosf","Gosford","AUS","GOS",null,1.19,20,1.2]
[null,"Goul","Goulburn","AUS","GBN",null,1.2,21,1.21]
[null,"Graf","Grafton","AUS","GRA",null,1.21,22,1.22]
[null,"Gund","Gundagai","AUS","GUN",null,1.22,23,1.23]
[null,"Gunn","Gunnedah","AUS","GDH",null,1.23,24,1.24]
[null,"Heal","Healesville","AUS","HSV",null,1.24,25,1.25]
[null,"Hoba","Hobart","AUS","HOB",null,1.25,26,1.26]
[null,"Hshm","Horsham","AUS","HOR",null,1.26,27,1.27]
[null,"Ipsw","Ipswich","AUS","IPS",null,1.27,28,1.28]
[null,"Laun","Launceston","AUS","LAU",null,1.28,29,1.29]
[null,"Lism","Lismore","AUS","LSM",null,1.29,30,1.3]
[null,"Mait","Maitland","AUS","MTL",null,1.3,31,1.31]
[null,"Mand","Mandurah","AUS","MRD",null,1.31,32,1.32]
[null,"MBdg","Murray Bridge","AUS","MBR",null,1.32,33,1.33]
[null,"Mead","The Meadows","AUS","MEA",null,1.33,34,1.34]
[null,"MGam","Mount Gambier","AUS","MTG",null,1.34,35,1.35]
[null,"Newc","Newcastle","AUS","NUK",null,1.35,36,1.36]
[null,"Nort","Northam","AUS","NTM",null,1.36,37,1.37]
[null,"Nowr","Nowra","AUS","NOW",null,1.37,38,1.38]
[null,"Rich","Richmond","AUS","RIC",null,1.38,39,1.39]
[null,"Rock","Rockhampton","AUS","ROC",null,1.39,40,1.4]
[null,"Sale","Sale","AUS","SAL",null,1.4,41,1.41]
[null,"Shep","Shepparton","AUS","SHE",null,1.41,42,1.42]
[null,"SPrk","Sandown Park","AUS","SAN",null,1.42,43,1.43]
[null,"Stra","Strathalbyn","AUS","STR",null,1.43,44,1.44]
[null,"Temo","Temora","AUS","TEM",null,1.44,45,1.45]
[null,"Toow","Toowoomba","AUS","TOO",null,1.45,46,1.46]
[null,"Town","Townsville","AUS","TWN",null,1.46,47,1.47]
[null,"Trar","Traralgon","AUS","TRL",null,1.47,48,1.48]
[null,"Wagg","Wagga","AUS","WAG",null,1.48,49,1.49]
[null,"Warr","Warrnambool","AUS","WBO",null,1.49,50,1.5]
[null,"Wgul","Warragul","AUS","WRG",null,1.5,51,1.51]
[null,"WPrk","Wentworth Park","AUS","WWP",null,1.51,52,1.52]
[null,"BVue","Belle Vue","GB","BVU",null,1.52,53,1.53]
[null,"CPark","Central Park","GB","CPK",null,1.53,54,1.54]
[null,"Crayfd","Crayford","GB","CFD",null,1.54,55,1.55]
[null,"Donc","Doncaster","GB","DCR",null,1.55,56,1.56]
[null,"Harl","Harlow","GB","HLW",null,1.56,57,1.57]
[null,"Henl","Henlow","GB","HEN",null,1.57,58,1.58]
[null,"HGrn","Hall Green","GB",null,null,1.58,59,1.59]
[null,"Hove","Hove","GB","HOV",null,1.59,60,1.6]
[null,"Kinsl","Kinsley","GB","KIN",null,1.6,61,1.61]
[null,"Monm","Monmore","GB",null,null,1.61,62,1.62]
[null,"Newc","Newcastle","GB","NUK",null,1.62,63,1.63]
[null,"Nott","Nottingham","GB","NAM",null,1.63,64,1.64]
[null,"Pbarr","Perry Barr","GB",null,null,1.64,65,1.65]
[null,"Pboro","Peterborough","GB",null,null,1.65,66,1.66]
[null,"Poole","Poole","GB","PLE",null,1.66,67,1.67]
[null,"Romfd","Romford","GB","RFD",null,1.67,68,1.68]
[null,"Shawf","Shawfield","GB",null,null,1.68,69,1.69]
[null,"Sheff","Sheffield","GB","SFD",null,1.69,70,1.7]
[null,"Sund","Sunderland","GB","SND",null,1.7,71,1.71]
[null,"Swin","Swindon","GB","SWI",null,1.71,72,1.72]
[null,"Towc","Towcester","GB","TOC",null,1.72,73,1.73]
[null,"Wdon","Wimbledon","GB",null,null,1.73,74,1.74]
[null,"Yarm","Yarmouth","GB",null,null,1.74,75,1.75]
["G","Addi","Addington","NZL","ADD",null,1.75,76,1.76]
[null,"AsPk","Ascot Park","NZL","ASP",null,1.76,77,1.77]
[null,"Camb","Cambridge","NZL","CBG",null,1.77,78,1.78]
[null,"FPrk","Forbury Park","NZL","FBP",null,1.78,79,1.79]
[null,"Hatr","Hatrick","NZL","HAT",null,1.79,80,1.8]
[null,"Mana","Manawatu","NZL","MWU",null,1.8,81,1.81]
[null,"Mkau","Manukau","NZL","MAA",null,1.81,82,1.82]
[null,"NewZ","New Zealand","NZL","NZD",null,1.82,83,1.83]
[null,"Redc","Redcliffe","AUS","RED",null,1.83,84,1.84]
[null,"Penr","Penrith","AUS","PEN",null,1.84,85,1.85]
[null,"Echu","Echuca","AUS","ECH",null,1.85,86,1.86]
[null,"Tare","Taree","AUS","TRE",null,1.86,87,1.87]
[null,"Wchp","Wauchope","AUS","WHP",null,1.87,88,1.88]
[null,"Healesville",null,null,null,null,1.88,89,1.89]
[null,"Ipswich",null,null,null,null,1.89,90,1.9]
[null,"Wauchope",null,null,null,null,1.9,91,1.91]
[null,null,null,null,null,null,1.91,92,1.92]
[null,null,null,null,null,null,1.92,93,1.93]
[null,null,null,null,null,null,1.93,94,1.94]
[null,null,null,null,null,null,1.94,95,1.95]
[null,null,null,null,null,null,1.95,96,1.96]
[null,null,null,null,null,null,1.96,97,1.97]
[null,null,null,null,null,null,1.97,98,1.98]
[null,null,null,null,null,null,1.98,99,1.99]
[null,null,null,null,null,null,1.99,100,2]
[null,null,null,null,null,null,2,101,2.02]
[null,null,null,null,null,null,2.02,102,2.04]
[null,null,null,null,null,null,2.04,103,2.06]
[null,null,null,null,null,null,2.06,104,2.08]
[null,null,null,null,null,null,2.08,105,2.1]
[null,null,null,null,null,null,2.1,106,2.12]
[null,null,null,null,null,null,2.12,107,2.14]
[null,null,null,null,null,null,2.14,108,2.16]
[null,null,null,null,null,null,2.16,109,2.1800000000000002]
[null,null,null,null,null,null,2.1800000000000002,110,2.2000000000000002]
[null,null,null,null,null,null,2.2000000000000002,111,2.2200000000000002]
[null,null,null,null,null,null,2.2200000000000002,112,2.2400000000000002]
[null,null,null,null,null,null,2.2400000000000002,113,2.2599999999999998]
[null,null,null,null,null,null,2.2599999999999998,114,2.2799999999999998]
[null,null,null,null,null,null,2.2799999999999998,115,2.2999999999999998]
[null,null,null,null,null,null,2.2999999999999998,116,2.3199999999999998]
[null,null,null,null,null,null,2.3199999999999998,117,2.34]
[null,null,null,null,null,null,2.34,118,2.36]
[null,null,null,null,null,null,2.36,119,2.38]
[null,null,null,null,null,null,2.38,120,2.4]
[null,null,null,null,null,null,2.4,121,2.42]
[null,null,null,null,null,null,2.42,122,2.44]
[null,null,null,null,null,null,2.44,123,2.46]
[null,null,null,null,null,null,2.46,124,2.48]
[null,null,null,null,null,null,2.48,125,2.5]
[null,null,null,null,null,null,2.5,126,2.52]
[null,null,null,null,null,null,2.52,127,2.54]
[null,null,null,null,null,null,2.54,128,2.56]
[null,null,null,null,null,null,2.56,129,2.58]
[null,null,null,null,null,null,2.58,130,2.6]
[null,null,null,null,null,null,2.6,131,2.62]
[null,null,null,null,null,null,2.62,132,2.64]
[null,null,null,null,null,null,2.64,133,2.66]
[null,null,null,null,null,null,2.66,134,2.68]
[null,null,null,null,null,null,2.68,135,2.7]
[null,null,null,null,null,null,2.7,136,2.72]
[null,null,null,null,null,null,2.72,137,2.74]
[null,null,null,null,null,null,2.74,138,2.76]
[null,null,null,null,null,null,2.76,139,2.78]
[null,null,null,null,null,null,2.78,140,2.8]
[null,null,null,null,null,null,2.8,141,2.82]
[null,null,null,null,null,null,2.82,142,2.84]
[null,null,null,null,null,null,2.84,143,2.86]
[null,null,null,null,null,null,2.86,144,2.88]
[null,null,null,null,null,null,2.88,145,2.9]
[null,null,null,null,null,null,2.9,146,2.92]
[null,null,null,null,null,null,2.92,147,2.94]
[null,null,null,null,null,null,2.94,148,2.96]
[null,null,null,null,null,null,2.96,149,2.98]
[null,null,null,null,null,null,2.98,150,3]
[null,null,null,null,null,null,3,151,3.05]
[null,null,null,null,null,null,3.05,152,3.1]
[null,null,null,null,null,null,3.1,153,3.15]
[null,null,null,null,null,null,3.15,154,3.2]
[null,null,null,null,null,null,3.2,155,3.25]
[null,null,null,null,null,null,3.25,156,3.3]
[null,null,null,null,null,null,3.3,157,3.35]
[null,null,null,null,null,null,3.35,158,3.4]
[null,null,null,null,null,null,3.4,159,3.45]
[null,null,null,null,null,null,3.45,160,3.5]
[null,null,null,null,null,null,3.5,161,3.55]
[null,null,null,null,null,null,3.55,162,3.6]
[null,null,null,null,null,null,3.6,163,3.65]
[null,null,null,null,null,null,3.65,164,3.7]
[null,null,null,null,null,null,3.7,165,3.75]
[null,null,null,null,null,null,3.75,166,3.8]
[null,null,null,null,null,null,3.8,167,3.85]
[null,null,null,null,null,null,3.85,168,3.9]
[null,null,null,null,null,null,3.9,169,3.95]
[null,null,null,null,null,null,3.95,170,4]
[null,null,null,null,null,null,4,171,4.0999999999999996]
[null,null,null,null,null,null,4.0999999999999996,172,4.2]
[null,null,null,null,null,null,4.2,173,4.3]
[null,null,null,null,null,null,4.3,174,4.4000000000000004]
[null,null,null,null,null,null,4.4000000000000004,175,4.5]
[null,null,null,null,null,null,4.5,176,4.5999999999999996]
[null,null,null,null,null,null,4.5999999999999996,177,4.7]
[null,null,null,null,null,null,4.7,178,4.8]
[null,null,null,null,null,null,4.8,179,4.9000000000000004]
[null,null,null,null,null,null,4.9000000000000004,180,5]
[null,null,null,null,null,null,5,181,5.0999999999999996]
[null,null,null,null,null,null,5.0999999999999996,182,5.2]
[null,null,null,null,null,null,5.2,183,5.3]
[null,null,null,null,null,null,5.3,184,5.4]
[null,null,null,null,null,null,5.4,185,5.5]
[null,null,null,null,null,null,5.5,186,5.6]
[null,null,null,null,null,null,5.6,187,5.7]
[null,null,null,null,null,null,5.7,188,5.8]
[null,null,null,null,null,null,5.8,189,5.9]
[null,null,null,null,null,null,5.9,190,6]
[null,null,null,null,null,null,6,191,6.2]
[null,null,null,null,null,null,6.2,192,6.4]
[null,null,null,null,null,null,6.4,193,6.6]
[null,null,null,null,null,null,6.6,194,6.8]
[null,null,null,null,null,null,6.8,195,7]
[null,null,null,null,null,null,7,196,7.2]
[null,null,null,null,null,null,7.2,197,7.4]
[null,null,null,null,null,null,7.4,198,7.6]
[null,null,null,null,null,null,7.6,199,7.8]
[null,null,null,null,null,null,7.8,200,8]
[null,null,null,null,null,null,8,201,8.1999999999999993]
[null,null,null,null,null,null,8.1999999999999993,202,8.4]
[null,null,null,null,null,null,8.4,203,8.6]
[null,null,null,null,null,null,8.6,204,8.8000000000000007]
[null,null,null,null,null,null,8.8000000000000007,205,9]
[null,null,null,null,null,null,9,206,9.1999999999999993]
[null,null,null,null,null,null,9.1999999999999993,207,9.4]
[null,null,null,null,null,null,9.4,208,9.6]
[null,null,null,null,null,null,9.6,209,9.8000000000000007]
[null,null,null,null,null,null,9.8000000000000007,210,10]
[null,null,null,null,null,null,10,211,10.5]
[null,null,null,null,null,null,10.5,212,11]
[null,null,null,null,null,null,11,213,11.5]
[null,null,null,null,null,null,11.5,214,12]
[null,null,null,null,null,null,12,215,12.5]
[null,null,null,null,null,null,12.5,216,13]
[null,null,null,null,null,null,13,217,13.5]
[null,null,null,null,null,null,13.5,218,14]
[null,null,null,null,null,null,14,219,14.5]
[null,null,null,null,null,null,14.5,220,15]
[null,null,null,null,null,null,15,221,15.5]
[null,null,null,null,null,null,15.5,222,16]
[null,null,null,null,null,null,16,223,16.5]
[null,null,null,null,null,null,16.5,224,17]
[null,null,null,null,null,null,17,225,17.5]
[null,null,null,null,null,null,17.5,226,18]
[null,null,null,null,null,null,18,227,18.5]
[null,null,null,null,null,null,18.5,228,19]
[null,null,null,null,null,null,19,229,19.5]
[null,null,null,null,null,null,19.5,230,20]
[null,null,null,null,null,null,20,231,21]
[null,null,null,null,null,null,21,232,22]
[null,null,null,null,null,null,22,233,23]
[null,null,null,null,null,null,23,234,24]
[null,null,null,null,null,null,24,235,25]
[null,null,null,null,null,null,25,236,26]
[null,null,null,null,null,null,26,237,27]
[null,null,null,null,null,null,27,238,28]
[null,null,null,null,null,null,28,239,29]
[null,null,null,null,null,null,29,240,30]
[null,null,null,null,null,null,30,241,32]
[null,null,null,null,null,null,32,242,34]
[null,null,null,null,null,null,34,243,36]
[null,null,null,null,null,null,36,244,38]
[null,null,null,null,null,null,38,245,40]
[null,null,null,null,null,null,40,246,42]
[null,null,null,null,null,null,42,247,44]
[null,null,null,null,null,null,44,248,46]
[null,null,null,null,null,null,46,249,48]
[null,null,null,null,null,null,48,250,50]
[null,null,null,null,null,null,50,251,55]
[null,null,null,null,null,null,55,252,60]
[null,null,null,null,null,null,60,253,65]
[null,null,null,null,null,null,65,254,70]
[null,null,null,null,null,null,70,255,75]
[null,null,null,null,null,null,75,256,80]
[null,null,null,null,null,null,80,257,85]
[null,null,null,null,null,null,85,258,90]
[null,null,null,null,null,null,90,259,95]
[null,null,null,null,null,null,95,260,100]
[null,null,null,null,null,null,100,261,110]
[null,null,null,null,null,null,110,262,120]
[null,null,null,null,null,null,120,263,130]
[null,null,null,null,null,null,130,264,140]
[null,null,null,null,null,null,140,265,150]
[null,null,null,null,null,null,150,266,160]
[null,null,null,null,null,null,160,267,170]
[null,null,null,null,null,null,170,268,180]
[null,null,null,null,null,null,180,269,190]
[null,null,null,null,null,null,190,270,200]
[null,null,null,null,null,null,200,271,210]
[null,null,null,null,null,null,210,272,220]
[null,null,null,null,null,null,220,273,230]
[null,null,null,null,null,null,230,274,240]
[null,null,null,null,null,null,240,275,250]
[null,null,null,null,null,null,250,276,260]
[null,null,null,null,null,null,260,277,270]
[null,null,null,null,null,null,270,278,280]
[null,null,null,null,null,null,280,279,290]
[null,null,null,null,null,null,290,280,300]
[null,null,null,null,null,null,300,281,310]
[null,null,null,null,null,null,310,282,320]
[null,null,null,null,null,null,320,283,330]
[null,null,null,null,null,null,330,284,340]
[null,null,null,null,null,null,340,285,350]
[null,null,null,null,null,null,350,286,360]
[null,null,null,null,null,null,360,287,370]
[null,null,null,null,null,null,370,288,380]
[null,null,null,null,null,null,380,289,390]
[null,null,null,null,null,null,390,290,400]
[null,null,null,null,null,null,400,291,410]
[null,null,null,null,null,null,410,292,420]
[null,null,null,null,null,null,420,293,430]
[null,null,null,null,null,null,430,294,440]
[null,null,null,null,null,null,440,295,450]
[null,null,null,null,null,null,450,296,460]
[null,null,null,null,null,null,460,297,470]
[null,null,null,null,null,null,470,298,480]
[null,null,null,null,null,null,480,299,490]
[null,null,null,null,null,null,490,300,500]
[null,null,null,null,null,null,500,301,510]
[null,null,null,null,null,null,510,302,520]
[null,null,null,null,null,null,520,303,530]
[null,null,null,null,null,null,530,304,540]
[null,null,null,null,null,null,540,305,550]
[null,null,null,null,null,null,550,306,560]
[null,null,null,null,null,null,560,307,570]
[null,null,null,null,null,null,570,308,580]
[null,null,null,null,null,null,580,309,590]
[null,null,null,null,null,null,590,310,600]
[null,null,null,null,null,null,600,311,610]
[null,null,null,null,null,null,610,312,620]
[null,null,null,null,null,null,620,313,630]
[null,null,null,null,null,null,630,314,640]
[null,null,null,null,null,null,640,315,650]
[null,null,null,null,null,null,650,316,660]
[null,null,null,null,null,null,660,317,670]
[null,null,null,null,null,null,670,318,680]
[null,null,null,null,null,null,680,319,690]
[null,null,null,null,null,null,690,320,700]
[null,null,null,null,null,null,700,321,710]
[null,null,null,null,null,null,710,322,720]
[null,null,null,null,null,null,720,323,730]
[null,null,null,null,null,null,730,324,740]
[null,null,null,null,null,null,740,325,750]
[null,null,null,null,null,null,750,326,760]
[null,null,null,null,null,null,760,327,770]
[null,null,null,null,null,null,770,328,780]
[null,null,null,null,null,null,780,329,790]
[null,null,null,null,null,null,790,330,800]
[null,null,null,null,null,null,800,331,810]
[null,null,null,null,null,null,810,332,820]
[null,null,null,null,null,null,820,333,830]
[null,null,null,null,null,null,830,334,840]
[null,null,null,null,null,null,840,335,850]
[null,null,null,null,null,null,850,336,860]
[null,null,null,null,null,null,860,337,870]
[null,null,null,null,null,null,870,338,880]
[null,null,null,null,null,null,880,339,890]
[null,null,null,null,null,null,890,340,900]
[null,null,null,null,null,null,900,341,910]
[null,null,null,null,null,null,910,342,920]
[null,null,null,null,null,null,920,343,930]
[null,null,null,null,null,null,930,344,940]
[null,null,null,null,null,null,940,345,950]
[null,null,null,null,null,null,950,346,960]
[null,null,null,null,null,null,960,347,970]
[null,null,null,null,null,null,970,348,980]
[null,null,null,null,null,null,980,349,990]
[null,null,null,null,null,null,990,350,1000]
[null,null,null,null,null,null,1000,351,1000]
[null,null,null,null,null,null,0,352,1000]

{"sheet":"public","index":5,"n_rows":9,"n_cols":3,"rows_kept":9,"cut":false,"hidden":false,"merged":[]}
["runner","number","price"]
["SHADY PAST",1,1.25]
["AMORPHOUS FIRE",2,13]
["SEE ME SOCKS",3,17]
["CRIMINAL",4,0]
[null,5,"None"]
["BOURNE ALVIN",6,0]
["BUNGALOO SARAH",7,61]
["GOLDEN LESTER",8,4.2]

{"sheet":"settings","index":6,"n_rows":73,"n_cols":86,"rows_kept":73,"cut":false,"hidden":false,"merged":[]}
["function","variable",null,null,"family","software","ratings","versions"]
["queen computer","MSI-9",null,null,"MSI-7","ausdogs","ausgh_forecast",1]
["this computer","MSI-7",null,null,"MSI-8",null,null,2]
["status","Running"]
["status stamp","2021-08-05T13:50:01",null,null,null,null,null,null,null,null,null,null,null,null,null,null,null,null,null,null,null,null,null,null,null,null,null,null,null,null,null,null,null,null,null,null,null,null,null,null,null,null,null,null,null,null,null,null,null,null,null,null,null,null,null,null,null,null,null,null,null,null,null,null,null,null,null,null,null,null,null,null,null,null,null,null,null,null,null,null,null,null,null,null,null,95]
["date","2021-08-05",null,null,null,null,null,null,null,null,null,null,null,null,null,null,null,null,null,null,null,null,null,null,null,null,null,null,null,null,null,null,null,null,null,null,null,null,null,null,null,null,null,null,null,null,null,null,null,null,null,null,null,null,null,null,null,null,null,null,null,null,null,null,null,null,null,null,null,null,null,null,null,null,null,null,null,null,null,null,null,null,null,null,null,17.5]
["investment",20000,null,null,null,null,null,null,null,null,null,null,null,null,null,null,null,null,null,null,null,null,null,null,null,null,null,null,null,null,null,null,null,null,null,null,null,null,null,null,null,null,null,null,null,null,null,null,null,null,null,null,null,null,null,null,null,null,null,null,null,null,null,null,null,null,null,null,null,null,null,null,null,null,null,null,null,null,null,null,null,null,null,null,null,3.25]
["balance",{"$f":"Markets!I2+ABS(B10)","v":44054.829999999994},null,null,null,null,null,null,null,null,null,null,null,null,null,null,null,null,null,null,null,null,null,null,null,null,null,null,null,null,null,null,null,null,null,null,null,null,null,null,null,null,null,null,null,null,null,null,null,null,null,null,null,null,null,null,null,null,null,null,null,null,null,null,null,null,null,null,null,null,null,null,null,null,null,null,null,null,null,null,null,null,null,null,null,4.8]
["withdrawn money",148000,"2021-04-01",null,null,null,null,null,null,null,null,null,null,null,null,null,null,null,null,null,null,null,null,null,null,null,null,null,null,null,null,null,null,null,null,null,null,null,null,null,null,null,null,null,null,null,null,null,null,null,null,null,null,null,null,null,null,null,null,null,null,null,null,null,null,null,null,null,null,null,null,null,null,null,null,null,null,null,null,null,null,null,null,null,null,8.8000000000000007]
["exposure",{"$f":"Markets!L2","v":-171.59},null,null,null,null,null,null,null,null,null,null,null,null,null,null,null,null,null,null,null,null,null,null,null,null,null,null,null,null,null,null,null,null,null,null,null,null,null,null,null,null,null,null,null,null,null,null,null,null,null,null,null,null,null,null,null,null,null,null,null,null,null,null,null,null,null,null,null,null,null,null,null,null,null,null,null,null,null,null,null,null,null,null,null,19.5]
["total matched",15085817.030000001,null,null,null,null,null,null,null,null,null,null,null,null,null,null,null,null,null,null,null,null,null,null,null,null,null,null,null,null,null,null,null,null,null,null,null,null,null,null,null,null,null,null,null,null,null,null,null,null,null,null,null,null,null,null,null,null,null,null,null,null,null,null,null,null,null,null,null,null,null,null,null,null,null,null,null,null,null,null,null,null,null,null,null,32]
["total earnings",{"$f":"B8-B7+B9+B13","v":172054.83},null,null,null,null,null,null,null,null,null,null,null,null,null,null,null,null,null,null,null,null,null,null,null,null,null,null,null,null,null,null,null,null,null,null,null,null,null,null,null,null,null,null,null,null,null,null,null,null,null,null,null,null,null,null,null,null,null,null,null,null,null,null,null,null,null,null,null,null,null,null,null,null,null,null,null,null,null,null,null,null,null,null,null,10]
["borrowed",0]
["today matched",{"$f":"B11-15085033","v":784.03000000119209}]
["today earnings",{"$f":"B12-171381.48","v":673.34999999997672}]
["my version",2]
["data recorder stamp","2021-08-05T13:49:16"]
["move stamp","2021-08-05T13:23:17"]
["refresh markets trigger",1]
["30 min update stamp","2021-08-05T14:19:01"]
["market array","1. Shady Past2. Amorphous Fire3. See Me Socks7. Bungaloo Sarah8. Golden Lester"]
["market status"]
["race_type","G"]
["market id",186033810]
["location","Mount Gambier"]
["race number",8]
["distance","512m"]
["grade","Rest"]
["time to jump",{"$f":"IF(LEFT(Markets!D2,1)=\"-\",MID(Markets!D2,2,8)*-1,Markets!D2)*24*60*60","v":300}]
["market key","Mount Gambier R8 512m"]
["jur","AUS"]
["mnemonic","MTG"]
["mbo",1.1200000000000001]
["mlo",0.82]
["lay payout",{"$f":"(B8+B13)^(0.66-B39/100)*0.33","v":296.54719795003155}]
["back payout",{"$f":"(B8+B13)^(0.66-B39/100)*0.8*0.33","v":237.23775836002528}]
["lay tranche",{"$f":"LPO/6","v":49.424532991671924}]
["back tranche",{"$f":"BPO/4","v":59.30943959000632}]
["market commision rate",{"$f":"IF(Markets!P3>1.9,Markets!P3,2.6)","v":2.4}]
["market count",{"$f":"COUNTIFS(Markets!A5:A40,\"<>*(NR)*\",Markets!A5:A40,\"<>\")","v":5}]
["ratings_file","\\\\MSI-9\\oComs\\oRatings\\ausdogs\\ausgh_forecast_20210805.txt"]
["ratings stamp","2021-08-05T12:40:34"]
[]
[]
[]
["back count",{"$f":"SUM(Markets!F5:F28)","v":131.82}]
["past race row",180]
[]
[]
["public price speed",{"$f":"(NOW()-B58)*24*60*60","v":0.559999980032444}]
["QPL count",115]
["market refresh waiting",1]
["trigger -5"]
["public script update","Running...."]
["public prices stamp","2021-08-05T13:48:03"]
["public bold update",0]
["public prices",{"$f":"COUNT(Markets!$BF$5:$BF$29)","v":5}]
["public script time","2021-08-05T13:49:01"]
["aRw",5]
["zRw",9]
["lay matched",{"$f":"SUM(Markets!$BR$5:$BR$29)","v":0}]
["back matched",{"$f":"SUM(Markets!$BZ$5:$BZ$29)","v":0}]
["p/l matched sum",{"$f":"SUM(Markets!$X$5:$X$29)","v":0}]
["race status","Open"]
["back market",{"$f":"SUM(Markets!$CS$5:$CS$29)","v":1.0306591447767917}]
["lay market",{"$f":"SUM(Markets!$CT$5:$CT$29)","v":0.96986511822191124}]
["clean distance",512]
["bet log matched rec",{"$f":"COUNTIFS(MyBets!$A$2:$A$100,\">0\",MyBets!$E$2:$E$100,\"F\",MyBets!$J$2:$J$100,\">0\")","v":0}]
["bet log matched",{"$f":"COUNTIFS(MyBets!$A$2:$A$100,\">0\",MyBets!$E$2:$E$100,\"F\")","v":0}]
["check_race_card fail flag"]
["start betting @",90]
["aggressive bet @",-15]
["unmatched_bets",{"$f":"SUM(Markets!$BN$5:$BN$29)+SUM(Markets!$BV$5:$BV$29)","v":0}]

{"sheet":"ratings","index":7,"n_rows":896,"n_cols":18,"rows_kept":896,"cut":false,"hidden":false,"merged":[]}
["date","code","distance","grade","bd_trainer","de_dslr_days","counter","number","rug","box","dog","sumcoeff","sumcoeff_coeff","oddscoeff","counter1","filter_td","udb_key","udi"]
["2021-08-05","ALP",520,6,null,7,4,1,1,1,"BARCELONA BILL",47.352600000000002,1,-0.89162459999999999,0,0,"BARCELONA BILL1","BARCELONA BILL44413"]
["2021-08-05","ALP",520,6,null,5,2,1,2,2,"JEDI RETURN",46.200099999999999,1,-0.89162459999999999,0,0,"JEDI RETURN1","JEDI RETURN44413"]
["2021-08-05","ALP",520,6,null,4,4,1,3,3,"UNLIMITED BLITZ",46.748109999999997,1,-0.89162459999999999,0,0,"UNLIMITED BLITZ1","UNLIMITED BLITZ44413"]
["2021-08-05","ALP",520,6,null,7,5,1,4,4,"BARCELONA HOPE",47.22298,1,-0.89162459999999999,0,0,"BARCELONA HOPE1","BARCELONA HOPE44413"]
["2021-08-05","ALP",520,6,null,7,3,1,5,5,"DULCERIA",47.49004,1,-0.89162459999999999,0,0,"DULCERIA1","DULCERIA44413"]
["2021-08-05","ALP",520,6,null,7,4,1,6,6,"KEYED ALIKE",47.358829999999998,1,-0.89162459999999999,0,0,"KEYED ALIKE1","KEYED ALIKE44413"]
["2021-08-05","ALP",520,6,null,3,4,1,7,7,"LUCKY I AM",47.321759999999998,1,-0.89162459999999999,0,0,"LUCKY I AM1","LUCKY I AM44413"]
["2021-08-05","ALP",520,6,null,7,5,1,8,8,"WILDASH IZZY",47.233049999999999,1,-0.89162459999999999,0,0,"WILDASH IZZY1","WILDASH IZZY44413"]
["2021-08-05","ALP",520,6,null,7,5,2,1,1,"BARCELONA LANA",47.423340000000003,1,-0.89162459999999999,0,0,"BARCELONA LANA2","BARCELONA LANA44413"]
["2021-08-05","ALP",520,6,null,10,5,2,2,2,"PATS A PEARL",47.547910000000002,1,-0.89162459999999999,0,0,"PATS A PEARL2","PATS A PEARL44413"]
["2021-08-05","ALP",520,6,null,22,8,2,3,3,"ROSAS LAUGH",46.999830000000003,1,-0.89162459999999999,0,0,"ROSAS LAUGH2","ROSAS LAUGH44413"]
["2021-08-05","ALP",520,6,null,13,3,2,4,4,"KAIRABAH KID",46.27552,1,-0.89162459999999999,0,0,"KAIRABAH KID2","KAIRABAH KID44413"]
["2021-08-05","ALP",520,6,null,7,5,2,5,5,"OLD MONEY",47.139130000000002,1,-0.89162459999999999,0,0,"OLD MONEY2","OLD MONEY44413"]
["2021-08-05","ALP",520,6,null,7,3,2,6,6,"RUNNING EXPRESS",47.537320000000001,1,-0.89162459999999999,0,0,"RUNNING EXPRESS2","RUNNING EXPRESS44413"]
["2021-08-05","ALP",520,6,null,5,5,2,7,7,"LITHE LOLA",47.156260000000003,1,-0.89162459999999999,0,0,"LITHE LOLA2","LITHE LOLA44413"]
["2021-08-05","ALP",520,6,null,7,4,2,8,8,"INDICTMENT",47.463909999999998,1,-0.89162459999999999,0,0,"INDICTMENT2","INDICTMENT44413"]
["2021-08-05","ALP",520,5,null,4,118,3,1,1,"SPLIT SOUND",47.535670000000003,1,-0.89162459999999999,0,0,"SPLIT SOUND3","SPLIT SOUND44413"]
["2021-08-05","ALP",520,5,null,3,60,3,2,2,"DANIELS LOSS",47.034309999999998,1,-0.89162459999999999,0,0,"DANIELS LOSS3","DANIELS LOSS44413"]
["2021-08-05","ALP",520,5,null,7,90,3,3,3,"GRAND CARTER",47.124270000000003,1,-0.89162459999999999,0,0,"GRAND CARTER3","GRAND CARTER44413"]
["2021-08-05","ALP",520,5,null,5,44,3,4,4,"SLIPKNOT",47.181930000000001,1,-0.89162459999999999,0,0,"SLIPKNOT3","SLIPKNOT44413"]
["2021-08-05","ALP",520,5,"C FULFORD",7,123,3,5,5,"SODA MAXI",46.543329999999997,1,-0.89162459999999999,0,0,"SODA MAXI3","SODA MAXI44413"]
["2021-08-05","ALP",520,5,null,3,29,3,6,6,"GOLDEN CREST",46.766829999999999,1,-0.89162459999999999,0,0,"GOLDEN CREST3","GOLDEN CREST44413"]
["2021-08-05","ALP",520,5,null,7,37,3,7,7,"PETER TALKS",47.248150000000003,1,-0.89162459999999999,0,0,"PETER TALKS3","PETER TALKS44413"]
["2021-08-05","ALP",520,5,null,18,22,3,8,8,"MY MATE CLARRIE",47.382330000000003,1,-0.89162459999999999,0,0,"MY MATE CLARRIE3","MY MATE CLARRIE44413"]
["2021-08-05","ALP",600,1,null,7,4,4,1,1,"ROCHILL LADY",46.067059999999998,1,-0.88454339999999998,0,-2,"ROCHILL LADY4","ROCHILL LADY44413"]
["2021-08-05","ALP",600,1,null,7,61,4,2,2,"TONYS RESCUE",46.13796,1,-0.88454339999999998,0,-2,"TONYS RESCUE4","TONYS RESCUE44413"]
["2021-08-05","ALP",600,1,null,7,5,4,4,4,"BROCKIE MAGIC",46.463079999999998,1,-0.88454339999999998,0,-2,"BROCKIE MAGIC4","BROCKIE MAGIC44413"]
["2021-08-05","ALP",600,1,null,7,18,4,5,5,"SMART LILLY",46.163150000000002,1,-0.88454339999999998,0,-2,"SMART LILLY4","SMART LILLY44413"]
["2021-08-05","ALP",600,1,null,7,39,4,7,7,"KOORINGA LUCY",46.53895,1,-0.88454339999999998,0,-2,"KOORINGA LUCY4","KOORINGA LUCY44413"]
["2021-08-05","ALP",600,1,null,5,50,4,8,8,"WAIKARIE BELL",45.875369999999997,1,-0.88454339999999998,0,-2,"WAIKARIE BELL4","WAIKARIE BELL44413"]
["2021-08-05","ALP",520,5,null,5,5,5,1,1,"LIGHT MY FLYER",47.743389999999998,1,-0.89162459999999999,0,0,"LIGHT MY FLYER5","LIGHT MY FLYER44413"]
["2021-08-05","ALP",520,5,null,7,18,5,2,2,"DYNAMITE CYNDIE",47.458410000000001,1,-0.89162459999999999,0,0,"DYNAMITE CYNDIE5","DYNAMITE CYNDIE44413"]
["2021-08-05","ALP",520,5,null,7,29,5,3,3,"SKYS THE LIMIT",47.474930000000001,1,-0.89162459999999999,0,0,"SKYS THE LIMIT5","SKYS THE LIMIT44413"]
["2021-08-05","ALP",520,5,null,7,7,5,4,4,"CANAVERAL",47.6541,1,-0.89162459999999999,0,0,"CANAVERAL5","CANAVERAL44413"]
["2021-08-05","ALP",520,5,null,7,4,5,5,5,"STANTON WARRIOR",47.581409999999998,1,-0.89162459999999999,0,0,"STANTON WARRIOR5","STANTON WARRIOR44413"]
["2021-08-05","ALP",520,5,null,8,9,5,6,6,"STREET CRY",47.444809999999997,1,-0.89162459999999999,0,0,"STREET CRY5","STREET CRY44413"]
["2021-08-05","ALP",520,5,null,4,16,5,7,7,"PAINT FACE",47.571330000000003,1,-0.89162459999999999,0,0,"PAINT FACE5","PAINT FACE44413"]
["2021-08-05","ALP",520,5,null,3,4,5,8,8,"RUMBLING AWAY",47.520809999999997,1,-0.89162459999999999,0,0,"RUMBLING AWAY5","RUMBLING AWAY44413"]
["2021-08-05","ALP",520,3,null,7,77,6,1,1,"IT AINT BILLY",47.845179999999999,1,-0.89162459999999999,0,0,"IT AINT BILLY6","IT AINT BILLY44413"]
["2021-08-05","ALP",520,3,null,7,11,6,2,2,"DREAMY DAN",47.81185,1,-0.89162459999999999,0,0,"DREAMY DAN6","DREAMY DAN44413"]
["2021-08-05","ALP",520,3,null,7,23,6,3,3,"JOHNNY HOT FEET",46.920380000000002,1,-0.89162459999999999,0,0,"JOHNNY HOT FEET6","JOHNNY HOT FEET44413"]
["2021-08-05","ALP",520,3,null,7,44,6,4,4,"CHA CHA CHARLIE",47.537579999999998,1,-0.89162459999999999,0,0,"CHA CHA CHARLIE6","CHA CHA CHARLIE44413"]
["2021-08-05","ALP",520,3,null,3,15,6,5,5,"GEORGIA KEEPING",47.2911,1,-0.89162459999999999,0,0,"GEORGIA KEEPING6","GEORGIA KEEPING44413"]
["2021-08-05","ALP",520,3,null,7,30,6,6,6,"MAYORESS",47.673229999999997,1,-0.89162459999999999,0,0,"MAYORESS6","MAYORESS44413"]
["2021-08-05","ALP",520,3,null,7,36,6,7,7,"SPERANZA",47.571350000000002,1,-0.89162459999999999,0,0,"SPERANZA6","SPERANZA44413"]
["2021-08-05","ALP",520,3,null,7,26,6,8,8,"PAMELAS GIRL",47.032739999999997,1,-0.89162459999999999,0,0,"PAMELAS GIRL6","PAMELAS GIRL44413"]
["2021-08-05","ALP",520,1,null,7,4,7,1,1,"EXTRA MALT",47.484900000000003,1,-0.89162459999999999,0,0,"EXTRA MALT7","EXTRA MALT44413"]
["2021-08-05","ALP",520,1,null,7,48,7,2,2,"XELLA ANGEL",47.423720000000003,1,-0.89162459999999999,0,0,"XELLA ANGEL7","XELLA ANGEL44413"]
["2021-08-05","ALP",520,1,null,7,42,7,3,3,"MAGICAL HOPE",47.852290000000004,1,-0.89162459999999999,0,0,"MAGICAL HOPE7","MAGICAL HOPE44413"]
["2021-08-05","ALP",520,1,null,14,22,7,4,4,"PAW IT ON",47.802729999999997,1,-0.89162459999999999,0,0,"PAW IT ON7","PAW IT ON44413"]
["2021-08-05","ALP",520,1,null,7,52,7,6,6,"DYNAMIC BILL",47.421559999999999,1,-0.89162459999999999,0,0,"DYNAMIC BILL7","DYNAMIC BILL44413"]
["2021-08-05","ALP",520,1,null,5,6,7,7,7,"ORCHESTRATE",47.468429999999998,1,-0.89162459999999999,0,0,"ORCHESTRATE7","ORCHESTRATE44413"]
["2021-08-05","ALP",520,1,null,7,44,7,8,8,"SEE THEM TRY",47.659300000000002,1,-0.89162459999999999,0,0,"SEE THEM TRY7","SEE THEM TRY44413"]
["2021-08-05","ALP",520,1,null,7,53,8,1,1,"TRUTHINESS",47.816020000000002,1,-0.89162459999999999,0,0,"TRUTHINESS8","TRUTHINESS44413"]
["2021-08-05","ALP",520,1,null,22,3,8,2,2,"CAPTAIN BIZARRE",46.690469999999998,1,-0.89162459999999999,0,0,"CAPTAIN BIZARRE8","CAPTAIN BIZARRE44413"]
["2021-08-05","ALP",520,1,null,7,49,8,3,3,"MAGICAL BILL",47.701239999999999,1,-0.89162459999999999,0,0,"MAGICAL BILL8","MAGICAL BILL44413"]
["2021-08-05","ALP",520,1,null,14,5,8,4,4,"SPOTTED ELK",47.062980000000003,1,-0.89162459999999999,0,0,"SPOTTED ELK8","SPOTTED ELK44413"]
["2021-08-05","ALP",520,1,null,7,47,8,5,5,"HA HA LUCKY",46.908380000000001,1,-0.89162459999999999,0,0,"HA HA LUCKY8","HA HA LUCKY44413"]
["2021-08-05","ALP",520,1,null,7,29,8,6,6,"FARMOR BEACH",47.696179999999998,1,-0.89162459999999999,0,0,"FARMOR BEACH8","FARMOR BEACH44413"]
["2021-08-05","ALP",520,1,null,4,35,8,7,7,"SEQUANA",47.577640000000002,1,-0.89162459999999999,0,0,"SEQUANA8","SEQUANA44413"]
["2021-08-05","ALP",520,1,null,14,26,8,8,8,"SPECIAL CYNDIE",47.625450000000001,1,-0.89162459999999999,0,0,"SPECIAL CYNDIE8","SPECIAL CYNDIE44413"]
["2021-08-05","ALP",520,5,null,10,35,9,1,1,"OFF BREAK",47.20693,1,-0.89162459999999999,0,0,"OFF BREAK9","OFF BREAK44413"]
["2021-08-05","ALP",520,5,null,5,12,9,2,2,"HIGH TORQUE",47.275880000000001,1,-0.89162459999999999,0,0,"HIGH TORQUE9","HIGH TORQUE44413"]
["2021-08-05","ALP",520,5,null,8,12,9,3,3,"WILLEM POWERFISH",47.403309999999998,1,-0.89162459999999999,0,0,"WILLEM POWERFISH9","WILLEM POWERFISH44413"]
["2021-08-05","ALP",520,5,null,5,24,9,4,4,"OVERGRIP",46.916739999999997,1,-0.89162459999999999,0,0,"OVERGRIP9","OVERGRIP44413"]
["2021-08-05","ALP",520,5,null,4,10,9,5,5,"HORSBURGH",47.553080000000001,1,-0.89162459999999999,0,0,"HORSBURGH9","HORSBURGH44413"]
["2021-08-05","ALP",520,5,null,3,2,9,6,6,"BORIS THE BLADE",46.441540000000003,1,-0.89162459999999999,0,0,"BORIS THE BLADE9","BORIS THE BLADE44413"]
["2021-08-05","ALP",520,5,null,3,7,9,7,7,"JIGSAW JOE",47.34487,1,-0.89162459999999999,0,0,"JIGSAW JOE9","JIGSAW JOE44413"]
["2021-08-05","ALP",520,5,null,4,7,9,8,8,"ROUGH SYSTEM",47.025210000000001,1,-0.89162459999999999,0,0,"ROUGH SYSTEM9","ROUGH SYSTEM44413"]
["2021-08-05","ALP",520,5,null,7,12,10,1,1,"POKIE PAYOUT",47.448700000000002,1,-0.89162459999999999,0,0,"POKIE PAYOUT10","POKIE PAYOUT44413"]
["2021-08-05","ALP",520,5,null,3,25,10,2,2,"MY MOVIE STAR",47.783859999999997,1,-0.89162459999999999,0,0,"MY MOVIE STAR10","MY MOVIE STAR44413"]
["2021-08-05","ALP",520,5,null,7,14,10,3,3,"HAPPY HORNET",46.938380000000002,1,-0.89162459999999999,0,0,"HAPPY HORNET10","HAPPY HORNET44413"]
["2021-08-05","ALP",520,5,null,7,17,10,4,4,"PAYTON KEEPING",47.562379999999997,1,-0.89162459999999999,0,0,"PAYTON KEEPING10","PAYTON KEEPING44413"]
["2021-08-05","ALP",520,5,null,3,30,10,5,5,"STRATFORD",47.40963,1,-0.89162459999999999,0,0,"STRATFORD10","STRATFORD44413"]
["2021-08-05","ALP",520,5,null,7,24,10,6,6,"RIVERBOAT QUEEN",47.489539999999998,1,-0.89162459999999999,0,0,"RIVERBOAT QUEEN10","RIVERBOAT QUEEN44413"]
["2021-08-05","ALP",520,5,null,9,11,10,7,7,"HOPEFUL LANA",47.35848,1,-0.89162459999999999,0,0,"HOPEFUL LANA10","HOPEFUL LANA44413"]
["2021-08-05","ALP",520,5,null,3,22,10,8,8,"APACHE SWOOP",47.18779,1,-0.89162459999999999,0,0,"APACHE SWOOP10","APACHE SWOOP44413"]
["2021-08-05","ALP",520,5,null,3,29,11,1,1,"BLACK MAGIC MOJO",47.236109999999996,1,-0.89162459999999999,0,0,"BLACK MAGIC MOJO11","BLACK MAGIC MOJO44413"]
["2021-08-05","ALP",520,5,null,7,4,11,2,2,"RELEASE THE RAGE",48.125239999999998,1,-0.89162459999999999,0,0,"RELEASE THE RAGE11","RELEASE THE RAGE44413"]
["2021-08-05","ALP",520,5,null,7,5,11,3,3,"WRONG GIRL HARRY",47.00459,1,-0.89162459999999999,0,0,"WRONG GIRL HARRY11","WRONG GIRL HARRY44413"]
["2021-08-05","ALP",520,5,null,7,4,11,4,4,"KINLOCH CHARM",47.409260000000003,1,-0.89162459999999999,0,0,"KINLOCH CHARM11","KINLOCH CHARM44413"]
["2021-08-05","ALP",520,5,null,5,5,11,5,5,"DAVEY FAWNER",47.761139999999997,1,-0.89162459999999999,0,0,"DAVEY FAWNER11","DAVEY FAWNER44413"]
["2021-08-05","ALP",520,5,null,17,16,11,6,6,"CRIMSON WAR",47.219540000000002,1,-0.89162459999999999,0,0,"CRIMSON WAR11","CRIMSON WAR44413"]
["2021-08-05","ALP",520,5,null,5,6,11,7,7,"DECK FIFTY TWO",47.553339999999999,1,-0.89162459999999999,0,0,"DECK FIFTY TWO11","DECK FIFTY TWO44413"]
["2021-08-05","ALP",520,5,null,7,13,11,8,8,"HOPEFUL NAN",47.374940000000002,1,-0.89162459999999999,0,0,"HOPEFUL NAN11","HOPEFUL NAN44413"]
["2021-08-05","ALP",520,5,null,10,22,12,1,1,"SPEEDY JACK",47.398539999999997,1,-0.89162459999999999,0,0,"SPEEDY JACK12","SPEEDY JACK44413"]
["2021-08-05","ALP",520,5,null,7,79,12,2,2,"LIL BIT FOXY",46.993099999999998,1,-0.89162459999999999,0,0,"LIL BIT FOXY12","LIL BIT FOXY44413"]
["2021-08-05","ALP",520,5,"A KENNEWELL",7,55,12,3,3,"SHEER PASSION",46.855400000000003,1,-0.89162459999999999,0,0,"SHEER PASSION12","SHEER PASSION44413"]
["2021-08-05","ALP",520,5,null,14,34,12,4,4,"SUTTONS LASS",46.564360000000001,1,-0.89162459999999999,0,0,"SUTTONS LASS12","SUTTONS LASS44413"]
["2021-08-05","ALP",520,5,null,7,47,12,5,5,"LUCKY JOCK",47.084940000000003,1,-0.89162459999999999,0,0,"LUCKY JOCK12","LUCKY JOCK44413"]
["2021-08-05","ALP",520,5,"M PATTERSON",14,48,12,6,6,"WHAT ABOUT IT",47.016829999999999,1,-0.89162459999999999,0,0,"WHAT ABOUT IT12","WHAT ABOUT IT44413"]
["2021-08-05","ALP",520,5,null,7,58,12,7,7,"RUSTY THE CROW",47.24015,1,-0.89162459999999999,0,0,"RUSTY THE CROW12","RUSTY THE CROW44413"]
["2021-08-05","ALP",520,5,null,7,62,12,8,8,"FARMOR MILLERS",46.886209999999998,1,-0.89162459999999999,0,0,"FARMOR MILLERS12","FARMOR MILLERS44413"]
["2021-08-05","CAS",300,8,null,8,4,1,1,1,"BLAZING BONUS",15.891500000000001,1,-0.98088640000000005,0,0,"BLAZING BONUS1","BLAZING BONUS44413"]
["2021-08-05","CAS",300,8,null,7,5,1,2,2,"KISS BISCUIT",16.355370000000001,1,-0.98088640000000005,0,0,"KISS BISCUIT1","KISS BISCUIT44413"]
["2021-08-05","CAS",300,8,null,9,3,1,3,3,"WILGUNYA SCOTT",15.843249999999999,1,-0.98088640000000005,0,0,"WILGUNYA SCOTT1","WILGUNYA SCOTT44413"]
["2021-08-05","CAS",300,8,null,7,3,1,4,4,"STACKED DECK",16.33747,1,-0.98088640000000005,0,0,"STACKED DECK1","STACKED DECK44413"]
["2021-08-05","CAS",300,8,null,16,3,1,5,5,"BUSINESS FIRST",15.85406,1,-0.98088640000000005,0,0,"BUSINESS FIRST1","BUSINESS FIRST44413"]
["2021-08-05","CAS",300,8,null,7,4,1,6,6,"SKYLAHS MISFIT",15.90241,1,-0.98088640000000005,0,0,"SKYLAHS MISFIT1","SKYLAHS MISFIT44413"]
["2021-08-05","CAS",300,8,null,222,1,1,7,7,"IN THE THIRTIES",15.074400000000001,1,-0.98088640000000005,1,0,"IN THE THIRTIES1","IN THE THIRTIES44413"]
["2021-08-05","CAS",300,8,null,7,4,1,8,8,"STAR ONE",16.64207,1,-0.98088640000000005,0,0,"STAR ONE1","STAR ONE44413"]
["2021-08-05","CAS",411,8,null,11,4,2,1,1,"MISTER MAGGIE",26.8369,1,-0.86024970000000001,0,0,"MISTER MAGGIE2","MISTER MAGGIE44413"]
["2021-08-05","CAS",411,8,null,4,4,2,2,2,"WHACKY JACKY",27.023440000000001,1,-0.86024970000000001,0,0,"WHACKY JACKY2","WHACKY JACKY44413"]
["2021-08-05","CAS",411,8,null,4,10,2,4,4,"FASCINATE LEAH",26.200970000000002,1,-0.86024970000000001,0,0,"FASCINATE LEAH2","FASCINATE LEAH44413"]
["2021-08-05","CAS",411,8,null,7,8,2,5,5,"MY NAMES PATTIE",26.55067,1,-0.86024970000000001,0,0,"MY NAMES PATTIE2","MY NAMES PATTIE44413"]
["2021-08-05","CAS",411,8,null,9,11,2,6,6,"MAGIC CHARM",26.506239999999998,1,-0.86024970000000001,0,0,"MAGIC CHARM2","MAGIC CHARM44413"]
["2021-08-05","CAS",411,8,null,0,1,2,7,7,"TIFFANY TWISTED",27.053550000000001,1,-0.86024970000000001,1,0,"TIFFANY TWISTED2","TIFFANY TWISTED44413"]
["2021-08-05","CAS",411,8,null,7,2,2,8,8,"FAN COOL UNIT",26.529440000000001,1,-0.86024970000000001,0,0,"FAN COOL UNIT2","FAN COOL UNIT44413"]
["2021-08-05","CAS",300,5,null,7,3,3,1,1,"MISS MEL",16.32131,1,-0.98088640000000005,0,0,"MISS MEL3","MISS MEL44413"]
["2021-08-05","CAS",300,5,null,9,6,3,2,2,"COUNTRY SPECIAL",15.850199999999999,1,-0.98088640000000005,0,0,"COUNTRY SPECIAL3","COUNTRY SPECIAL44413"]
["2021-08-05","CAS",300,5,null,18,18,3,3,3,"TRACIES TREASURE",15.77295,1,-0.98088640000000005,0,0,"TRACIES TREASURE3","TRACIES TREASURE44413"]
["2021-08-05","CAS",300,5,null,14,2,3,4,4,"JUSTINE THE LION",15.46813,1,-0.98088640000000005,0,0,"JUSTINE THE LION3","JUSTINE THE LION44413"]
["2021-08-05","CAS",300,5,null,0,1,3,7,7,"AVIATION DEW",15.682869999999999,1,-0.98088640000000005,1,0,"AVIATION DEW3","AVIATION DEW44413"]
["2021-08-05","CAS",300,4,null,7,18,4,1,1,"MIDNIGHT BELLA",15.895490000000001,1,-0.98088640000000005,0,-3,"MIDNIGHT BELLA4","MIDNIGHT BELLA44413"]
["2021-08-05","CAS",300,4,null,4,31,4,2,2,"GOT SOMETHING",16.213190000000001,1,-0.98088640000000005,0,-3,"GOT SOMETHING4","GOT SOMETHING44413"]
["2021-08-05","CAS",300,4,null,4,49,4,3,3,"WILD AMBITION",15.96683,1,-0.98088640000000005,0,-3,"WILD AMBITION4","WILD AMBITION44413"]
["2021-08-05","CAS",300,4,null,4,11,4,4,4,"MIX",16.017880000000002,1,-0.98088640000000005,0,-3,"MIX4","MIX44413"]
["2021-08-05","CAS",300,4,null,7,59,4,5,5,"BETTY KINGSBRAE",16.253959999999999,1,-0.98088640000000005,0,-3,"BETTY KINGSBRAE4","BETTY KINGSBRAE44413"]
["2021-08-05","CAS",300,4,null,7,5,4,6,6,"MY BELLA VALLEY",16.022649999999999,1,-0.98088640000000005,0,-3,"MY BELLA VALLEY4","MY BELLA VALLEY44413"]
["2021-08-05","CAS",300,4,null,18,38,4,7,7,"BUGATTI MOTION",16.25188,1,-0.98088640000000005,0,-3,"BUGATTI MOTION4","BUGATTI MOTION44413"]
["2021-08-05","CAS",300,4,null,16,6,4,8,8,"SUDDEN COMFORT",16.536010000000001,1,-0.98088640000000005,0,-3,"SUDDEN COMFORT4","SUDDEN COMFORT44413"]
["2021-08-05","CAS",300,1,"A MONAGHAN",7,70,5,1,1,"TWICE AS NOISY",16.286460000000002,1,-0.98088640000000005,0,-3,"TWICE AS NOISY5","TWICE AS NOISY44413"]
["2021-08-05","CAS",300,1,null,7,51,5,2,2,"MARIONS REGRET",15.985889999999999,1,-0.98088640000000005,0,-3,"MARIONS REGRET5","MARIONS REGRET44413"]
["2021-08-05","CAS",300,1,null,7,38,5,3,3,"SAIL ALONE",16.319410000000001,1,-0.98088640000000005,0,-3,"SAIL ALONE5","SAIL ALONE44413"]
["2021-08-05","CAS",300,1,null,7,13,5,4,4,"MACIE BOURBON",16.372070000000001,1,-0.98088640000000005,0,-3,"MACIE BOURBON5","MACIE BOURBON44413"]
["2021-08-05","CAS",300,1,null,7,39,5,5,5,"JACKIES YOYO",16.234500000000001,1,-0.98088640000000005,0,-3,"JACKIES YOYO5","JACKIES YOYO44413"]
["2021-08-05","CAS",300,1,null,7,25,5,6,6,"JIMARY PASSION",16.303609999999999,1,-0.98088640000000005,0,-3,"JIMARY PASSION5","JIMARY PASSION44413"]
["2021-08-05","CAS",300,1,null,4,8,5,7,7,"DARK FATE",16.116029999999999,1,-0.98088640000000005,0,-3,"DARK FATE5","DARK FATE44413"]
["2021-08-05","CAS",300,1,null,7,5,5,8,8,"BOKARM PETE",16.323930000000001,1,-0.98088640000000005,0,-3,"BOKARM PETE5","BOKARM PETE44413"]
["2021-08-05","CAS",411,5,null,4,7,6,1,1,"SUMMER BREEZE",27.180520000000001,1,-0.86024970000000001,0,-3,"SUMMER BREEZE6","SUMMER BREEZE44413"]
["2021-08-05","CAS",411,5,null,7,3,6,2,2,"CLOVER RETURNS",26.560269999999999,1,-0.86024970000000001,0,-3,"CLOVER RETURNS6","CLOVER RETURNS44413"]
["2021-08-05","CAS",411,5,null,7,26,6,3,3,"IRON PONY",26.606259999999999,1,-0.86024970000000001,0,-3,"IRON PONY6","IRON PONY44413"]
["2021-08-05","CAS",411,5,null,7,4,6,4,4,"WILGUNYA BOY",26.59064,1,-0.86024970000000001,0,-3,"WILGUNYA BOY6","WILGUNYA BOY44413"]
["2021-08-05","CAS",411,5,null,21,2,6,5,5,"STORMY PARADISE",26.008610000000001,1,-0.86024970000000001,0,-3,"STORMY PARADISE6","STORMY PARADISE44413"]
["2021-08-05","CAS",411,5,null,7,3,6,6,6,"FOUR MORE GUY",26.88599,1,-0.86024970000000001,0,-3,"FOUR MORE GUY6","FOUR MORE GUY44413"]
["2021-08-05","CAS",411,5,null,7,22,6,7,7,"SLINGSHOT PETE",27.46557,1,-0.86024970000000001,0,-3,"SLINGSHOT PETE6","SLINGSHOT PETE44413"]
["2021-08-05","CAS",411,5,null,7,3,6,8,8,"CHARLIE VALLEY",27.212140000000002,1,-0.86024970000000001,0,-3,"CHARLIE VALLEY6","CHARLIE VALLEY44413"]
["2021-08-05","CAS",411,5,null,4,42,7,1,1,"ROSIE BONUS",26.722200000000001,1,-0.86024970000000001,0,-3,"ROSIE BONUS7","ROSIE BONUS44413"]
["2021-08-05","CAS",411,5,null,7,65,7,2,2,"GREBS DRINKING",27.475239999999999,1,-0.86024970000000001,0,-3,"GREBS DRINKING7","GREBS DRINKING44413"]
["2021-08-05","CAS",411,5,"M KNOWLES",2,97,7,3,3,"SEVEN HOUR PARK",26.2239,1,-0.86024970000000001,0,-3,"SEVEN HOUR PARK7","SEVEN HOUR PARK44413"]
["2021-08-05","CAS",411,5,null,7,6,7,4,4,"KINGSBRAE ARCHIE",26.706410000000002,1,-0.86024970000000001,0,-3,"KINGSBRAE ARCHIE7","KINGSBRAE ARCHIE44413"]
["2021-08-05","CAS",411,5,null,7,17,7,5,5,"PHANTOM BONNIE",27.281939999999999,1,-0.86024970000000001,0,-3,"PHANTOM BONNIE7","PHANTOM BONNIE44413"]
["2021-08-05","CAS",411,5,null,7,13,7,6,6,"ZOE KATE",27.014189999999999,1,-0.86024970000000001,0,-3,"ZOE KATE7","ZOE KATE44413"]
["2021-08-05","CAS",411,5,null,2,15,7,7,7,"DOUBLE HAPPINESS",26.527740000000001,1,-0.86024970000000001,0,-3,"DOUBLE HAPPINESS7","DOUBLE HAPPINESS44413"]
["2021-08-05","CAS",411,5,null,7,32,7,8,8,"MISS COLA",27.332609999999999,1,-0.86024970000000001,0,-3,"MISS COLA7","MISS COLA44413"]
["2021-08-05","CAS",484,5,null,16,4,8,1,1,"SLIPPERY SAL",46.787990000000001,1,-0.89162459999999999,0,-3,"SLIPPERY SAL8","SLIPPERY SAL44413"]
["2021-08-05","CAS",484,5,null,14,19,8,2,2,"BOKARM BELLA",47.283279999999998,1,-0.89162459999999999,0,-3,"BOKARM BELLA8","BOKARM BELLA44413"]
["2021-08-05","CAS",484,5,null,4,6,8,3,3,"JERICHO TUCK",47.382660000000001,1,-0.89162459999999999,0,-3,"JERICHO TUCK8","JERICHO TUCK44413"]
["2021-08-05","CAS",484,5,null,4,41,8,4,4,"CODRINGTON SPARK",46.7958,1,-0.89162459999999999,0,-3,"CODRINGTON SPARK8","CODRINGTON SPARK44413"]
["2021-08-05","CAS",484,5,null,7,7,8,6,6,"BACK CREEK BELLA",47.447400000000002,1,-0.89162459999999999,0,-3,"BACK CREEK BELLA8","BACK CREEK BELLA44413"]
["2021-08-05","CAS",484,5,null,4,5,8,7,7,"MISS INTEGRITY",47.796030000000002,1,-0.89162459999999999,0,-3,"MISS INTEGRITY8","MISS INTEGRITY44413"]
["2021-08-05","CAS",484,5,null,4,14,8,8,8,"BRIAN GRIFFIN",47.516419999999997,1,-0.89162459999999999,0,-3,"BRIAN GRIFFIN8","BRIAN GRIFFIN44413"]
["2021-08-05","CAS",484,5,null,7,5,9,1,1,"VELOCITY TOUCHED",47.24091,1,-0.89162459999999999,0,-3,"VELOCITY TOUCHED9","VELOCITY TOUCHED44413"]
["2021-08-05","CAS",484,5,null,16,29,9,2,2,"PRIVATE PARKING",46.817869999999999,1,-0.89162459999999999,0,-3,"PRIVATE PARKING9","PRIVATE PARKING44413"]
["2021-08-05","CAS",484,5,null,4,34,9,3,3,"BLACKPOOL GRACE",46.989400000000003,1,-0.89162459999999999,0,-3,"BLACKPOOL GRACE9","BLACKPOOL GRACE44413"]
["2021-08-05","CAS",484,5,null,7,15,9,6,6,"CHAMPAGNE ROSE",46.989319999999999,1,-0.89162459999999999,0,-3,"CHAMPAGNE ROSE9","CHAMPAGNE ROSE44413"]
["2021-08-05","CAS",484,5,null,4,48,9,7,7,"SKITZO BRIAN",47.265050000000002,1,-0.89162459999999999,0,-3,"SKITZO BRIAN9","SKITZO BRIAN44413"]
["2021-08-05","CAS",484,5,null,4,30,9,8,8,"BROMLEY",47.57282,1,-0.89162459999999999,0,-3,"BROMLEY9","BROMLEY44413"]
["2021-08-05","CAS",484,5,null,4,16,10,1,1,"BELFAST EXPRESS",47.331470000000003,1,-0.89162459999999999,0,-3,"BELFAST EXPRESS10","BELFAST EXPRESS44413"]
["2021-08-05","CAS",484,5,null,7,7,10,2,2,"IMPERIAL CLUB",47.568269999999998,1,-0.89162459999999999,0,-3,"IMPERIAL CLUB10","IMPERIAL CLUB44413"]
["2021-08-05","CAS",484,5,null,2,10,10,3,3,"ALOHA RUMBLE",46.80941,1,-0.89162459999999999,0,-3,"ALOHA RUMBLE10","ALOHA RUMBLE44413"]
["2021-08-05","CAS",484,5,null,4,13,10,4,4,"MERCY DASH",47.611440000000002,1,-0.89162459999999999,0,-3,"MERCY DASH10","MERCY DASH44413"]
["2021-08-05","CAS",484,5,null,2,2,10,5,5,"BACK CREEK BANJO",46.65849,1,-0.89162459999999999,0,-3,"BACK CREEK BANJO10","BACK CREEK BANJO44413"]
["2021-08-05","CAS",484,5,null,27,32,10,6,6,"DASHING DISPLAY",46.952860000000001,1,-0.89162459999999999,0,-3,"DASHING DISPLAY10","DASHING DISPLAY44413"]
["2021-08-05","CAS",484,5,null,220,46,10,7,7,"BOHEMIAN CHARIOT",47.523879999999998,1,-0.89162459999999999,0,-3,"BOHEMIAN CHARIOT10","BOHEMIAN CHARIOT44413"]
["2021-08-05","CAS",484,5,null,16,23,10,8,8,"LEWICKI",46.736220000000003,1,-0.89162459999999999,0,-3,"LEWICKI10","LEWICKI44413"]
["2021-08-05","CAS",411,3,null,14,32,11,1,1,"DARLING DISPLAY",27.111229999999999,1,-0.86024970000000001,0,-3,"DARLING DISPLAY11","DARLING DISPLAY44413"]
["2021-08-05","CAS",411,3,null,7,42,11,2,2,"DISTANT STAR",26.90334,1,-0.86024970000000001,0,-3,"DISTANT STAR11","DISTANT STAR44413"]
["2021-08-05","CAS",411,3,null,7,10,11,3,3,"MISS BATMOBILE",26.91581,1,-0.86024970000000001,0,-3,"MISS BATMOBILE11","MISS BATMOBILE44413"]
["2021-08-05","CAS",411,3,null,11,7,11,4,4,"AMARANTH GIRL",27.083120000000001,1,-0.86024970000000001,0,-3,"AMARANTH GIRL11","AMARANTH GIRL44413"]
["2021-08-05","CAS",411,3,null,4,48,11,6,6,"BOWIE BONUS",27.10473,1,-0.86024970000000001,0,-3,"BOWIE BONUS11","BOWIE BONUS44413"]
["2021-08-05","CAS",411,3,null,7,53,11,7,7,"INSPIRE US",27.01219,1,-0.86024970000000001,0,-3,"INSPIRE US11","INSPIRE US44413"]
["2021-08-05","CAS",411,3,null,14,56,11,8,8,"UNLAWFUL DESIRE",26.77262,1,-0.86024970000000001,0,-3,"UNLAWFUL DESIRE11","UNLAWFUL DESIRE44413"]
["2021-08-05","DAP",297,8,null,9,8,1,1,1,"WINSTON BEAU",15.619020000000001,1,-0.98088640000000005,0,0,"WINSTON BEAU1","WINSTON BEAU44413"]
["2021-08-05","DAP",297,8,null,14,4,1,3,3,"RILLA SHADOW",15.71837,1,-0.98088640000000005,0,0,"RILLA SHADOW1","RILLA SHADOW44413"]
["2021-08-05","DAP",297,8,null,0,1,1,5,5,"ROCK HAMMER",16.009329999999999,1,-0.98088640000000005,1,0,"ROCK HAMMER1","ROCK HAMMER44413"]
["2021-08-05","DAP",297,8,null,21,7,1,6,6,"HIT THE TON",16.087859999999999,1,-0.98088640000000005,0,0,"HIT THE TON1","HIT THE TON44413"]
["2021-08-05","DAP",297,8,null,0,1,1,7,7,"PLAY TIME",15.82127,1,-0.98088640000000005,1,0,"PLAY TIME1","PLAY TIME44413"]
["2021-08-05","DAP",297,8,null,0,1,1,8,8,"EMPIRE ROLLS ON",15.65343,1,-0.98088640000000005,1,0,"EMPIRE ROLLS ON1","EMPIRE ROLLS ON44413"]
["2021-08-05","DAP",297,8,null,0,1,1,9,2,"HIGHER PURPOSE",15.651680000000001,1,-0.98088640000000005,1,0,"HIGHER PURPOSE1","HIGHER PURPOSE44413"]
["2021-08-05","DAP",297,8,null,21,3,1,10,4,"FAWN TIPSY",15.991720000000001,1,-0.98088640000000005,0,0,"FAWN TIPSY1","FAWN TIPSY44413"]
["2021-08-05","DAP",520,8,null,4,4,2,1,1,"TRUE TREAT",47.160020000000003,1,-0.89162459999999999,0,0,"TRUE TREAT2","TRUE TREAT44413"]
["2021-08-05","DAP",520,8,null,7,5,2,2,2,"ZIPPY FRUITS",47.120869999999996,1,-0.89162459999999999,0,0,"ZIPPY FRUITS2","ZIPPY FRUITS44413"]
["2021-08-05","DAP",520,8,null,7,3,2,3,3,"ASIRAM",47.600830000000002,1,-0.89162459999999999,0,0,"ASIRAM2","ASIRAM44413"]
["2021-08-05","DAP",520,8,null,7,4,2,4,4,"ROCKSTAR AUSTIN",47.05198,1,-0.89162459999999999,0,0,"ROCKSTAR AUSTIN2","ROCKSTAR AUSTIN44413"]
["2021-08-05","DAP",520,8,null,7,3,2,5,5,"PAZIENZA",47.493600000000001,1,-0.89162459999999999,0,0,"PAZIENZA2","PAZIENZA44413"]
["2021-08-05","DAP",520,8,null,4,4,2,6,6,"MIDNIGHT STELLA",47.056910000000002,1,-0.89162459999999999,0,0,"MIDNIGHT STELLA2","MIDNIGHT STELLA44413"]
["2021-08-05","DAP",520,8,null,0,1,2,7,7,"MY MATE KATE",47.172069999999998,1,-0.89162459999999999,1,0,"MY MATE KATE2","MY MATE KATE44413"]
["2021-08-05","DAP",520,8,null,7,5,2,8,8,"GLITTERING VIVID",47.497579999999999,1,-0.89162459999999999,0,0,"GLITTERING VIVID2","GLITTERING VIVID44413"]
["2021-08-05","DAP",520,5,null,20,28,3,1,1,"NERO BALE",47.062939999999998,1,-0.89162459999999999,0,0,"NERO BALE3","NERO BALE44413"]
["2021-08-05","DAP",520,5,null,18,4,3,2,2,"FRENCH VANILLA",48.09984,1,-0.89162459999999999,0,0,"FRENCH VANILLA3","FRENCH VANILLA44413"]
["2021-08-05","DAP",520,5,null,21,6,3,3,3,"ALWAYS GOING",46.883159999999997,1,-0.89162459999999999,0,0,"ALWAYS GOING3","ALWAYS GOING44413"]
["2021-08-05","DAP",520,5,null,6,6,3,5,5,"CEDAR GIRL",46.726059999999997,1,-0.89162459999999999,0,0,"CEDAR GIRL3","CEDAR GIRL44413"]
["2021-08-05","DAP",520,5,null,7,2,3,6,6,"LOCHINVAR LONA",46.846319999999999,1,-0.89162459999999999,0,0,"LOCHINVAR LONA3","LOCHINVAR LONA44413"]
["2021-08-05","DAP",520,5,null,6,5,3,7,7,"STAR FRUITS",47.142049999999998,1,-0.89162459999999999,0,0,"STAR FRUITS3","STAR FRUITS44413"]
["2021-08-05","DAP",520,5,null,221,13,3,8,8,"GALLOPING RUN",46.488790000000002,1,-0.89162459999999999,0,0,"GALLOPING RUN3","GALLOPING RUN44413"]
["2021-08-05","DAP",520,5,null,9,23,3,9,4,"HAND BREAK",46.208930000000002,1,-0.89162459999999999,0,0,"HAND BREAK3","HAND BREAK44413"]
["2021-08-05","DAP",520,5,null,7,32,4,1,1,"RILEYS MARIAH",47.383040000000001,1,-0.89162459999999999,0,0,"RILEYS MARIAH4","RILEYS MARIAH44413"]
["2021-08-05","DAP",520,5,null,5,14,4,2,2,"LUCKY ELEVEN",47.504429999999999,1,-0.89162459999999999,0,0,"LUCKY ELEVEN4","LUCKY ELEVEN44413"]
["2021-08-05","DAP",520,5,null,7,4,4,3,3,"RITZA DONNA",47.640799999999999,1,-0.89162459999999999,0,0,"RITZA DONNA4","RITZA DONNA44413"]
["2021-08-05","DAP",520,5,null,5,9,4,4,4,"COP MAGNET",47.567149999999998,1,-0.89162459999999999,0,0,"COP MAGNET4","COP MAGNET44413"]
["2021-08-05","DAP",520,5,null,5,16,4,5,5,"RITZA DANIEL",47.462879999999998,1,-0.89162459999999999,0,0,"RITZA DANIEL4","RITZA DANIEL44413"]
["2021-08-05","DAP",520,5,null,7,6,4,6,6,"SALLYS REWARD",47.081040000000002,1,-0.89162459999999999,0,0,"SALLYS REWARD4","SALLYS REWARD44413"]
["2021-08-05","DAP",520,5,null,7,31,4,7,7,"START THE CLOCK",46.827669999999998,1,-0.89162459999999999,0,0,"START THE CLOCK4","START THE CLOCK44413"]
["2021-08-05","DAP",520,5,null,7,4,4,8,8,"IMPRESS PATCH",47.737859999999998,1,-0.89162459999999999,0,0,"IMPRESS PATCH4","IMPRESS PATCH44413"]
["2021-08-05","DAP",520,5,null,7,8,5,1,1,"HOT STREAK",47.174599999999998,1,-0.89162459999999999,0,0,"HOT STREAK5","HOT STREAK44413"]
["2021-08-05","DAP",520,5,null,4,11,5,2,2,"HUNTER KEEPING",47.438310000000001,1,-0.89162459999999999,0,0,"HUNTER KEEPING5","HUNTER KEEPING44413"]
["2021-08-05","DAP",520,5,null,7,5,5,3,3,"WERE ON LAD",47.595350000000003,1,-0.89162459999999999,0,0,"WERE ON LAD5","WERE ON LAD44413"]
["2021-08-05","DAP",520,5,null,7,6,5,4,4,"DRINK LONG NECKS",47.236339999999998,1,-0.89162459999999999,0,0,"DRINK LONG NECKS5","DRINK LONG NECKS44413"]
["2021-08-05","DAP",520,5,null,7,5,5,5,5,"SKEDADDLE JAMIE",47.385509999999996,1,-0.89162459999999999,0,0,"SKEDADDLE JAMIE5","SKEDADDLE JAMIE44413"]
["2021-08-05","DAP",520,5,null,7,8,5,6,6,"BONE COLLECTOR",47.008229999999998,1,-0.89162459999999999,0,0,"BONE COLLECTOR5","BONE COLLECTOR44413"]
["2021-08-05","DAP",520,5,null,7,6,5,7,7,"MISS TOOTSIE RAE",47.077489999999997,1,-0.89162459999999999,0,0,"MISS TOOTSIE RAE5","MISS TOOTSIE RAE44413"]
["2021-08-05","DAP",520,5,null,7,9,5,8,8,"UNDER THE THUMB",47.844880000000003,1,-0.89162459999999999,0,0,"UNDER THE THUMB5","UNDER THE THUMB44413"]
["2021-08-05","DAP",520,5,null,5,20,6,1,1,"ON THE ROCKS",48.323900000000002,1,-0.89162459999999999,0,0,"ON THE ROCKS6","ON THE ROCKS44413"]
["2021-08-05","DAP",520,5,null,21,16,6,2,2,"XERRI",48.312800000000003,1,-0.89162459999999999,0,0,"XERRI6","XERRI44413"]
["2021-08-05","DAP",520,5,null,5,30,6,3,3,"CAPE FERNANDO",47.844749999999998,1,-0.89162459999999999,0,0,"CAPE FERNANDO6","CAPE FERNANDO44413"]
["2021-08-05","DAP",520,5,null,30,34,6,4,4,"ARCTIC KINGDOM",46.858809999999998,1,-0.89162459999999999,0,0,"ARCTIC KINGDOM6","ARCTIC KINGDOM44413"]
["2021-08-05","DAP",520,5,null,7,5,6,6,6,"EMMYS SHARK",47.050690000000003,1,-0.89162459999999999,0,0,"EMMYS SHARK6","EMMYS SHARK44413"]
["2021-08-05","DAP",520,5,null,7,14,6,8,8,"DANCE WITH IZZY",47.36947,1,-0.89162459999999999,0,0,"DANCE WITH IZZY6","DANCE WITH IZZY44413"]
["2021-08-05","DAP",297,5,null,7,15,7,1,1,"KINKADE",16.16009,1,-0.98088640000000005,0,-1,"KINKADE7","KINKADE44413"]
["2021-08-05","DAP",297,5,null,4,8,7,2,2,"ZIPPING SIERRA",16.057880000000001,1,-0.98088640000000005,0,-1,"ZIPPING SIERRA7","ZIPPING SIERRA44413"]
["2021-08-05","DAP",297,5,null,7,5,7,3,3,"AT THE OFFICE",15.84765,1,-0.98088640000000005,0,-1,"AT THE OFFICE7","AT THE OFFICE44413"]
["2021-08-05","DAP",297,5,null,24,4,7,4,4,"FAKE FAKE FAKE",16.436319999999998,1,-0.98088640000000005,0,-1,"FAKE FAKE FAKE7","FAKE FAKE FAKE44413"]
["2021-08-05","DAP",297,5,null,21,9,7,5,5,"MISS SHARPE",16.322939999999999,1,-0.98088640000000005,0,-1,"MISS SHARPE7","MISS SHARPE44413"]
["2021-08-05","DAP",297,5,null,7,5,7,6,6,"RILLA VENTURE",15.8325,1,-0.98088640000000005,0,-1,"RILLA VENTURE7","RILLA VENTURE44413"]
["2021-08-05","DAP",297,5,null,7,15,7,7,7,"HARLEY BALE",16.101880000000001,1,-0.98088640000000005,0,-1,"HARLEY BALE7","HARLEY BALE44413"]
["2021-08-05","DAP",297,5,null,7,3,7,8,8,"ORDELIA BALE",16.33014,1,-0.98088640000000005,0,-1,"ORDELIA BALE7","ORDELIA BALE44413"]
["2021-08-05","DAP",297,4,null,7,23,8,1,1,"KALANY BALE",16.012910000000002,1,-0.98088640000000005,0,-1,"KALANY BALE8","KALANY BALE44413"]
["2021-08-05","DAP",297,4,null,7,5,8,2,2,"FERNANDOS CHARM",16.025079999999999,1,-0.98088640000000005,0,-1,"FERNANDOS CHARM8","FERNANDOS CHARM44413"]
["2021-08-05","DAP",297,4,null,19,32,8,3,3,"REDSHIFT SEVEN",16.279209999999999,1,-0.98088640000000005,0,-1,"REDSHIFT SEVEN8","REDSHIFT SEVEN44413"]
["2021-08-05","DAP",297,4,null,7,19,8,4,4,"TANSAR BALE",16.05733,1,-0.98088640000000005,0,-1,"TANSAR BALE8","TANSAR BALE44413"]
["2021-08-05","DAP",297,4,null,7,6,8,6,6,"BOAZ",16.369489999999999,1,-0.98088640000000005,0,-1,"BOAZ8","BOAZ44413"]
["2021-08-05","DAP",297,4,null,4,16,8,7,7,"GOOD ODDS TIGER",16.377279999999999,1,-0.98088640000000005,0,-1,"GOOD ODDS TIGER8","GOOD ODDS TIGER44413"]
["2021-08-05","DAP",297,4,null,8,22,8,8,8,"STILTON CORKY",16.253550000000001,1,-0.98088640000000005,0,-1,"STILTON CORKY8","STILTON CORKY44413"]
["2021-08-05","DAP",297,5,null,8,33,9,1,1,"TIGGERLONG BLAZE",16.23171,1,-0.98088640000000005,0,-1,"TIGGERLONG BLAZE9","TIGGERLONG BLAZE44413"]
["2021-08-05","DAP",297,5,null,7,34,9,2,2,"XAMIRA BALE",16.4999,1,-0.98088640000000005,0,-1,"XAMIRA BALE9","XAMIRA BALE44413"]
["2021-08-05","DAP",297,5,null,7,5,9,3,3,"COCO BOOMER",16.016359999999999,1,-0.98088640000000005,0,-1,"COCO BOOMER9","COCO BOOMER44413"]
["2021-08-05","DAP",297,5,null,4,34,9,4,4,"JERRA LEE",16.127269999999999,1,-0.98088640000000005,0,-1,"JERRA LEE9","JERRA LEE44413"]
["2021-08-05","DAP",297,5,null,7,34,9,6,6,"SADIE BALE",16.265699999999999,1,-0.98088640000000005,0,-1,"SADIE BALE9","SADIE BALE44413"]
["2021-08-05","DAP",297,5,null,7,58,9,7,7,"VANNA BALE",16.259989999999998,1,-0.98088640000000005,0,-1,"VANNA BALE9","VANNA BALE44413"]
["2021-08-05","DAP",297,1,null,229,27,10,1,1,"MIDNIGHT SAFARI",15.24502,1,-0.98088640000000005,0,-1,"MIDNIGHT SAFARI10","MIDNIGHT SAFARI44413"]
["2021-08-05","DAP",297,1,null,4,87,10,2,2,"TONNES OF ZIP",16.086600000000001,1,-0.98088640000000005,0,-1,"TONNES OF ZIP10","TONNES OF ZIP44413"]
["2021-08-05","DAP",297,1,"D DOOLEY",21,68,10,4,4,"PERFECT EVEREST",16.16769,1,-0.98088640000000005,0,-1,"PERFECT EVEREST10","PERFECT EVEREST44413"]
["2021-08-05","DAP",297,1,"C WILLIAMS",12,119,10,7,7,"SAMMY DOWNS",16.306280000000001,1,-0.98088640000000005,0,-1,"SAMMY DOWNS10","SAMMY DOWNS44413"]
["2021-08-05","DAP",297,1,"S THORNTON",4,104,10,8,8,"TE AWA KISS",15.91929,1,-0.98088640000000005,0,-1,"TE AWA KISS10","TE AWA KISS44413"]
["2021-08-05","GOS",388,8,null,2,4,1,1,1,"MELLENCAMP",29.20166,1,-1.0105120000000001,0,0,"MELLENCAMP1","MELLENCAMP44413"]
["2021-08-05","GOS",388,8,null,0,1,1,2,2,"TARAWI ELSA",29.240469999999998,1,-1.0105120000000001,1,0,"TARAWI ELSA1","TARAWI ELSA44413"]
["2021-08-05","GOS",388,8,null,18,2,1,4,4,"FROZEN FIRE",29.009219999999999,1,-1.0105120000000001,0,0,"FROZEN FIRE1","FROZEN FIRE44413"]
["2021-08-05","GOS",388,8,null,4,4,1,5,5,"DUCATI BLACK",29.49127,1,-1.0105120000000001,0,0,"DUCATI BLACK1","DUCATI BLACK44413"]
["2021-08-05","GOS",388,8,null,9,18,1,7,7,"MISS BUMP",29.568739999999998,1,-1.0105120000000001,0,0,"MISS BUMP1","MISS BUMP44413"]
["2021-08-05","GOS",388,8,null,0,1,1,8,8,"PIETRA",29.269120000000001,1,-1.0105120000000001,1,0,"PIETRA1","PIETRA44413"]
["2021-08-05","GOS",388,8,null,8,6,2,1,1,"SASSY ACTRESS",29.414370000000002,1,-1.0105120000000001,0,0,"SASSY ACTRESS2","SASSY ACTRESS44413"]
["2021-08-05","GOS",388,8,null,9,3,2,2,2,"JADES CHOICE",29.431750000000001,1,-1.0105120000000001,0,0,"JADES CHOICE2","JADES CHOICE44413"]
["2021-08-05","GOS",388,8,null,9,6,2,4,4,"LITTLE LOKI",29.518689999999999,1,-1.0105120000000001,0,0,"LITTLE LOKI2","LITTLE LOKI44413"]
["2021-08-05","GOS",388,8,null,8,6,2,5,5,"RIVERSIDE SUPER",29.043130000000001,1,-1.0105120000000001,0,0,"RIVERSIDE SUPER2","RIVERSIDE SUPER44413"]
["2021-08-05","GOS",388,8,null,2,4,2,7,7,"BUMPY BILL",29.63083,1,-1.0105120000000001,0,0,"BUMPY BILL2","BUMPY BILL44413"]
["2021-08-05","GOS",388,8,null,0,1,2,8,8,"MISS RIDDLE",29.398540000000001,1,-1.0105120000000001,1,0,"MISS RIDDLE2","MISS RIDDLE44413"]
["2021-08-05","GOS",388,1,"N LYFORD",219,83,3,1,1,"PREMIER RETURN",29.198080000000001,1,-1.0105120000000001,0,-3,"PREMIER RETURN3","PREMIER RETURN44413"]
["2021-08-05","GOS",388,1,"N HOLLOWAY",2,89,3,2,2,"ESTHERS STAR",29.540310000000002,1,-1.0105120000000001,0,-3,"ESTHERS STAR3","ESTHERS STAR44413"]
["2021-08-05","GOS",388,1,null,11,37,3,4,4,"MIAMI SIOUX",28.852699999999999,1,-1.0105120000000001,0,-3,"MIAMI SIOUX3","MIAMI SIOUX44413"]
["2021-08-05","GOS",388,1,null,16,58,3,5,5,"ABOVE THE RIM",29.043040000000001,1,-1.0105120000000001,0,-3,"ABOVE THE RIM3","ABOVE THE RIM44413"]
["2021-08-05","GOS",388,1,null,9,36,3,8,8,"DANCING SIOUX",29.43751,1,-1.0105120000000001,0,-3,"DANCING SIOUX3","DANCING SIOUX44413"]
["2021-08-05","GOS",388,5,null,9,7,4,1,1,"SOGGY SIOUX",29.52234,1,-1.0105120000000001,0,-3,"SOGGY SIOUX4","SOGGY SIOUX44413"]
["2021-08-05","GOS",388,5,null,16,2,4,2,2,"FAT BAT",29.437000000000001,1,-1.0105120000000001,0,-3,"FAT BAT4","FAT BAT44413"]
["2021-08-05","GOS",388,5,null,9,5,4,3,3,"APACHE BANDERA",29.95064,1,-1.0105120000000001,0,-3,"APACHE BANDERA4","APACHE BANDERA44413"]
["2021-08-05","GOS",388,5,null,2,4,4,4,4,"SWISH MISS",29.484059999999999,1,-1.0105120000000001,0,-3,"SWISH MISS4","SWISH MISS44413"]
["2021-08-05","GOS",388,5,null,5,2,4,6,6,"BURNED",29.883089999999999,1,-1.0105120000000001,0,-3,"BURNED4","BURNED44413"]
["2021-08-05","GOS",388,5,null,9,5,4,7,7,"AWESOME POWER",29.48873,1,-1.0105120000000001,0,-3,"AWESOME POWER4","AWESOME POWER44413"]
["2021-08-05","GOS",388,5,null,8,5,4,8,8,"BEARS BEST",29.418479999999999,1,-1.0105120000000001,0,-3,"BEARS BEST4","BEARS BEST44413"]
["2021-08-05","GOS",388,5,null,9,2,5,1,1,"LITTLE GIRL BLUE",29.560130000000001,1,-1.0105120000000001,0,-3,"LITTLE GIRL BLUE5","LITTLE GIRL BLUE44413"]
["2021-08-05","GOS",388,5,null,9,5,5,2,2,"HELLO DELL",29.322749999999999,1,-1.0105120000000001,0,-3,"HELLO DELL5","HELLO DELL44413"]
["2021-08-05","GOS",388,5,null,9,12,5,3,3,"ITS CASH TIME",29.542490000000001,1,-1.0105120000000001,0,-3,"ITS CASH TIME5","ITS CASH TIME44413"]
["2021-08-05","GOS",388,5,null,4,3,5,4,4,"MISSILE EDITION",29.934550000000002,1,-1.0105120000000001,0,-3,"MISSILE EDITION5","MISSILE EDITION44413"]
["2021-08-05","GOS",388,5,null,6,5,5,6,6,"FIRE AT WILL",29.254989999999999,1,-1.0105120000000001,0,-3,"FIRE AT WILL5","FIRE AT WILL44413"]
["2021-08-05","GOS",388,5,null,4,4,5,7,7,"LITTLE PRAYER",30.03106,1,-1.0105120000000001,0,-3,"LITTLE PRAYER5","LITTLE PRAYER44413"]
["2021-08-05","GOS",388,5,null,9,3,5,8,8,"SUGAR VIOLET",29.95177,1,-1.0105120000000001,0,-3,"SUGAR VIOLET5","SUGAR VIOLET44413"]
["2021-08-05","GOS",388,5,null,8,20,6,1,1,"WICKED BELLA",29.456060000000001,1,-1.0105120000000001,0,-3,"WICKED BELLA6","WICKED BELLA44413"]
["2021-08-05","GOS",388,5,null,9,12,6,2,2,"JIMMY SIOUX",29.37209,1,-1.0105120000000001,0,-3,"JIMMY SIOUX6","JIMMY SIOUX44413"]
["2021-08-05","GOS",388,5,null,5,7,6,3,3,"BLACK FIREBRAND",30.368559999999999,1,-1.0105120000000001,0,-3,"BLACK FIREBRAND6","BLACK FIREBRAND44413"]
["2021-08-05","GOS",388,5,null,6,19,6,6,6,"CYCLONE RIOT",29.646699999999999,1,-1.0105120000000001,0,-3,"CYCLONE RIOT6","CYCLONE RIOT44413"]
["2021-08-05","GOS",388,5,null,2,23,6,7,7,"DISCARD ROAD",29.66893,1,-1.0105120000000001,0,-3,"DISCARD ROAD6","DISCARD ROAD44413"]
["2021-08-05","GOS",388,5,null,8,6,6,8,8,"SUNRISE DANCER",29.260829999999999,1,-1.0105120000000001,0,-3,"SUNRISE DANCER6","SUNRISE DANCER44413"]
["2021-08-05","GOS",388,4,null,16,20,7,1,1,"TRELLY BELLY",29.55275,1,-1.0105120000000001,0,-3,"TRELLY BELLY7","TRELLY BELLY44413"]
["2021-08-05","GOS",388,4,null,9,8,7,2,2,"VENOM",29.55471,1,-1.0105120000000001,0,-3,"VENOM7","VENOM44413"]
["2021-08-05","GOS",388,4,null,6,16,7,3,3,"PETITE TIGER",29.362480000000001,1,-1.0105120000000001,0,-3,"PETITE TIGER7","PETITE TIGER44413"]
["2021-08-05","GOS",388,4,null,9,31,7,4,4,"LAURIES ENTRY",29.39772,1,-1.0105120000000001,0,-3,"LAURIES ENTRY7","LAURIES ENTRY44413"]
["2021-08-05","GOS",388,4,null,4,8,7,6,6,"PRELIOUS JADE",29.773900000000001,1,-1.0105120000000001,0,-3,"PRELIOUS JADE7","PRELIOUS JADE44413"]
["2021-08-05","GOS",388,4,null,220,17,7,7,7,"SIDDY SIOUX",29.640029999999999,1,-1.0105120000000001,0,-3,"SIDDY SIOUX7","SIDDY SIOUX44413"]
["2021-08-05","GOS",388,4,null,30,17,7,8,8,"SIMMY SIOUX",29.815439999999999,1,-1.0105120000000001,0,-3,"SIMMY SIOUX7","SIMMY SIOUX44413"]
["2021-08-05","GOS",515,5,"T KOVACIC",234,41,8,1,1,"SMOKE EM",46.492939999999997,1,-0.89162459999999999,0,-3,"SMOKE EM8","SMOKE EM44413"]
["2021-08-05","GOS",515,5,null,6,32,8,2,2,"PENNYS CHOICE",46.83578,1,-0.89162459999999999,0,-3,"PENNYS CHOICE8","PENNYS CHOICE44413"]
["2021-08-05","GOS",515,5,null,23,2,8,3,3,"RUNWAY EMMA",46.96754,1,-0.89162459999999999,0,-3,"RUNWAY EMMA8","RUNWAY EMMA44413"]
["2021-08-05","GOS",515,5,null,16,4,8,4,4,"JET BLACK ZESTA",46.523099999999999,1,-0.89162459999999999,0,-3,"JET BLACK ZESTA8","JET BLACK ZESTA44413"]
["2021-08-05","GOS",515,5,null,4,4,8,5,5,"STONEY MCBRIDE",47.043889999999998,1,-0.89162459999999999,0,-3,"STONEY MCBRIDE8","STONEY MCBRIDE44413"]
["2021-08-05","GOS",515,5,null,4,36,8,6,6,"STOP THE SHINE",47.172440000000002,1,-0.89162459999999999,0,-3,"STOP THE SHINE8","STOP THE SHINE44413"]
["2021-08-05","GOS",515,5,null,9,15,8,7,7,"SENOR SIOUX",47.338450000000002,1,-0.89162459999999999,0,-3,"SENOR SIOUX8","SENOR SIOUX44413"]
["2021-08-05","GOS",515,5,null,9,4,8,8,8,"SECRETARIAT TWO",47.323270000000001,1,-0.89162459999999999,0,-3,"SECRETARIAT TWO8","SECRETARIAT TWO44413"]
["2021-08-05","LAU",515,6,null,10,4,1,1,1,"BUCKLE UP STALEY",47.053570000000001,1,-0.89162459999999999,0,-3,"BUCKLE UP STALEY1","BUCKLE UP STALEY44413"]
["2021-08-05","LAU",515,6,null,14,3,1,2,2,"SANDY TITAN",46.923180000000002,1,-0.89162459999999999,0,-3,"SANDY TITAN1","SANDY TITAN44413"]
["2021-08-05","LAU",515,6,null,10,4,1,3,3,"JEWEL TITAN",47.462490000000003,1,-0.89162459999999999,0,-3,"JEWEL TITAN1","JEWEL TITAN44413"]
["2021-08-05","LAU",515,6,null,7,5,1,4,4,"RUN RED RUN",47.648090000000003,1,-0.89162459999999999,0,-3,"RUN RED RUN1","RUN RED RUN44413"]
["2021-08-05","LAU",515,6,null,10,3,1,6,6,"MONOS MYSTIQUE",46.824170000000002,1,-0.89162459999999999,0,-3,"MONOS MYSTIQUE1","MONOS MYSTIQUE44413"]
["2021-08-05","LAU",515,6,null,14,6,1,7,7,"COOTE",47.646189999999997,1,-0.89162459999999999,0,-3,"COOTE1","COOTE44413"]
["2021-08-05","LAU",515,6,null,14,2,1,8,8,"SAHARA CASTLE",47.09722,1,-0.89162459999999999,0,-3,"SAHARA CASTLE1","SAHARA CASTLE44413"]
["2021-08-05","LAU",278,4,null,17,39,2,1,1,"ROCKETTE LEE",15.976739999999999,1,-0.98088640000000005,0,-3,"ROCKETTE LEE2","ROCKETTE LEE44413"]
["2021-08-05","LAU",278,4,null,21,9,2,2,2,"ACTION PLUS",16.094149999999999,1,-0.98088640000000005,0,-3,"ACTION PLUS2","ACTION PLUS44413"]
["2021-08-05","LAU",278,4,null,7,3,2,3,3,"REBEL RUNNER",15.74198,1,-0.98088640000000005,0,-3,"REBEL RUNNER2","REBEL RUNNER44413"]
["2021-08-05","LAU",278,4,null,227,13,2,4,4,"SUPREME SHADOW",15.40995,1,-0.98088640000000005,0,-3,"SUPREME SHADOW2","SUPREME SHADOW44413"]
["2021-08-05","LAU",278,4,null,231,6,2,5,5,"SASSY GALAXY",15.261240000000001,1,-0.98088640000000005,0,-3,"SASSY GALAXY2","SASSY GALAXY44413"]
["2021-08-05","LAU",278,4,null,9,27,2,6,6,"BASHFUL BLONDIE",16.03632,1,-0.98088640000000005,0,-3,"BASHFUL BLONDIE2","BASHFUL BLONDIE44413"]
["2021-08-05","LAU",278,4,null,3,23,2,7,7,"BENKY SID",16.27908,1,-0.98088640000000005,0,-3,"BENKY SID2","BENKY SID44413"]
["2021-08-05","LAU",278,4,null,21,19,2,8,8,"SHES IT",15.9389,1,-0.98088640000000005,0,-3,"SHES IT2","SHES IT44413"]
["2021-08-05","LAU",600,5,null,14,2,3,1,1,"CHESSINGTON",46.336010000000002,1,-0.88454339999999998,0,-3,"CHESSINGTON3","CHESSINGTON44413"]
["2021-08-05","LAU",600,5,null,14,65,3,2,2,"TERROR TURTLE",45.91,1,-0.88454339999999998,0,-3,"TERROR TURTLE3","TERROR TURTLE44413"]
["2021-08-05","LAU",600,5,null,7,6,3,3,3,"MAN OVER BOARD",46.589449999999999,1,-0.88454339999999998,0,-3,"MAN OVER BOARD3","MAN OVER BOARD44413"]
["2021-08-05","LAU",600,5,null,7,4,3,4,4,"NITRO ASH",46.376100000000001,1,-0.88454339999999998,0,-3,"NITRO ASH3","NITRO ASH44413"]
["2021-08-05","LAU",600,5,null,9,22,3,5,5,"BUCKLE UP KENZIE",46.502139999999997,1,-0.88454339999999998,0,-3,"BUCKLE UP KENZIE3","BUCKLE UP KENZIE44413"]
["2021-08-05","LAU",600,5,null,7,10,3,6,6,"NO LEADS",46.517699999999998,1,-0.88454339999999998,0,-3,"NO LEADS3","NO LEADS44413"]
["2021-08-05","LAU",600,5,null,17,37,3,7,7,"EXCITE ENOUGH",45.84919,1,-0.88454339999999998,0,-3,"EXCITE ENOUGH3","EXCITE ENOUGH44413"]
["2021-08-05","LAU",600,5,null,3,5,3,8,8,"ZURHAAR",46.339080000000003,1,-0.88454339999999998,0,-3,"ZURHAAR3","ZURHAAR44413"]
["2021-08-05","LAU",515,5,null,7,6,4,1,1,"EARNING THE CASH",47.428060000000002,1,-0.89162459999999999,0,-3,"EARNING THE CASH4","EARNING THE CASH44413"]
["2021-08-05","LAU",515,5,null,218,13,4,2,2,"RECALL",47.696739999999998,1,-0.89162459999999999,0,-3,"RECALL4","RECALL44413"]
["2021-08-05","LAU",515,5,null,9,5,4,3,3,"MEEHAN MAXIMUS",46.871810000000004,1,-0.89162459999999999,0,-3,"MEEHAN MAXIMUS4","MEEHAN MAXIMUS44413"]
["2021-08-05","LAU",515,5,null,9,6,4,4,4,"DEWANA BE ME",47.201149999999998,1,-0.89162459999999999,0,-3,"DEWANA BE ME4","DEWANA BE ME44413"]
["2021-08-05","LAU",515,5,null,9,7,4,5,5,"HICCUP GUS",46.50262,1,-0.89162459999999999,0,-3,"HICCUP GUS4","HICCUP GUS44413"]
["2021-08-05","LAU",515,5,null,3,6,4,6,6,"BENKY LILY",47.472000000000001,1,-0.89162459999999999,0,-3,"BENKY LILY4","BENKY LILY44413"]
["2021-08-05","LAU",515,5,null,3,11,4,7,7,"ALL ON ME",47.391359999999999,1,-0.89162459999999999,0,-3,"ALL ON ME4","ALL ON ME44413"]
["2021-08-05","LAU",515,5,null,28,3,4,8,8,"BLAZING EMBER",46.302720000000001,1,-0.89162459999999999,0,-3,"BLAZING EMBER4","BLAZING EMBER44413"]
["2021-08-05","LAU",515,1,null,14,33,5,1,1,"PAGES CREEK",47.547330000000002,1,-0.89162459999999999,0,-3,"PAGES CREEK5","PAGES CREEK44413"]
["2021-08-05","LAU",515,1,null,14,27,5,2,2,"HIGHLAND WONDER",47.718890000000002,1,-0.89162459999999999,0,-3,"HIGHLAND WONDER5","HIGHLAND WONDER44413"]
["2021-08-05","LAU",515,1,null,7,53,5,3,3,"TWISTED REALITY",47.517749999999999,1,-0.89162459999999999,0,-3,"TWISTED REALITY5","TWISTED REALITY44413"]
["2021-08-05","LAU",515,1,null,2,34,5,4,4,"JUST MERCY",47.346380000000003,1,-0.89162459999999999,0,-3,"JUST MERCY5","JUST MERCY44413"]
["2021-08-05","LAU",515,1,null,7,12,5,6,6,"ITS A CRUISE",47.500860000000003,1,-0.89162459999999999,0,-3,"ITS A CRUISE5","ITS A CRUISE44413"]
["2021-08-05","LAU",515,1,null,9,9,5,7,7,"BUCKLE UP HAVANA",47.216299999999997,1,-0.89162459999999999,0,-3,"BUCKLE UP HAVANA5","BUCKLE UP HAVANA44413"]
["2021-08-05","LAU",515,1,null,7,6,5,8,8,"OVER THE ANVIL",47.954790000000003,1,-0.89162459999999999,0,-3,"OVER THE ANVIL5","OVER THE ANVIL44413"]
["2021-08-05","LAU",515,1,null,7,45,6,1,1,"MEDIO PASO",47.72587,1,-0.89162459999999999,0,-3,"MEDIO PASO6","MEDIO PASO44413"]
["2021-08-05","LAU",515,1,null,7,6,6,2,2,"RED TITAN",47.660899999999998,1,-0.89162459999999999,0,-3,"RED TITAN6","RED TITAN44413"]
["2021-08-05","LAU",515,1,null,14,26,6,3,3,"QUICK JOEY SMALL",47.890459999999997,1,-0.89162459999999999,0,-3,"QUICK JOEY SMALL6","QUICK JOEY SMALL44413"]
["2021-08-05","LAU",515,1,null,14,54,6,4,4,"HEADWALL",47.547649999999997,1,-0.89162459999999999,0,-3,"HEADWALL6","HEADWALL44413"]
["2021-08-05","LAU",515,1,null,7,41,6,6,6,"SPRINT GORDON",47.789270000000002,1,-0.89162459999999999,0,-3,"SPRINT GORDON6","SPRINT GORDON44413"]
["2021-08-05","LAU",515,1,null,9,21,6,7,7,"LANGLEY ROO",47.075530000000001,1,-0.89162459999999999,0,-3,"LANGLEY ROO6","LANGLEY ROO44413"]
["2021-08-05","LAU",515,1,null,7,4,6,8,8,"TRYING AGAIN",47.117739999999998,1,-0.89162459999999999,0,-3,"TRYING AGAIN6","TRYING AGAIN44413"]
["2021-08-05","LAU",515,1,null,14,26,7,1,1,"VINTAGE FAME",48.000689999999999,1,-0.89162459999999999,0,-3,"VINTAGE FAME7","VINTAGE FAME44413"]
["2021-08-05","LAU",515,1,null,9,8,7,2,2,"HEY DOUGIE",47.602379999999997,1,-0.89162459999999999,0,-3,"HEY DOUGIE7","HEY DOUGIE44413"]
["2021-08-05","LAU",515,1,null,9,8,7,3,3,"DEWANA WHATEVER",47.232860000000002,1,-0.89162459999999999,0,-3,"DEWANA WHATEVER7","DEWANA WHATEVER44413"]
["2021-08-05","LAU",515,1,null,7,28,7,4,4,"DASHING GEORGE",47.437609999999999,1,-0.89162459999999999,0,-3,"DASHING GEORGE7","DASHING GEORGE44413"]
["2021-08-05","LAU",515,1,null,7,6,7,6,6,"DARK TITAN",47.909329999999997,1,-0.89162459999999999,0,-3,"DARK TITAN7","DARK TITAN44413"]
["2021-08-05","LAU",515,1,null,7,6,7,8,8,"ALL ABOUT MONTY",47.109960000000001,1,-0.89162459999999999,0,-3,"ALL ABOUT MONTY7","ALL ABOUT MONTY44413"]
["2021-08-05","LAU",515,5,null,7,10,8,1,1,"MISS CLEO",47.22269,1,-0.89162459999999999,0,-3,"MISS CLEO8","MISS CLEO44413"]
["2021-08-05","LAU",515,5,null,7,5,8,2,2,"NOT SO CASHLESS",47.959110000000003,1,-0.89162459999999999,0,-3,"NOT SO CASHLESS8","NOT SO CASHLESS44413"]
["2021-08-05","LAU",515,5,null,9,7,8,3,3,"MAGIC NICK",46.915019999999998,1,-0.89162459999999999,0,-3,"MAGIC NICK8","MAGIC NICK44413"]
["2021-08-05","LAU",515,5,null,7,4,8,4,4,"COUNTRY FRED",47.313589999999998,1,-0.89162459999999999,0,-3,"COUNTRY FRED8","COUNTRY FRED44413"]
["2021-08-05","LAU",515,5,null,9,3,8,6,6,"NEVER SWEAT",46.840679999999999,1,-0.89162459999999999,0,-3,"NEVER SWEAT8","NEVER SWEAT44413"]
["2021-08-05","LAU",515,5,null,7,3,8,7,7,"MISS MALFUNCTION",47.060859999999998,1,-0.89162459999999999,0,-3,"MISS MALFUNCTION8","MISS MALFUNCTION44413"]
["2021-08-05","LAU",515,5,null,2,13,8,8,8,"TERRAIN",47.005519999999997,1,-0.89162459999999999,0,-3,"TERRAIN8","TERRAIN44413"]
["2021-08-05","LAU",515,5,null,3,6,8,9,5,"BRIDWOOD EVEREST",46.528300000000002,1,-0.89162459999999999,0,-3,"BRIDWOOD EVEREST8","BRIDWOOD EVEREST44413"]
["2021-08-05","LAU",278,5,null,3,13,9,1,1,"BRIDWOOD BELLA",16.363710000000001,1,-0.98088640000000005,0,-3,"BRIDWOOD BELLA9","BRIDWOOD BELLA44413"]
["2021-08-05","LAU",278,5,null,7,10,9,2,2,"HIGHGATE BILLIE",16.06908,1,-0.98088640000000005,0,-3,"HIGHGATE BILLIE9","HIGHGATE BILLIE44413"]
["2021-08-05","LAU",278,5,null,3,4,9,3,3,"MAX SURPRISE",16.307860000000002,1,-0.98088640000000005,0,-3,"MAX SURPRISE9","MAX SURPRISE44413"]
["2021-08-05","LAU",278,5,null,3,41,9,4,4,"LYNCAR BLUE BOY",16.28576,1,-0.98088640000000005,0,-3,"LYNCAR BLUE BOY9","LYNCAR BLUE BOY44413"]
["2021-08-05","LAU",278,5,null,3,6,9,5,5,"TAH MEG",15.91333,1,-0.98088640000000005,0,-3,"TAH MEG9","TAH MEG44413"]
["2021-08-05","LAU",278,5,null,10,4,9,6,6,"SANDFORD STAR",16.276309999999999,1,-0.98088640000000005,0,-3,"SANDFORD STAR9","SANDFORD STAR44413"]
["2021-08-05","LAU",278,5,null,3,8,9,7,7,"BEARS JOKER",16.017589999999998,1,-0.98088640000000005,0,-3,"BEARS JOKER9","BEARS JOKER44413"]
["2021-08-05","LAU",278,5,null,2,11,9,8,8,"HICCUP FINLEY",15.86632,1,-0.98088640000000005,0,-3,"HICCUP FINLEY9","HICCUP FINLEY44413"]
["2021-08-05","LAU",278,5,null,7,3,10,1,1,"JUPITER KING",16.382909999999999,1,-0.98088640000000005,0,-3,"JUPITER KING10","JUPITER KING44413"]
["2021-08-05","LAU",278,5,null,3,24,10,4,4,"BRIDWOOD TYSON",16.001580000000001,1,-0.98088640000000005,0,-3,"BRIDWOOD TYSON10","BRIDWOOD TYSON44413"]
["2021-08-05","LAU",278,5,null,2,26,10,6,6,"BUCKLE UP MIRI",16.035129999999999,1,-0.98088640000000005,0,-3,"BUCKLE UP MIRI10","BUCKLE UP MIRI44413"]
["2021-08-05","LAU",278,5,null,3,7,10,7,7,"LIKE A SURPRISE",15.969720000000001,1,-0.98088640000000005,0,-3,"LIKE A SURPRISE10","LIKE A SURPRISE44413"]
["2021-08-05","LAU",278,5,null,7,17,10,8,8,"ROBS JOKER",15.90953,1,-0.98088640000000005,0,-3,"ROBS JOKER10","ROBS JOKER44413"]
["2021-08-05","LAU",278,5,null,3,3,10,10,2,"SUPASONIC HONEY",16.279949999999999,1,-0.98088640000000005,0,-3,"SUPASONIC HONEY10","SUPASONIC HONEY44413"]
["2021-08-05","MAN",302,8,null,11,4,1,1,1,"ITS ALL ZAC",16.333120000000001,1,-0.98088640000000005,0,0,"ITS ALL ZAC1","ITS ALL ZAC44413"]
["2021-08-05","MAN",302,8,null,7,4,1,2,2,"MIGHTY MANGO",16.371089999999999,1,-0.98088640000000005,0,0,"MIGHTY MANGO1","MIGHTY MANGO44413"]
["2021-08-05","MAN",302,8,null,0,1,1,3,3,"OAKLEY REIGN",15.814410000000001,1,-0.98088640000000005,1,0,"OAKLEY REIGN1","OAKLEY REIGN44413"]
["2021-08-05","MAN",302,8,null,14,10,1,4,4,"ILLUSIVE MAC",15.887180000000001,1,-0.98088640000000005,0,0,"ILLUSIVE MAC1","ILLUSIVE MAC44413"]
["2021-08-05","MAN",302,8,null,7,5,1,5,5,"BLACK DOTTY",16.180029999999999,1,-0.98088640000000005,0,0,"BLACK DOTTY1","BLACK DOTTY44413"]
["2021-08-05","MAN",302,8,null,217,24,1,6,6,"WAVE MAKER",15.39448,1,-0.98088640000000005,0,0,"WAVE MAKER1","WAVE MAKER44413"]
["2021-08-05","MAN",302,8,null,7,4,1,7,7,"GREEN DESTINY",16.018249999999998,1,-0.98088640000000005,0,0,"GREEN DESTINY1","GREEN DESTINY44413"]
["2021-08-05","MAN",302,8,null,7,5,1,8,8,"LANCE SUNRISE",16.500029999999999,1,-0.98088640000000005,0,0,"LANCE SUNRISE1","LANCE SUNRISE44413"]
["2021-08-05","MAN",302,6,null,4,5,2,1,1,"SUGAR WELL HILL",16.172029999999999,1,-0.98088640000000005,0,-1,"SUGAR WELL HILL2","SUGAR WELL HILL44413"]
["2021-08-05","MAN",302,6,null,7,4,2,2,2,"LADY COCO",15.948320000000001,1,-0.98088640000000005,0,-1,"LADY COCO2","LADY COCO44413"]
["2021-08-05","MAN",302,6,null,25,13,2,3,3,"ANDYS HANDY",15.580550000000001,1,-0.98088640000000005,0,-1,"ANDYS HANDY2","ANDYS HANDY44413"]
["2021-08-05","MAN",302,6,null,7,5,2,4,4,"BONBIE FAME",16.644770000000001,1,-0.98088640000000005,0,-1,"BONBIE FAME2","BONBIE FAME44413"]
["2021-08-05","MAN",302,6,null,7,7,2,5,5,"CHEEKY LOMAR",16.10061,1,-0.98088640000000005,0,-1,"CHEEKY LOMAR2","CHEEKY LOMAR44413"]
["2021-08-05","MAN",302,6,null,15,6,2,7,7,"SIMPLY SERIOUS",16.218789999999998,1,-0.98088640000000005,0,-1,"SIMPLY SERIOUS2","SIMPLY SERIOUS44413"]
["2021-08-05","MAN",302,6,null,11,13,2,8,8,"BROOKE KEEPING",16.08794,1,-0.98088640000000005,0,-1,"BROOKE KEEPING2","BROOKE KEEPING44413"]
["2021-08-05","MAN",302,6,null,3,5,2,10,6,"WHAT THE HECTON",15.571540000000001,1,-0.98088640000000005,0,-1,"WHAT THE HECTON2","WHAT THE HECTON44413"]
["2021-08-05","MAN",405,6,null,7,11,3,1,1,"DISCO DELLY",30.022729999999999,1,-1.0105120000000001,0,0,"DISCO DELLY3","DISCO DELLY44413"]
["2021-08-05","MAN",405,6,null,13,4,3,2,2,"ICE ANGEL",29.77149,1,-1.0105120000000001,0,0,"ICE ANGEL3","ICE ANGEL44413"]
["2021-08-05","MAN",405,6,null,11,6,3,3,3,"KIWI COLLECTION",29.600190000000001,1,-1.0105120000000001,0,0,"KIWI COLLECTION3","KIWI COLLECTION44413"]
["2021-08-05","MAN",405,6,null,0,1,3,4,4,"PRUSSIAN SPIRIT",29.511030000000002,1,-1.0105120000000001,1,0,"PRUSSIAN SPIRIT3","PRUSSIAN SPIRIT44413"]
["2021-08-05","MAN",405,6,null,7,5,3,5,5,"INCREDIBLE MINI",29.708200000000001,1,-1.0105120000000001,0,0,"INCREDIBLE MINI3","INCREDIBLE MINI44413"]
["2021-08-05","MAN",405,6,null,14,9,3,6,6,"SHREKS NINJA",29.444279999999999,1,-1.0105120000000001,0,0,"SHREKS NINJA3","SHREKS NINJA44413"]
["2021-08-05","MAN",405,6,null,0,1,3,7,7,"FORTY ONE FLASH",29.298580000000001,1,-1.0105120000000001,1,0,"FORTY ONE FLASH3","FORTY ONE FLASH44413"]
["2021-08-05","MAN",405,6,null,7,5,3,8,8,"CITADEL",29.835899999999999,1,-1.0105120000000001,0,0,"CITADEL3","CITADEL44413"]
["2021-08-05","MAN",302,6,null,7,54,4,1,1,"ZIPPING ASPEN",16.21622,1,-0.98088640000000005,0,-1,"ZIPPING ASPEN4","ZIPPING ASPEN44413"]
["2021-08-05","MAN",302,6,null,7,27,4,2,2,"MAX BEAU",15.98954,1,-0.98088640000000005,0,-1,"MAX BEAU4","MAX BEAU44413"]
["2021-08-05","MAN",302,6,null,9,24,4,3,3,"WISE LIGHTNING",15.91089,1,-0.98088640000000005,0,-1,"WISE LIGHTNING4","WISE LIGHTNING44413"]
["2021-08-05","MAN",302,6,null,7,40,4,4,4,"MALLEE GIRL",16.1768,1,-0.98088640000000005,0,-1,"MALLEE GIRL4","MALLEE GIRL44413"]
["2021-08-05","MAN",302,6,"S BEARD",7,98,4,5,5,"ROSEMARY MONELLI",16.001049999999999,1,-0.98088640000000005,0,-1,"ROSEMARY MONELLI4","ROSEMARY MONELLI44413"]
["2021-08-05","MAN",302,6,null,8,51,4,6,6,"ORIENTAL RUNNER",16.25337,1,-0.98088640000000005,0,-1,"ORIENTAL RUNNER4","ORIENTAL RUNNER44413"]
["2021-08-05","MAN",302,6,null,17,20,4,7,7,"FLASH AS ONE",15.854189999999999,1,-0.98088640000000005,0,-1,"FLASH AS ONE4","FLASH AS ONE44413"]
["2021-08-05","MAN",302,6,"K MCLENNAN",7,82,4,8,8,"DOUBLE CRACKER",16.06758,1,-0.98088640000000005,0,-1,"DOUBLE CRACKER4","DOUBLE CRACKER44413"]
["2021-08-05","MAN",490,5,null,7,55,5,1,1,"KING RANJI",47.24727,1,-0.89162459999999999,0,0,"KING RANJI5","KING RANJI44413"]
["2021-08-05","MAN",490,5,null,395,18,5,2,2,"SERIAL PEST",46.783679999999997,1,-0.89162459999999999,0,0,"SERIAL PEST5","SERIAL PEST44413"]
["2021-08-05","MAN",490,5,null,7,14,5,3,3,"WESTERN RUN",47.192259999999997,1,-0.89162459999999999,0,0,"WESTERN RUN5","WESTERN RUN44413"]
["2021-08-05","MAN",490,5,null,7,10,5,4,4,"COOPERS MONELLI",47.593980000000002,1,-0.89162459999999999,0,0,"COOPERS MONELLI5","COOPERS MONELLI44413"]
["2021-08-05","MAN",490,5,null,7,15,5,5,5,"BUTCHER BIRD",47.57526,1,-0.89162459999999999,0,0,"BUTCHER BIRD5","BUTCHER BIRD44413"]
["2021-08-05","MAN",490,5,null,2,24,5,7,7,"RAINING MONEY",47.24803,1,-0.89162459999999999,0,0,"RAINING MONEY5","RAINING MONEY44413"]
["2021-08-05","MAN",490,5,null,7,5,5,8,8,"WEST ON NERO",47.369169999999997,1,-0.89162459999999999,0,0,"WEST ON NERO5","WEST ON NERO44413"]
["2021-08-05","MAN",490,5,null,14,6,5,10,6,"MADAME JOSIE",47.30301,1,-0.89162459999999999,0,0,"MADAME JOSIE5","MADAME JOSIE44413"]
["2021-08-05","MAN",302,3,null,8,42,6,1,1,"CIRCUS MAXIMUS",16.717220000000001,1,-0.98088640000000005,0,-1,"CIRCUS MAXIMUS6","CIRCUS MAXIMUS44413"]
["2021-08-05","MAN",302,3,null,4,67,6,2,2,"ANY LUCK",16.32855,1,-0.98088640000000005,0,-1,"ANY LUCK6","ANY LUCK44413"]
["2021-08-05","MAN",302,3,null,6,44,6,3,3,"WEST ON ARCHER",16.14104,1,-0.98088640000000005,0,-1,"WEST ON ARCHER6","WEST ON ARCHER44413"]
["2021-08-05","MAN",302,3,null,12,21,6,4,4,"ANOTHER BABKA",16.20233,1,-0.98088640000000005,0,-1,"ANOTHER BABKA6","ANOTHER BABKA44413"]
["2021-08-05","MAN",302,3,null,7,6,6,5,5,"FORENSIC LASS",16.52591,1,-0.98088640000000005,0,-1,"FORENSIC LASS6","FORENSIC LASS44413"]
["2021-08-05","MAN",302,3,null,7,42,6,6,6,"KINGSBRAE MADAM",16.328520000000001,1,-0.98088640000000005,0,-1,"KINGSBRAE MADAM6","KINGSBRAE MADAM44413"]
["2021-08-05","MAN",302,3,null,7,49,6,7,7,"GINGER MEGGS",16.232250000000001,1,-0.98088640000000005,0,-1,"GINGER MEGGS6","GINGER MEGGS44413"]
["2021-08-05","MAN",302,3,null,14,48,6,8,8,"JUNK YARD DARE",16.233910000000002,1,-0.98088640000000005,0,-1,"JUNK YARD DARE6","JUNK YARD DARE44413"]
["2021-08-05","MAN",302,1,null,4,28,7,1,1,"SMOOTH OPERATOR",16.414449999999999,1,-0.98088640000000005,0,-1,"SMOOTH OPERATOR7","SMOOTH OPERATOR44413"]
["2021-08-05","MAN",302,1,null,7,21,7,2,2,"WHO BE YOU",16.38165,1,-0.98088640000000005,0,-1,"WHO BE YOU7","WHO BE YOU44413"]
["2021-08-05","MAN",302,1,null,7,18,7,3,3,"JAYS DOUBLE",16.362819999999999,1,-0.98088640000000005,0,-1,"JAYS DOUBLE7","JAYS DOUBLE44413"]
["2021-08-05","MAN",302,1,null,221,64,7,4,4,"CHEVYS ENTRY",16.325669999999999,1,-0.98088640000000005,0,-1,"CHEVYS ENTRY7","CHEVYS ENTRY44413"]
["2021-08-05","MAN",302,1,null,7,45,7,5,5,"JUNK YARD SPOT",16.164909999999999,1,-0.98088640000000005,0,-1,"JUNK YARD SPOT7","JUNK YARD SPOT44413"]
["2021-08-05","MAN",302,1,null,7,37,7,6,6,"SUDOKU JAGUAR",16.110420000000001,1,-0.98088640000000005,0,-1,"SUDOKU JAGUAR7","SUDOKU JAGUAR44413"]
["2021-08-05","MAN",302,1,null,7,25,7,7,7,"ROCK YOUR BODY",16.08053,1,-0.98088640000000005,0,-1,"ROCK YOUR BODY7","ROCK YOUR BODY44413"]
["2021-08-05","MAN",302,1,null,3,52,7,9,8,"FAST FOOD JUNKIE",16.091339999999999,1,-0.98088640000000005,0,-1,"FAST FOOD JUNKIE7","FAST FOOD JUNKIE44413"]
["2021-08-05","MAN",405,6,null,8,19,8,1,1,"JIVE AND JAKE",29.558070000000001,1,-1.0105120000000001,0,0,"JIVE AND JAKE8","JIVE AND JAKE44413"]
["2021-08-05","MAN",405,6,null,7,10,8,2,2,"STILL DREAMING",29.928380000000001,1,-1.0105120000000001,0,0,"STILL DREAMING8","STILL DREAMING44413"]
["2021-08-05","MAN",405,6,null,7,16,8,3,3,"SUPER FLYER",29.710529999999999,1,-1.0105120000000001,0,0,"SUPER FLYER8","SUPER FLYER44413"]
["2021-08-05","MAN",405,6,null,7,11,8,4,4,"ZIPPING GRETA",29.76529,1,-1.0105120000000001,0,0,"ZIPPING GRETA8","ZIPPING GRETA44413"]
["2021-08-05","MAN",405,6,null,4,19,8,5,5,"LANDISH BOY",29.584720000000001,1,-1.0105120000000001,0,0,"LANDISH BOY8","LANDISH BOY44413"]
["2021-08-05","MAN",405,6,null,7,11,8,6,6,"SLINGSHOT TILLER",29.288779999999999,1,-1.0105120000000001,0,0,"SLINGSHOT TILLER8","SLINGSHOT TILLER44413"]
["2021-08-05","MAN",405,6,"J BURCH",8,65,8,7,7,"WAR CREEK",29.370460000000001,1,-1.0105120000000001,0,0,"WAR CREEK8","WAR CREEK44413"]
["2021-08-05","MAN",405,6,null,7,20,8,8,8,"BLAZING LIZZIE",29.712399999999999,1,-1.0105120000000001,0,0,"BLAZING LIZZIE8","BLAZING LIZZIE44413"]
["2021-08-05","MAN",302,6,"P WORTHINGTON",14,112,9,1,1,"THUNDER BOOM",16.506019999999999,1,-0.98088640000000005,0,-1,"THUNDER BOOM9","THUNDER BOOM44413"]
["2021-08-05","MAN",302,6,null,7,28,9,2,2,"STYLISH RAGE",16.12172,1,-0.98088640000000005,0,-1,"STYLISH RAGE9","STYLISH RAGE44413"]
["2021-08-05","MAN",302,6,"T THOMAS",7,78,9,3,3,"DANDALUP MAGIC",16.134640000000001,1,-0.98088640000000005,0,-1,"DANDALUP MAGIC9","DANDALUP MAGIC44413"]
["2021-08-05","MAN",302,6,null,7,6,9,4,4,"RAGE ON MYLA",16.157990000000002,1,-0.98088640000000005,0,-1,"RAGE ON MYLA9","RAGE ON MYLA44413"]
["2021-08-05","MAN",302,6,null,7,68,9,5,5,"PRODUCTIVE GUESS",16.327770000000001,1,-0.98088640000000005,0,-1,"PRODUCTIVE GUESS9","PRODUCTIVE GUESS44413"]
["2021-08-05","MAN",302,6,null,7,9,9,6,6,"RAGE ON KOMARA",16.402740000000001,1,-0.98088640000000005,0,-1,"RAGE ON KOMARA9","RAGE ON KOMARA44413"]
["2021-08-05","MAN",302,6,"A DAILLY",7,50,9,7,7,"HES ALEXIS",15.97964,1,-0.98088640000000005,0,-1,"HES ALEXIS9","HES ALEXIS44413"]
["2021-08-05","MAN",302,6,null,4,59,9,8,8,"LOTS OF SPOTS",16.291060000000002,1,-0.98088640000000005,0,-1,"LOTS OF SPOTS9","LOTS OF SPOTS44413"]
["2021-08-05","MAN",405,5,null,4,8,10,1,1,"COFFEE RUN",29.394020000000001,1,-1.0105120000000001,0,0,"COFFEE RUN10","COFFEE RUN44413"]
["2021-08-05","MAN",405,5,null,7,5,10,2,2,"BONDI MONELLI",30.17529,1,-1.0105120000000001,0,0,"BONDI MONELLI10","BONDI MONELLI44413"]
["2021-08-05","MAN",405,5,null,14,26,10,3,3,"CARTER",29.526949999999999,1,-1.0105120000000001,0,0,"CARTER10","CARTER44413"]
["2021-08-05","MAN",405,5,null,5,8,10,4,4,"VAN MAC FILO",29.847549999999998,1,-1.0105120000000001,0,0,"VAN MAC FILO10","VAN MAC FILO44413"]
["2021-08-05","MAN",405,5,null,7,7,10,5,5,"PRANCER LOMAR",29.988790000000002,1,-1.0105120000000001,0,0,"PRANCER LOMAR10","PRANCER LOMAR44413"]
["2021-08-05","MAN",405,5,null,17,18,10,6,6,"CASH BACK",29.68685,1,-1.0105120000000001,0,0,"CASH BACK10","CASH BACK44413"]
["2021-08-05","MAN",405,5,null,7,12,10,7,7,"IMPACT MAC",29.834399999999999,1,-1.0105120000000001,0,0,"IMPACT MAC10","IMPACT MAC44413"]
["2021-08-05","MAN",405,5,null,8,36,10,8,8,"VOID ALL TICKETS",29.82227,1,-1.0105120000000001,0,0,"VOID ALL TICKETS10","VOID ALL TICKETS44413"]
["2021-08-05","MAN",302,5,null,6,45,11,1,1,"SIMPLY QUICK",16.01484,1,-0.98088640000000005,0,-1,"SIMPLY QUICK11","SIMPLY QUICK44413"]
["2021-08-05","MAN",302,5,null,7,13,11,2,2,"RILEY HAS IT",16.232780000000002,1,-0.98088640000000005,0,-1,"RILEY HAS IT11","RILEY HAS IT44413"]
["2021-08-05","MAN",302,5,null,14,20,11,3,3,"MORE DIAMONDS",16.301269999999999,1,-0.98088640000000005,0,-1,"MORE DIAMONDS11","MORE DIAMONDS44413"]
["2021-08-05","MAN",302,5,null,7,15,11,4,4,"LIGHT SWITCH",16.083970000000001,1,-0.98088640000000005,0,-1,"LIGHT SWITCH11","LIGHT SWITCH44413"]
["2021-08-05","MAN",302,5,null,7,37,11,5,5,"RUN SHIFTY RUN",16.385079999999999,1,-0.98088640000000005,0,-1,"RUN SHIFTY RUN11","RUN SHIFTY RUN44413"]
["2021-08-05","MAN",302,5,null,7,30,11,6,6,"DOMINO BEACH",16.162120000000002,1,-0.98088640000000005,0,-1,"DOMINO BEACH11","DOMINO BEACH44413"]
["2021-08-05","MAN",302,5,null,7,6,11,7,7,"MOMENT OF IMPACT",15.8589,1,-0.98088640000000005,0,-1,"MOMENT OF IMPACT11","MOMENT OF IMPACT44413"]
["2021-08-05","MAN",302,5,null,4,20,11,8,8,"RIGHT NIGHT",16.134879999999999,1,-0.98088640000000005,0,-1,"RIGHT NIGHT11","RIGHT NIGHT44413"]
["2021-08-05","MAN",302,4,null,7,41,12,1,1,"WHERES THE GIRL",16.01699,1,-0.98088640000000005,0,-1,"WHERES THE GIRL12","WHERES THE GIRL44413"]
["2021-08-05","MAN",302,4,null,7,11,12,2,2,"DREAM COLLECTION",16.3371,1,-0.98088640000000005,0,-1,"DREAM COLLECTION12","DREAM COLLECTION44413"]
["2021-08-05","MAN",302,4,null,27,3,12,3,3,"KINGSBRAE COOPER",16.144110000000001,1,-0.98088640000000005,0,-1,"KINGSBRAE COOPER12","KINGSBRAE COOPER44413"]
["2021-08-05","MAN",302,4,null,4,94,12,4,4,"SHINBONER PRIDE",16.115349999999999,1,-0.98088640000000005,0,-1,"SHINBONER PRIDE12","SHINBONER PRIDE44413"]
["2021-08-05","MAN",302,4,null,7,35,12,5,5,"ANGELOS ENTITY",16.48283,1,-0.98088640000000005,0,-1,"ANGELOS ENTITY12","ANGELOS ENTITY44413"]
["2021-08-05","MAN",302,4,null,8,60,12,6,6,"ROLLESTON",16.472290000000001,1,-0.98088640000000005,0,-1,"ROLLESTON12","ROLLESTON44413"]
["2021-08-05","MAN",302,4,null,7,64,12,7,7,"WINLOCK WINNER",16.04832,1,-0.98088640000000005,0,-1,"WINLOCK WINNER12","WINLOCK WINNER44413"]
["2021-08-05","MAN",302,4,null,4,53,12,8,8,"CHAROS HOPE",16.435130000000001,1,-0.98088640000000005,0,-1,"CHAROS HOPE12","CHAROS HOPE44413"]
["2021-08-05","MGR",512,8,null,7,11,1,1,1,"BUNGALOO EBONY",27.021049999999999,1,-0.98537019999999997,0,0,"BUNGALOO EBONY1","BUNGALOO EBONY44413"]
["2021-08-05","MGR",512,8,null,4,5,1,2,2,"BUNGALOO YVONNE",27.15043,1,-0.98537019999999997,0,0,"BUNGALOO YVONNE1","BUNGALOO YVONNE44413"]
["2021-08-05","MGR",512,8,null,7,5,1,4,4,"PARADISE FIVE",27.11571,1,-0.98537019999999997,0,0,"PARADISE FIVE1","PARADISE FIVE44413"]
["2021-08-05","MGR",512,8,null,4,3,1,6,6,"MAJOR TOM FURY",27.275200000000002,1,-0.98537019999999997,0,0,"MAJOR TOM FURY1","MAJOR TOM FURY44413"]
["2021-08-05","MGR",512,8,null,7,5,1,8,8,"MAGGIE BEAR",26.951160000000002,1,-0.98537019999999997,0,0,"MAGGIE BEAR1","MAGGIE BEAR44413"]
["2021-08-05","MGR",400,8,null,4,3,2,1,1,"TROUBLESOME FURY",26.30593,1,-0.86024970000000001,0,0,"TROUBLESOME FURY2","TROUBLESOME FURY44413"]
["2021-08-05","MGR",400,8,null,7,5,2,2,2,"SANTINO GOLD",26.493760000000002,1,-0.86024970000000001,0,0,"SANTINO GOLD2","SANTINO GOLD44413"]
["2021-08-05","MGR",400,8,null,7,3,2,6,6,"PULYA",26.669499999999999,1,-0.86024970000000001,0,0,"PULYA2","PULYA44413"]
["2021-08-05","MGR",400,8,null,4,3,2,8,8,"MEMPHIS FURY",26.197870000000002,1,-0.86024970000000001,0,0,"MEMPHIS FURY2","MEMPHIS FURY44413"]
["2021-08-05","MGR",400,5,"T HINRICHSEN",4,205,3,1,1,"FILTHY PHANTOM",26.624099999999999,1,-0.86024970000000001,0,0,"FILTHY PHANTOM3","FILTHY PHANTOM44413"]
["2021-08-05","MGR",400,5,null,4,14,3,2,2,"MOOTWINGEE",27.167539999999999,1,-0.86024970000000001,0,0,"MOOTWINGEE3","MOOTWINGEE44413"]
["2021-08-05","MGR",400,5,null,222,55,3,4,4,"MEEK AND MILD",26.12115,1,-0.86024970000000001,0,0,"MEEK AND MILD3","MEEK AND MILD44413"]
["2021-08-05","MGR",400,5,null,4,7,3,5,5,"APACHE JAKIT",26.78087,1,-0.86024970000000001,0,0,"APACHE JAKIT3","APACHE JAKIT44413"]
["2021-08-05","MGR",400,5,null,7,55,3,7,7,"GENERAL MAX",26.584569999999999,1,-0.86024970000000001,0,0,"GENERAL MAX3","GENERAL MAX44413"]
["2021-08-05","MGR",400,5,null,7,18,3,8,8,"SLINGSHOT YANG",26.659739999999999,1,-0.86024970000000001,0,0,"SLINGSHOT YANG3","SLINGSHOT YANG44413"]
["2021-08-05","MGR",400,5,"D MAGISTRO",28,120,4,1,1,"HELLO IM JADE",26.568650000000002,1,-0.86024970000000001,0,0,"HELLO IM JADE4","HELLO IM JADE44413"]
["2021-08-05","MGR",400,5,null,4,29,4,2,2,"CADILLAC PRINCE",26.984400000000001,1,-0.86024970000000001,0,0,"CADILLAC PRINCE4","CADILLAC PRINCE44413"]
["2021-08-05","MGR",400,5,null,7,39,4,4,4,"THIS TIME BRO",27.11298,1,-0.86024970000000001,0,0,"THIS TIME BRO4","THIS TIME BRO44413"]
["2021-08-05","MGR",400,5,null,7,34,4,5,5,"ROCK IT FABIO",26.550930000000001,1,-0.86024970000000001,0,0,"ROCK IT FABIO4","ROCK IT FABIO44413"]
["2021-08-05","MGR",400,5,null,220,80,4,7,7,"JERVOIS BOY",26.193249999999999,1,-0.86024970000000001,0,0,"JERVOIS BOY4","JERVOIS BOY44413"]
["2021-08-05","MGR",400,5,null,9,9,4,8,8,"ITS A LOUIE",26.915400000000002,1,-0.86024970000000001,0,0,"ITS A LOUIE4","ITS A LOUIE44413"]
["2021-08-05","MGR",400,5,null,247,46,5,1,1,"SPICEY JILL",25.829419999999999,1,-0.86024970000000001,0,0,"SPICEY JILL5","SPICEY JILL44413"]
["2021-08-05","MGR",400,5,null,4,5,5,3,3,"BIG CADILLAC",26.128340000000001,1,-0.86024970000000001,0,0,"BIG CADILLAC5","BIG CADILLAC44413"]
["2021-08-05","MGR",400,5,null,7,6,5,4,4,"BUNGALOO ASH",25.973659999999999,1,-0.86024970000000001,0,0,"BUNGALOO ASH5","BUNGALOO ASH44413"]
["2021-08-05","MGR",400,5,null,6,9,5,6,6,"BIG FELLOW",26.673660000000002,1,-0.86024970000000001,0,0,"BIG FELLOW5","BIG FELLOW44413"]
["2021-08-05","MGR",400,5,null,9,4,5,7,7,"MAGIC BURNER",25.786549999999998,1,-0.86024970000000001,0,0,"MAGIC BURNER5","MAGIC BURNER44413"]
["2021-08-05","MGR",400,5,null,14,4,5,8,8,"RIP TEAR",25.984210000000001,1,-0.86024970000000001,0,0,"RIP TEAR5","RIP TEAR44413"]
["2021-08-05","MGR",400,5,null,4,8,6,1,1,"BUNGALOO ERIN",26.802160000000001,1,-0.86024970000000001,0,0,"BUNGALOO ERIN6","BUNGALOO ERIN44413"]
["2021-08-05","MGR",400,5,null,7,7,6,2,2,"EXTREME CARE",26.489650000000001,1,-0.86024970000000001,0,0,"EXTREME CARE6","EXTREME CARE44413"]
["2021-08-05","MGR",400,5,null,222,38,6,3,3,"MOLLYS BURNER",25.66752,1,-0.86024970000000001,0,0,"MOLLYS BURNER6","MOLLYS BURNER44413"]
["2021-08-05","MGR",400,5,null,7,15,6,4,4,"SAINT COCO",26.42015,1,-0.86024970000000001,0,0,"SAINT COCO6","SAINT COCO44413"]
["2021-08-05","MGR",400,5,null,7,5,6,6,6,"NERO VALENTINO",26.46557,1,-0.86024970000000001,0,0,"NERO VALENTINO6","NERO VALENTINO44413"]
["2021-08-05","MGR",400,5,null,0,1,6,7,7,"IM A PSYCHO",26.49803,1,-0.86024970000000001,1,0,"IM A PSYCHO6","IM A PSYCHO44413"]
["2021-08-05","MGR",400,5,null,7,7,6,8,8,"OUR BRO PADDY",26.446809999999999,1,-0.86024970000000001,0,0,"OUR BRO PADDY6","OUR BRO PADDY44413"]
["2021-08-05","MGR",400,5,null,7,15,7,1,1,"GIVEAWAY VEGAS",27.014939999999999,1,-0.86024970000000001,0,0,"GIVEAWAY VEGAS7","GIVEAWAY VEGAS44413"]
["2021-08-05","MGR",400,5,null,317,2,7,2,2,"URANA MEAT LOAF",26.043949999999999,1,-0.86024970000000001,0,0,"URANA MEAT LOAF7","URANA MEAT LOAF44413"]
["2021-08-05","MGR",400,5,null,18,3,7,3,3,"HOWLING HOSS",26.557600000000001,1,-0.86024970000000001,0,0,"HOWLING HOSS7","HOWLING HOSS44413"]
["2021-08-05","MGR",400,5,null,4,6,7,4,4,"BUNGALOO ANNE",27.107530000000001,1,-0.86024970000000001,0,0,"BUNGALOO ANNE7","BUNGALOO ANNE44413"]
["2021-08-05","MGR",400,5,null,7,3,7,6,6,"POCKET BOY",26.954429999999999,1,-0.86024970000000001,0,0,"POCKET BOY7","POCKET BOY44413"]
["2021-08-05","MGR",400,5,null,4,6,7,7,7,"SILVER CADILLAC",26.895499999999998,1,-0.86024970000000001,0,0,"SILVER CADILLAC7","SILVER CADILLAC44413"]
["2021-08-05","MGR",400,5,null,14,2,7,8,8,"ASTON DIJON",26.726880000000001,1,-0.86024970000000001,0,0,"ASTON DIJON7","ASTON DIJON44413"]
["2021-08-05","MGR",512,5,null,7,7,8,1,1,"SHADY PAST",27.719349999999999,1,-0.98537019999999997,0,0,"SHADY PAST8","SHADY PAST44413"]
["2021-08-05","MGR",512,5,null,4,30,8,2,2,"AMORPHOUS FIRE",27.099769999999999,1,-0.98537019999999997,0,0,"AMORPHOUS FIRE8","AMORPHOUS FIRE44413"]
["2021-08-05","MGR",512,5,null,7,4,8,3,3,"SEE ME SOCKS",27.195730000000001,1,-0.98537019999999997,0,0,"SEE ME SOCKS8","SEE ME SOCKS44413"]
["2021-08-05","MGR",512,5,null,7,12,8,7,7,"BUNGALOO SARAH",27.15446,1,-0.98537019999999997,0,0,"BUNGALOO SARAH8","BUNGALOO SARAH44413"]
["2021-08-05","MGR",512,5,null,7,5,8,8,8,"GOLDEN LESTER",27.292100000000001,1,-0.98537019999999997,0,0,"GOLDEN LESTER8","GOLDEN LESTER44413"]
["2021-08-05","MGR",512,5,null,7,5,9,1,1,"SAINT EILISH",27.14987,1,-0.98537019999999997,0,0,"SAINT EILISH9","SAINT EILISH44413"]
["2021-08-05","MGR",512,5,"R BARKLA",12,54,9,2,2,"MAGIC HAT",26.6874,1,-0.98537019999999997,0,0,"MAGIC HAT9","MAGIC HAT44413"]
["2021-08-05","MGR",512,5,null,7,10,9,4,4,"KING SMILEY",27.00534,1,-0.98537019999999997,0,0,"KING SMILEY9","KING SMILEY44413"]
["2021-08-05","MGR",512,5,null,7,6,9,5,5,"BUNGALOO TEX",26.887589999999999,1,-0.98537019999999997,0,0,"BUNGALOO TEX9","BUNGALOO TEX44413"]
["2021-08-05","MGR",512,5,null,7,24,9,7,7,"COMPTON PEGGY",27.095220000000001,1,-0.98537019999999997,0,0,"COMPTON PEGGY9","COMPTON PEGGY44413"]
["2021-08-05","MGR",512,5,null,4,13,9,8,8,"WHITE CADILLAC",27.219069999999999,1,-0.98537019999999997,0,0,"WHITE CADILLAC9","WHITE CADILLAC44413"]
["2021-08-05","MGR",512,5,null,7,33,10,1,1,"SAINT SUNSHINE",27.135259999999999,1,-0.98537019999999997,0,0,"SAINT SUNSHINE10","SAINT SUNSHINE44413"]
["2021-08-05","MGR",512,5,null,4,29,10,2,2,"ANOTHER PICK",27.401599999999998,1,-0.98537019999999997,0,0,"ANOTHER PICK10","ANOTHER PICK44413"]
["2021-08-05","MGR",512,5,null,14,69,10,4,4,"JOES GOLD",26.856870000000001,1,-0.98537019999999997,0,0,"JOES GOLD10","JOES GOLD44413"]
["2021-08-05","MGR",512,5,null,32,55,10,6,6,"ERRINGTON",26.63503,1,-0.98537019999999997,0,0,"ERRINGTON10","ERRINGTON44413"]
["2021-08-05","MGR",512,5,null,4,14,10,8,8,"BUNGALOO DANNI",27.186669999999999,1,-0.98537019999999997,0,0,"BUNGALOO DANNI10","BUNGALOO DANNI44413"]
["2021-08-05","MGR",512,5,null,4,12,11,1,1,"CASH STORM",27.571760000000001,1,-0.98537019999999997,0,0,"CASH STORM11","CASH STORM44413"]
["2021-08-05","MGR",512,5,null,7,13,11,2,2,"COMPTON BRETT",27.39358,1,-0.98537019999999997,0,0,"COMPTON BRETT11","COMPTON BRETT44413"]
["2021-08-05","MGR",512,5,null,7,19,11,4,4,"MEDIATION",27.052119999999999,1,-0.98537019999999997,0,0,"MEDIATION11","MEDIATION44413"]
["2021-08-05","MGR",512,5,null,3,50,11,6,6,"ROTATE",27.230799999999999,1,-0.98537019999999997,0,0,"ROTATE11","ROTATE44413"]
["2021-08-05","MGR",512,5,null,5,25,11,8,8,"HILLBILLY ROAD",27.031130000000001,1,-0.98537019999999997,0,0,"HILLBILLY ROAD11","HILLBILLY ROAD44413"]
["2021-08-05","SAN",515,1,null,4,2,1,1,1,"ZACS ENTITY",47.982930000000003,1,-0.89162459999999999,0,0,"ZACS ENTITY1","ZACS ENTITY44413"]
["2021-08-05","SAN",515,1,null,4,3,1,2,2,"FOXTROT TANGO",47.148919999999997,1,-0.89162459999999999,0,0,"FOXTROT TANGO1","FOXTROT TANGO44413"]
["2021-08-05","SAN",515,1,null,4,2,1,3,3,"FLOWERPOT FOX",47.696840000000002,1,-0.89162459999999999,0,0,"FLOWERPOT FOX1","FLOWERPOT FOX44413"]
["2021-08-05","SAN",515,1,null,4,2,1,4,4,"WESTERN BLAZER",47.869370000000004,1,-0.89162459999999999,0,0,"WESTERN BLAZER1","WESTERN BLAZER44413"]
["2021-08-05","SAN",515,1,null,4,6,1,5,5,"CABERNET GIRL",47.053539999999998,1,-0.89162459999999999,0,0,"CABERNET GIRL1","CABERNET GIRL44413"]
["2021-08-05","SAN",515,1,null,4,4,1,6,6,"EXTERNAL LINK",47.493870000000001,1,-0.89162459999999999,0,0,"EXTERNAL LINK1","EXTERNAL LINK44413"]
["2021-08-05","SAN",515,1,null,4,2,1,7,7,"ASTON NIXON",46.700470000000003,1,-0.89162459999999999,0,0,"ASTON NIXON1","ASTON NIXON44413"]
["2021-08-05","SAN",515,1,null,4,3,1,8,8,"DONT TELL BLUEY",47.432290000000002,1,-0.89162459999999999,0,0,"DONT TELL BLUEY1","DONT TELL BLUEY44413"]
["2021-08-05","SAN",515,1,null,8,35,2,1,1,"TAIEPA",46.857230000000001,1,-0.89162459999999999,0,0,"TAIEPA2","TAIEPA44413"]
["2021-08-05","SAN",515,1,null,8,2,2,2,2,"BALTS FLYING",46.596919999999997,1,-0.89162459999999999,0,0,"BALTS FLYING2","BALTS FLYING44413"]
["2021-08-05","SAN",515,1,null,7,5,2,3,3,"ZIPPING LOXLEY",47.490670000000001,1,-0.89162459999999999,0,0,"ZIPPING LOXLEY2","ZIPPING LOXLEY44413"]
["2021-08-05","SAN",515,1,null,7,4,2,4,4,"RUFUS SCRIMGEOUR",47.632640000000002,1,-0.89162459999999999,0,0,"RUFUS SCRIMGEOUR2","RUFUS SCRIMGEOUR44413"]
["2021-08-05","SAN",515,1,null,28,3,2,5,5,"EL DORADO",47.295859999999998,1,-0.89162459999999999,0,0,"EL DORADO2","EL DORADO44413"]
["2021-08-05","SAN",515,1,null,8,4,2,6,6,"RIDGE",47.543480000000002,1,-0.89162459999999999,0,0,"RIDGE2","RIDGE44413"]
["2021-08-05","SAN",515,1,null,7,12,2,7,7,"RETRO ROCKET",47.693159999999999,1,-0.89162459999999999,0,0,"RETRO ROCKET2","RETRO ROCKET44413"]
["2021-08-05","SAN",515,1,null,7,3,2,8,8,"STEAMER REDEEMER",47.476959999999998,1,-0.89162459999999999,0,0,"STEAMER REDEEMER2","STEAMER REDEEMER44413"]
["2021-08-05","SAN",515,1,null,7,23,3,1,1,"WHISTLING BULLET",47.724229999999999,1,-0.89162459999999999,0,0,"WHISTLING BULLET3","WHISTLING BULLET44413"]
["2021-08-05","SAN",515,1,null,6,16,3,2,2,"PEOPLE GET READY",48.043219999999998,1,-0.89162459999999999,0,0,"PEOPLE GET READY3","PEOPLE GET READY44413"]
["2021-08-05","SAN",515,1,null,7,24,3,4,4,"ASTON SHINE",47.682009999999998,1,-0.89162459999999999,0,0,"ASTON SHINE3","ASTON SHINE44413"]
["2021-08-05","SAN",515,1,null,6,21,3,5,5,"DENISES VISION",47.384149999999998,1,-0.89162459999999999,0,0,"DENISES VISION3","DENISES VISION44413"]
["2021-08-05","SAN",515,1,null,21,36,3,6,6,"SWEET DEMI",47.622340000000001,1,-0.89162459999999999,0,0,"SWEET DEMI3","SWEET DEMI44413"]
["2021-08-05","SAN",515,1,null,6,33,3,7,7,"GYPSY BUN",47.963200000000001,1,-0.89162459999999999,0,0,"GYPSY BUN3","GYPSY BUN44413"]
["2021-08-05","SAN",515,1,null,7,6,3,8,8,"HILL TOP JACK",47.883040000000001,1,-0.89162459999999999,0,0,"HILL TOP JACK3","HILL TOP JACK44413"]
["2021-08-05","SAN",515,1,null,4,8,3,9,3,"RESSES GIRL",47.240310000000001,1,-0.89162459999999999,0,0,"RESSES GIRL3","RESSES GIRL44413"]
["2021-08-05","SAN",715,1,null,7,5,4,1,1,"NIKEPHOROS",41.508299999999998,1,-0.92564950000000001,0,-2,"NIKEPHOROS4","NIKEPHOROS44413"]
["2021-08-05","SAN",715,1,null,8,43,4,2,2,"LUMP SUM",41.415120000000002,1,-0.92564950000000001,0,-2,"LUMP SUM4","LUMP SUM44413"]
["2021-08-05","SAN",715,1,null,12,8,4,3,3,"VENUS LIGHT",41.065429999999999,1,-0.92564950000000001,0,-2,"VENUS LIGHT4","VENUS LIGHT44413"]
["2021-08-05","SAN",715,1,null,5,28,4,4,4,"HE SHALL RODGER",41.543790000000001,1,-0.92564950000000001,0,-2,"HE SHALL RODGER4","HE SHALL RODGER44413"]
["2021-08-05","SAN",715,1,null,7,32,4,5,5,"MEPUNGA ROYAL",41.465710000000001,1,-0.92564950000000001,0,-2,"MEPUNGA ROYAL4","MEPUNGA ROYAL44413"]
["2021-08-05","SAN",715,1,null,7,11,4,6,6,"LUNAR STAR",41.616630000000001,1,-0.92564950000000001,0,-2,"LUNAR STAR4","LUNAR STAR44413"]
["2021-08-05","SAN",715,1,null,8,18,4,7,7,"BESSIES DAISY",41.584429999999998,1,-0.92564950000000001,0,-2,"BESSIES DAISY4","BESSIES DAISY44413"]
["2021-08-05","SAN",715,1,null,5,2,4,8,8,"GRACES SPIRIT",41.817329999999998,1,-0.92564950000000001,0,-2,"GRACES SPIRIT4","GRACES SPIRIT44413"]
["2021-08-05","SAN",595,1,null,5,6,5,1,1,"GINTOKI BALE",46.321849999999998,1,-0.88454339999999998,0,-2,"GINTOKI BALE5","GINTOKI BALE44413"]
["2021-08-05","SAN",595,1,null,5,29,5,2,2,"ARAGOG",46.305410000000002,1,-0.88454339999999998,0,-2,"ARAGOG5","ARAGOG44413"]
["2021-08-05","SAN",595,1,null,13,14,5,3,3,"COLLINDA BEAST",46.279499999999999,1,-0.88454339999999998,0,-2,"COLLINDA BEAST5","COLLINDA BEAST44413"]
["2021-08-05","SAN",595,1,null,5,5,5,4,4,"YELLOW BRICK",46.274639999999998,1,-0.88454339999999998,0,-2,"YELLOW BRICK5","YELLOW BRICK44413"]
["2021-08-05","SAN",595,1,null,7,22,5,5,5,"GALLOPING SPEED",46.295490000000001,1,-0.88454339999999998,0,-2,"GALLOPING SPEED5","GALLOPING SPEED44413"]
["2021-08-05","SAN",595,1,null,7,26,5,6,6,"PILBARA",46.230910000000002,1,-0.88454339999999998,0,-2,"PILBARA5","PILBARA44413"]
["2021-08-05","SAN",595,1,null,5,11,5,7,7,"UP THE AMOUNT",46.34346,1,-0.88454339999999998,0,-2,"UP THE AMOUNT5","UP THE AMOUNT44413"]
["2021-08-05","SAN",595,1,null,7,37,5,8,8,"MEPUNGA FELIX",46.503889999999998,1,-0.88454339999999998,0,-2,"MEPUNGA FELIX5","MEPUNGA FELIX44413"]
["2021-08-05","SAN",515,1,null,6,7,6,1,1,"BAHATI BALE",48.033819999999999,1,-0.89162459999999999,0,0,"BAHATI BALE6","BAHATI BALE44413"]
["2021-08-05","SAN",515,1,null,6,6,6,2,2,"KINSON BALE",47.9236,1,-0.89162459999999999,0,0,"KINSON BALE6","KINSON BALE44413"]
["2021-08-05","SAN",515,1,null,5,21,6,3,3,"NIHARI BALE",47.977139999999999,1,-0.89162459999999999,0,0,"NIHARI BALE6","NIHARI BALE44413"]
["2021-08-05","SAN",515,1,null,7,16,6,4,4,"RICCARTON RICK",47.702710000000003,1,-0.89162459999999999,0,0,"RICCARTON RICK6","RICCARTON RICK44413"]
["2021-08-05","SAN",515,1,null,6,30,6,5,5,"HOW NOT TOO",47.66207,1,-0.89162459999999999,0,0,"HOW NOT TOO6","HOW NOT TOO44413"]
["2021-08-05","SAN",515,1,null,7,24,6,6,6,"OLLIE",47.01005,1,-0.89162459999999999,0,0,"OLLIE6","OLLIE44413"]
["2021-08-05","SAN",515,1,null,6,5,6,7,7,"SHIMA BOLT",47.306980000000003,1,-0.89162459999999999,0,0,"SHIMA BOLT6","SHIMA BOLT44413"]
["2021-08-05","SAN",515,1,null,7,4,6,8,8,"REBEL RIOT",47.48986,1,-0.89162459999999999,0,0,"REBEL RIOT6","REBEL RIOT44413"]
["2021-08-05","SAN",595,1,null,7,53,7,1,1,"FAIRYTALE WISH",46.12189,1,-0.88454339999999998,0,-2,"FAIRYTALE WISH7","FAIRYTALE WISH44413"]
["2021-08-05","SAN",595,1,null,7,5,7,2,2,"WHATEVER I SAY",46.263330000000003,1,-0.88454339999999998,0,-2,"WHATEVER I SAY7","WHATEVER I SAY44413"]
["2021-08-05","SAN",595,1,null,5,19,7,3,3,"MERLOT",46.308570000000003,1,-0.88454339999999998,0,-2,"MERLOT7","MERLOT44413"]
["2021-08-05","SAN",595,1,null,5,20,7,4,4,"KURO KISMET",46.110149999999997,1,-0.88454339999999998,0,-2,"KURO KISMET7","KURO KISMET44413"]
["2021-08-05","SAN",595,1,null,7,5,7,6,6,"NIKOLI BALE",46.469470000000001,1,-0.88454339999999998,0,-2,"NIKOLI BALE7","NIKOLI BALE44413"]
["2021-08-05","SAN",595,1,null,7,16,7,7,7,"SO PREDICTABLE",45.95438,1,-0.88454339999999998,0,-2,"SO PREDICTABLE7","SO PREDICTABLE44413"]
["2021-08-05","SAN",595,1,null,7,8,7,8,8,"PERSIAN GODDESS",46.366869999999999,1,-0.88454339999999998,0,-2,"PERSIAN GODDESS7","PERSIAN GODDESS44413"]
["2021-08-05","SAN",715,1,null,7,24,8,1,1,"ARATUZA BALE",41.910710000000002,1,-0.92564950000000001,0,-2,"ARATUZA BALE8","ARATUZA BALE44413"]
["2021-08-05","SAN",715,1,null,7,21,8,2,2,"ZIPPING TICKET",41.660539999999997,1,-0.92564950000000001,0,-2,"ZIPPING TICKET8","ZIPPING TICKET44413"]
["2021-08-05","SAN",715,1,null,7,19,8,3,3,"KENNY THE BRUTE",41.665759999999999,1,-0.92564950000000001,0,-2,"KENNY THE BRUTE8","KENNY THE BRUTE44413"]
["2021-08-05","SAN",715,1,null,7,32,8,4,4,"KNICKS BALE",41.707039999999999,1,-0.92564950000000001,0,-2,"KNICKS BALE8","KNICKS BALE44413"]
["2021-08-05","SAN",715,1,null,5,32,8,6,6,"MY FATHERS SON",41.561079999999997,1,-0.92564950000000001,0,-2,"MY FATHERS SON8","MY FATHERS SON44413"]
["2021-08-05","SAN",715,1,null,7,33,8,7,7,"ITS MY PARTY",41.715539999999997,1,-0.92564950000000001,0,-2,"ITS MY PARTY8","ITS MY PARTY44413"]
["2021-08-05","SAN",715,1,null,7,5,8,8,8,"DRAKO BALE",42.050849999999997,1,-0.92564950000000001,0,-2,"DRAKO BALE8","DRAKO BALE44413"]
["2021-08-05","SAN",515,1,null,15,27,9,1,1,"FLY FOR TRIX",47.93967,1,-0.89162459999999999,0,0,"FLY FOR TRIX9","FLY FOR TRIX44413"]
["2021-08-05","SAN",515,1,null,5,6,9,2,2,"TRENDING ROOKIE",47.861429999999999,1,-0.89162459999999999,0,0,"TRENDING ROOKIE9","TRENDING ROOKIE44413"]
["2021-08-05","SAN",515,1,null,4,11,9,3,3,"ZACHARY",47.734789999999997,1,-0.89162459999999999,0,0,"ZACHARY9","ZACHARY44413"]
["2021-08-05","SAN",515,1,null,7,5,9,4,4,"GOING ALRIGHT",47.912199999999999,1,-0.89162459999999999,0,0,"GOING ALRIGHT9","GOING ALRIGHT44413"]
["2021-08-05","SAN",515,1,null,7,5,9,5,5,"GYPSY VISTA",47.644910000000003,1,-0.89162459999999999,0,0,"GYPSY VISTA9","GYPSY VISTA44413"]
["2021-08-05","SAN",515,1,null,7,17,9,6,6,"CARRY ON MAXWELL",47.822989999999997,1,-0.89162459999999999,0,0,"CARRY ON MAXWELL9","CARRY ON MAXWELL44413"]
["2021-08-05","SAN",515,1,null,5,33,9,8,8,"ARIZONA GOLD",47.02608,1,-0.89162459999999999,0,0,"ARIZONA GOLD9","ARIZONA GOLD44413"]
["2021-08-05","SAN",515,1,null,4,85,9,10,7,"ANNIE ROSE",47.462539999999997,1,-0.89162459999999999,0,0,"ANNIE ROSE9","ANNIE ROSE44413"]
["2021-08-05","SAN",515,1,null,7,34,10,1,1,"TIGERS TWENTY",47.849409999999999,1,-0.89162459999999999,0,0,"TIGERS TWENTY10","TIGERS TWENTY44413"]
["2021-08-05","SAN",515,1,null,4,38,10,2,2,"BLUE BANDANA",47.514949999999999,1,-0.89162459999999999,0,0,"BLUE BANDANA10","BLUE BANDANA44413"]
["2021-08-05","SAN",515,1,null,5,15,10,3,3,"WHY NOT OPAL",47.668120000000002,1,-0.89162459999999999,0,0,"WHY NOT OPAL10","WHY NOT OPAL44413"]
["2021-08-05","SAN",515,1,null,7,5,10,4,4,"VARDAN BALE",47.23507,1,-0.89162459999999999,0,0,"VARDAN BALE10","VARDAN BALE44413"]
["2021-08-05","SAN",515,1,null,7,6,10,5,5,"ZYLON BALE",47.582210000000003,1,-0.89162459999999999,0,0,"ZYLON BALE10","ZYLON BALE44413"]
["2021-08-05","SAN",515,1,null,7,11,10,6,6,"SPRING DRIVEN",47.40363,1,-0.89162459999999999,0,0,"SPRING DRIVEN10","SPRING DRIVEN44413"]
["2021-08-05","SAN",515,1,null,6,7,10,7,7,"LALA IVORY",47.388449999999999,1,-0.89162459999999999,0,0,"LALA IVORY10","LALA IVORY44413"]
["2021-08-05","SAN",515,1,null,5,6,10,10,8,"LALA JUNIPER",46.567779999999999,1,-0.89162459999999999,0,0,"LALA JUNIPER10","LALA JUNIPER44413"]
["2021-08-05","SAN",515,1,null,5,14,11,1,1,"SHOWTIME BOOMER",47.44952,1,-0.89162459999999999,0,0,"SHOWTIME BOOMER11","SHOWTIME BOOMER44413"]
["2021-08-05","SAN",515,1,null,7,6,11,2,2,"WEST SONG",47.685589999999998,1,-0.89162459999999999,0,0,"WEST SONG11","WEST SONG44413"]
["2021-08-05","SAN",515,1,null,7,8,11,3,3,"ASTON RESORT",47.653100000000002,1,-0.89162459999999999,0,0,"ASTON RESORT11","ASTON RESORT44413"]
["2021-08-05","SAN",515,1,null,4,38,11,4,4,"DEMOLITION",47.68891,1,-0.89162459999999999,0,0,"DEMOLITION11","DEMOLITION44413"]
["2021-08-05","SAN",515,1,null,7,39,11,5,5,"MALAYAH BALE",47.835850000000001,1,-0.89162459999999999,0,0,"MALAYAH BALE11","MALAYAH BALE44413"]
["2021-08-05","SAN",515,1,null,7,20,11,6,6,"MISS TICKLE",47.392879999999998,1,-0.89162459999999999,0,0,"MISS TICKLE11","MISS TICKLE44413"]
["2021-08-05","SAN",515,1,null,4,11,11,7,7,"YOU EMBER",47.234310000000001,1,-0.89162459999999999,0,0,"YOU EMBER11","YOU EMBER44413"]
["2021-08-05","SAN",515,1,null,12,19,11,8,8,"ROCKSTAR RUBY",47.570990000000002,1,-0.89162459999999999,0,0,"ROCKSTAR RUBY11","ROCKSTAR RUBY44413"]
["2021-08-05","SAN",515,1,null,18,2,12,1,1,"MADAM MAXIMUS",47.292439999999999,1,-0.89162459999999999,0,0,"MADAM MAXIMUS12","MADAM MAXIMUS44413"]
["2021-08-05","SAN",515,1,null,4,25,12,2,2,"LUXURY ROCKS",47.349240000000002,1,-0.89162459999999999,0,0,"LUXURY ROCKS12","LUXURY ROCKS44413"]
["2021-08-05","SAN",515,1,null,20,52,12,3,3,"JAY BIRD",47.406149999999997,1,-0.89162459999999999,0,0,"JAY BIRD12","JAY BIRD44413"]
["2021-08-05","SAN",515,1,null,7,12,12,4,4,"FIREWEED",47.18291,1,-0.89162459999999999,0,0,"FIREWEED12","FIREWEED44413"]
["2021-08-05","SAN",515,1,null,7,7,12,5,5,"COTERIE",47.204189999999997,1,-0.89162459999999999,0,0,"COTERIE12","COTERIE44413"]
["2021-08-05","SAN",515,1,null,29,4,12,6,6,"LIMITING",47.672730000000001,1,-0.89162459999999999,0,0,"LIMITING12","LIMITING44413"]
["2021-08-05","SAN",515,1,null,217,5,12,7,7,"GOLDEN SKYROCKET",47.258159999999997,1,-0.89162459999999999,0,0,"GOLDEN SKYROCKET12","GOLDEN SKYROCKET44413"]
["2021-08-05","SAN",515,1,null,6,5,12,8,8,"ZIPPY ZENVO",47.26191,1,-0.89162459999999999,0,0,"ZIPPY ZENVO12","ZIPPY ZENVO44413"]
["2021-08-05","SHE",385,8,null,6,3,1,2,2,"NOVA STAR",42.850020000000001,1,-0.90637659999999998,0,0,"NOVA STAR1","NOVA STAR44413"]
["2021-08-05","SHE",385,8,null,7,20,1,3,3,"CHUCK ATTACK",41.66789,1,-0.90637659999999998,0,0,"CHUCK ATTACK1","CHUCK ATTACK44413"]
["2021-08-05","SHE",385,8,null,11,1,1,4,4,"NANA PAT",42.469639999999998,1,-0.90637659999999998,1,0,"NANA PAT1","NANA PAT44413"]
["2021-08-05","SHE",385,8,null,7,3,1,5,5,"BLACK JAM",42.156329999999997,1,-0.90637659999999998,0,0,"BLACK JAM1","BLACK JAM44413"]
["2021-08-05","SHE",385,8,null,6,2,1,6,6,"WHIZ OUT",42.46311,1,-0.90637659999999998,0,0,"WHIZ OUT1","WHIZ OUT44413"]
["2021-08-05","SHE",385,8,null,12,3,1,7,7,"SHEER STRENGTH",42.049439999999997,1,-0.90637659999999998,0,0,"SHEER STRENGTH1","SHEER STRENGTH44413"]
["2021-08-05","SHE",385,8,null,217,4,1,8,8,"TAT PANDA",41.921970000000002,1,-0.90637659999999998,0,0,"TAT PANDA1","TAT PANDA44413"]
["2021-08-05","SHE",385,8,null,7,4,1,9,1,"SCREAM WEAVER",42.465389999999999,1,-0.90637659999999998,0,0,"SCREAM WEAVER1","SCREAM WEAVER44413"]
["2021-08-05","SHE",450,8,null,11,3,2,1,1,"MAZIKEEN SMITH",43.242719999999998,1,-0.90637659999999998,0,0,"MAZIKEEN SMITH2","MAZIKEEN SMITH44413"]
["2021-08-05","SHE",450,8,null,3,4,2,2,2,"HUGS AND KISSES",43.16189,1,-0.90637659999999998,0,0,"HUGS AND KISSES2","HUGS AND KISSES44413"]
["2021-08-05","SHE",450,8,null,10,2,2,3,3,"MY NAMES NIPPER",42.78689,1,-0.90637659999999998,0,0,"MY NAMES NIPPER2","MY NAMES NIPPER44413"]
["2021-08-05","SHE",450,8,null,0,1,2,6,6,"YULONG YAP",42.885530000000003,1,-0.90637659999999998,1,0,"YULONG YAP2","YULONG YAP44413"]
["2021-08-05","SHE",450,8,null,13,3,2,7,7,"FLYING TORPEDO",42.022829999999999,1,-0.90637659999999998,0,0,"FLYING TORPEDO2","FLYING TORPEDO44413"]
["2021-08-05","SHE",450,8,null,25,1,2,8,8,"MR PRIME MINTER",42.734830000000002,1,-0.90637659999999998,1,0,"MR PRIME MINTER2","MR PRIME MINTER44413"]
["2021-08-05","SHE",385,5,null,5,40,3,1,1,"MAC ZEPHYR",43.11439,1,-0.90637659999999998,0,0,"MAC ZEPHYR3","MAC ZEPHYR44413"]
["2021-08-05","SHE",385,5,null,3,31,3,2,2,"PONTIAC BANDIT",43.065429999999999,1,-0.90637659999999998,0,0,"PONTIAC BANDIT3","PONTIAC BANDIT44413"]
["2021-08-05","SHE",385,5,null,5,14,3,3,3,"ASTON PAQUIN",43.288510000000002,1,-0.90637659999999998,0,0,"ASTON PAQUIN3","ASTON PAQUIN44413"]
["2021-08-05","SHE",385,5,null,26,11,3,4,4,"OH MARY",43.181640000000002,1,-0.90637659999999998,0,0,"OH MARY3","OH MARY44413"]
["2021-08-05","SHE",385,5,null,7,15,3,5,5,"RAMONA",42.436950000000003,1,-0.90637659999999998,0,0,"RAMONA3","RAMONA44413"]
["2021-08-05","SHE",385,5,null,15,78,3,6,6,"SIZZLIN SANCHEZ",42.58907,1,-0.90637659999999998,0,0,"SIZZLIN SANCHEZ3","SIZZLIN SANCHEZ44413"]
["2021-08-05","SHE",385,5,null,3,86,3,7,7,"CRAZY OLD FOOL",43.376640000000002,1,-0.90637659999999998,0,0,"CRAZY OLD FOOL3","CRAZY OLD FOOL44413"]
["2021-08-05","SHE",385,5,null,3,17,3,8,8,"KNOCK AN SCRATCH",42.569510000000001,1,-0.90637659999999998,0,0,"KNOCK AN SCRATCH3","KNOCK AN SCRATCH44413"]
["2021-08-05","SHE",385,5,null,10,38,4,1,1,"SCENIC WARRIOR",42.936070000000001,1,-0.90637659999999998,0,0,"SCENIC WARRIOR4","SCENIC WARRIOR44413"]
["2021-08-05","SHE",385,5,null,3,20,4,2,2,"KEY EFFORT",42.690060000000003,1,-0.90637659999999998,0,0,"KEY EFFORT4","KEY EFFORT44413"]
["2021-08-05","SHE",385,5,null,7,28,4,3,3,"ESPECIAL ECHO",42.401859999999999,1,-0.90637659999999998,0,0,"ESPECIAL ECHO4","ESPECIAL ECHO44413"]
["2021-08-05","SHE",385,5,null,5,37,4,5,5,"ASTON CINNAMON",42.684750000000001,1,-0.90637659999999998,0,0,"ASTON CINNAMON4","ASTON CINNAMON44413"]
["2021-08-05","SHE",385,5,null,10,86,4,6,6,"GALLANT TOBY",42.703719999999997,1,-0.90637659999999998,0,0,"GALLANT TOBY4","GALLANT TOBY44413"]
["2021-08-05","SHE",385,5,null,9,18,4,8,8,"SUPER SWITCH",42.573279999999997,1,-0.90637659999999998,0,0,"SUPER SWITCH4","SUPER SWITCH44413"]
["2021-08-05","SHE",385,5,null,7,35,4,9,7,"VICTORY CHICO",42.435049999999997,1,-0.90637659999999998,0,0,"VICTORY CHICO4","VICTORY CHICO44413"]
["2021-08-05","SHE",385,5,null,5,4,4,10,4,"ROGUE TEMPTATION",42.560549999999999,1,-0.90637659999999998,0,0,"ROGUE TEMPTATION4","ROGUE TEMPTATION44413"]
["2021-08-05","SHE",450,5,null,12,2,5,1,1,"PURE MANIA",42.565730000000002,1,-0.90637659999999998,0,0,"PURE MANIA5","PURE MANIA44413"]
["2021-08-05","SHE",450,5,null,3,4,5,2,2,"BLUE LAGOON",42.556139999999999,1,-0.90637659999999998,0,0,"BLUE LAGOON5","BLUE LAGOON44413"]
["2021-08-05","SHE",450,5,null,7,5,5,3,3,"KRAKEN COUNT",42.793500000000002,1,-0.90637659999999998,0,0,"KRAKEN COUNT5","KRAKEN COUNT44413"]
["2021-08-05","SHE",450,5,null,4,19,5,4,4,"KID CALDWELL",42.627090000000003,1,-0.90637659999999998,0,0,"KID CALDWELL5","KID CALDWELL44413"]
["2021-08-05","SHE",450,5,null,10,41,5,5,5,"BERRINGA BLUE",42.743980000000001,1,-0.90637659999999998,0,0,"BERRINGA BLUE5","BERRINGA BLUE44413"]
["2021-08-05","SHE",450,5,null,12,6,5,6,6,"ROCK ICON",42.737259999999999,1,-0.90637659999999998,0,0,"ROCK ICON5","ROCK ICON44413"]
["2021-08-05","SHE",450,5,null,7,4,5,7,7,"TZARS GHOST",43.046639999999996,1,-0.90637659999999998,0,0,"TZARS GHOST5","TZARS GHOST44413"]
["2021-08-05","SHE",450,5,null,10,34,5,8,8,"BATTLING BAZ",42.404179999999997,1,-0.90637659999999998,0,0,"BATTLING BAZ5","BATTLING BAZ44413"]
["2021-08-05","SHE",450,5,null,23,64,6,1,1,"BARBADOS DREAM",42.211599999999997,1,-0.90637659999999998,0,0,"BARBADOS DREAM6","BARBADOS DREAM44413"]
["2021-08-05","SHE",450,5,null,14,22,6,2,2,"LEXS DELIGHT",42.510370000000002,1,-0.90637659999999998,0,0,"LEXS DELIGHT6","LEXS DELIGHT44413"]
["2021-08-05","SHE",450,5,null,7,4,6,3,3,"WHY DELILA",42.955129999999997,1,-0.90637659999999998,0,0,"WHY DELILA6","WHY DELILA44413"]
["2021-08-05","SHE",450,5,null,218,32,6,4,4,"PALACE LADY",42.930799999999998,1,-0.90637659999999998,0,0,"PALACE LADY6","PALACE LADY44413"]
["2021-08-05","SHE",450,5,"C POULTER",8,85,6,5,5,"CRACKERJACK NEV",42.635190000000001,1,-0.90637659999999998,0,0,"CRACKERJACK NEV6","CRACKERJACK NEV44413"]
["2021-08-05","SHE",450,5,"P NEWELL",7,50,6,6,6,"NEW SAMSATION",42.965530000000001,1,-0.90637659999999998,0,0,"NEW SAMSATION6","NEW SAMSATION44413"]
["2021-08-05","SHE",450,5,null,14,18,6,7,7,"GREY NOT BLUE",43.056989999999999,1,-0.90637659999999998,0,0,"GREY NOT BLUE6","GREY NOT BLUE44413"]
["2021-08-05","SHE",450,5,null,8,27,6,8,8,"EMERGENCY",42.842289999999998,1,-0.90637659999999998,0,0,"EMERGENCY6","EMERGENCY44413"]
["2021-08-05","SHE",385,5,null,3,12,7,1,1,"DIVA DOT",42.929200000000002,1,-0.90637659999999998,0,0,"DIVA DOT7","DIVA DOT44413"]
["2021-08-05","SHE",385,5,null,7,28,7,2,2,"LUTHER",42.738959999999999,1,-0.90637659999999998,0,0,"LUTHER7","LUTHER44413"]
["2021-08-05","SHE",385,5,null,3,45,7,3,3,"WHY NOT DOT",42.710949999999997,1,-0.90637659999999998,0,0,"WHY NOT DOT7","WHY NOT DOT44413"]
["2021-08-05","SHE",385,5,null,7,9,7,4,4,"SHES A LOOKER",43.023780000000002,1,-0.90637659999999998,0,0,"SHES A LOOKER7","SHES A LOOKER44413"]
["2021-08-05","SHE",385,5,null,7,24,7,5,5,"ESPECIAL EDIT",42.628500000000003,1,-0.90637659999999998,0,0,"ESPECIAL EDIT7","ESPECIAL EDIT44413"]
["2021-08-05","SHE",385,5,null,10,8,7,7,7,"SOPHIE",42.537880000000001,1,-0.90637659999999998,0,0,"SOPHIE7","SOPHIE44413"]
["2021-08-05","SHE",385,5,null,3,11,7,8,8,"KAIDEN",42.752690000000001,1,-0.90637659999999998,0,0,"KAIDEN7","KAIDEN44413"]
["2021-08-05","SHE",385,5,null,17,20,7,9,6,"ANUBIS AL",43.107680000000002,1,-0.90637659999999998,0,0,"ANUBIS AL7","ANUBIS AL44413"]
["2021-08-05","SHE",450,5,null,3,21,8,1,1,"NOVAS GIRL",43.000360000000001,1,-0.90637659999999998,0,0,"NOVAS GIRL8","NOVAS GIRL44413"]
["2021-08-05","SHE",450,5,null,12,56,8,2,2,"DANCING ROSE",42.482309999999998,1,-0.90637659999999998,0,0,"DANCING ROSE8","DANCING ROSE44413"]
["2021-08-05","SHE",450,5,null,7,22,8,3,3,"ROWERS RULE",42.813110000000002,1,-0.90637659999999998,0,0,"ROWERS RULE8","ROWERS RULE44413"]
["2021-08-05","SHE",450,5,"G COWCHER",14,42,8,5,5,"BUMPS NUGGET",42.887839999999997,1,-0.90637659999999998,0,0,"BUMPS NUGGET8","BUMPS NUGGET44413"]
["2021-08-05","SHE",450,5,null,8,55,8,6,6,"FILORGA BALE",42.392220000000002,1,-0.90637659999999998,0,0,"FILORGA BALE8","FILORGA BALE44413"]
["2021-08-05","SHE",450,5,null,9,14,8,7,7,"SHES SERIOUS",42.93544,1,-0.90637659999999998,0,0,"SHES SERIOUS8","SHES SERIOUS44413"]
["2021-08-05","SHE",450,5,null,7,54,8,8,8,"SELECT PATTERN",42.420119999999997,1,-0.90637659999999998,0,0,"SELECT PATTERN8","SELECT PATTERN44413"]
["2021-08-05","SHE",450,5,null,4,23,8,9,4,"SAVANNAH LEE",42.775359999999999,1,-0.90637659999999998,0,0,"SAVANNAH LEE8","SAVANNAH LEE44413"]
["2021-08-05","SHE",385,8,null,230,7,9,1,1,"STRIKE THE POSE",42.335659999999997,1,-0.90637659999999998,0,0,"STRIKE THE POSE9","STRIKE THE POSE44413"]
["2021-08-05","SHE",385,8,null,17,3,9,2,2,"ROAD TO CAIRNS",43.297449999999998,1,-0.90637659999999998,0,0,"ROAD TO CAIRNS9","ROAD TO CAIRNS44413"]
["2021-08-05","SHE",385,8,null,7,2,9,3,3,"RAW FINESSE",42.88232,1,-0.90637659999999998,0,0,"RAW FINESSE9","RAW FINESSE44413"]
["2021-08-05","SHE",385,8,null,6,9,9,4,4,"TAY TAY SWIFTY",42.600580000000001,1,-0.90637659999999998,0,0,"TAY TAY SWIFTY9","TAY TAY SWIFTY44413"]
["2021-08-05","SHE",385,8,null,3,7,9,5,5,"SOUND THE BUGLE",42.241799999999998,1,-0.90637659999999998,0,0,"SOUND THE BUGLE9","SOUND THE BUGLE44413"]
["2021-08-05","SHE",385,8,null,7,5,9,6,6,"GLOBAL JEWEL",42.509979999999999,1,-0.90637659999999998,0,0,"GLOBAL JEWEL9","GLOBAL JEWEL44413"]
["2021-08-05","SHE",385,8,null,7,4,9,7,7,"MYSTERY TALENT",42.597549999999998,1,-0.90637659999999998,0,0,"MYSTERY TALENT9","MYSTERY TALENT44413"]
["2021-08-05","SHE",385,8,null,0,1,9,8,8,"ALL INN PEARL",42.5505,1,-0.90637659999999998,1,0,"ALL INN PEARL9","ALL INN PEARL44413"]
["2021-08-05","SHE",385,5,null,3,6,10,1,1,"COCO TO BURN",42.721649999999997,1,-0.90637659999999998,0,0,"COCO TO BURN10","COCO TO BURN44413"]
["2021-08-05","SHE",385,5,null,15,2,10,2,2,"KRAKEN PRESTO",42.552480000000003,1,-0.90637659999999998,0,0,"KRAKEN PRESTO10","KRAKEN PRESTO44413"]
["2021-08-05","SHE",385,5,null,7,12,10,3,3,"LITTLE WINNIE",42.690060000000003,1,-0.90637659999999998,0,0,"LITTLE WINNIE10","LITTLE WINNIE44413"]
["2021-08-05","SHE",385,5,null,7,10,10,4,4,"ITCHY KAALA",42.861400000000003,1,-0.90637659999999998,0,0,"ITCHY KAALA10","ITCHY KAALA44413"]
["2021-08-05","SHE",385,5,null,3,2,10,5,5,"HUNTLY FLYER",42.97795,1,-0.90637659999999998,0,0,"HUNTLY FLYER10","HUNTLY FLYER44413"]
["2021-08-05","SHE",385,5,null,7,8,10,7,7,"ASTON SYRAH",42.777340000000002,1,-0.90637659999999998,0,0,"ASTON SYRAH10","ASTON SYRAH44413"]
["2021-08-05","SHE",385,5,null,7,20,10,8,8,"HEART OF RIO",42.80339,1,-0.90637659999999998,0,0,"HEART OF RIO10","HEART OF RIO44413"]
["2021-08-05","SHE",385,5,null,7,5,10,9,6,"BOOM BUSTER",42.379219999999997,1,-0.90637659999999998,0,0,"BOOM BUSTER10","BOOM BUSTER44413"]
["2021-08-05","SHE",385,5,null,7,20,11,1,1,"WESTERN BAY",42.568489999999997,1,-0.90637659999999998,0,0,"WESTERN BAY11","WESTERN BAY44413"]
["2021-08-05","SHE",385,5,null,14,22,11,2,2,"LEKTRA NAT",43.011670000000002,1,-0.90637659999999998,0,0,"LEKTRA NAT11","LEKTRA NAT44413"]
["2021-08-05","SHE",385,5,null,10,33,11,3,3,"SYLVIAS DELIGHT",42.603209999999997,1,-0.90637659999999998,0,0,"SYLVIAS DELIGHT11","SYLVIAS DELIGHT44413"]
["2021-08-05","SHE",385,5,null,3,25,11,4,4,"PRINCE HECTOR",42.747480000000003,1,-0.90637659999999998,0,0,"PRINCE HECTOR11","PRINCE HECTOR44413"]
["2021-08-05","SHE",385,5,null,31,18,11,5,5,"TINKER LUKE",42.577820000000003,1,-0.90637659999999998,0,0,"TINKER LUKE11","TINKER LUKE44413"]
["2021-08-05","SHE",385,5,null,5,49,11,6,6,"KENITA",42.632820000000002,1,-0.90637659999999998,0,0,"KENITA11","KENITA44413"]
["2021-08-05","SHE",385,5,null,6,71,11,7,7,"DONS SCOLARI",42.801810000000003,1,-0.90637659999999998,0,0,"DONS SCOLARI11","DONS SCOLARI44413"]
["2021-08-05","SHE",385,5,null,12,38,11,8,8,"KNOCKA BOTT",42.699100000000001,1,-0.90637659999999998,0,0,"KNOCKA BOTT11","KNOCKA BOTT44413"]
["2021-08-05","SHE",385,5,null,10,32,12,1,1,"INDIGO INDY",42.645310000000002,1,-0.90637659999999998,0,0,"INDIGO INDY12","INDIGO INDY44413"]
["2021-08-05","SHE",385,5,null,7,37,12,2,2,"HUSKY FRECKLE",42.316400000000002,1,-0.90637659999999998,0,0,"HUSKY FRECKLE12","HUSKY FRECKLE44413"]
["2021-08-05","SHE",385,5,null,231,49,12,3,3,"CAMO REX",41.773409999999998,1,-0.90637659999999998,0,0,"CAMO REX12","CAMO REX44413"]
["2021-08-05","SHE",385,5,null,7,95,12,4,4,"AWESOME ASSET",42.295789999999997,1,-0.90637659999999998,0,0,"AWESOME ASSET12","AWESOME ASSET44413"]
["2021-08-05","SHE",385,5,null,220,43,12,5,5,"SUPER NAT",42.079459999999997,1,-0.90637659999999998,0,0,"SUPER NAT12","SUPER NAT44413"]
["2021-08-05","SHE",385,5,null,237,17,12,6,6,"CANYA HURRICANE",42.161650000000002,1,-0.90637659999999998,0,0,"CANYA HURRICANE12","CANYA HURRICANE44413"]
["2021-08-05","SHE",385,5,null,26,32,12,7,7,"BORN A GURU",42.222949999999997,1,-0.90637659999999998,0,0,"BORN A GURU12","BORN A GURU44413"]
["2021-08-05","SHE",385,5,null,16,37,12,8,8,"SOLAR CHARGE",41.952210000000001,1,-0.90637659999999998,0,0,"SOLAR CHARGE12","SOLAR CHARGE44413"]
["2021-08-05","WBL",390,8,null,0,1,1,1,1,"MISS ROXY",0.14031979999999999,1,-0.90637659999999998,1,0,"MISS ROXY1","MISS ROXY44413"]
["2021-08-05","WBL",390,8,null,0,1,1,2,2,"MYOLA QUEEN",0.17522969999999999,1,-0.90637659999999998,1,0,"MYOLA QUEEN1","MYOLA QUEEN44413"]
["2021-08-05","WBL",390,8,null,0,1,1,3,3,"MAMALLENA",0.19878750000000001,1,-0.90637659999999998,1,0,"MAMALLENA1","MAMALLENA44413"]
["2021-08-05","WBL",390,8,null,0,1,1,4,4,"PRESIDENT PEGGY",0.2262083,1,-0.90637659999999998,1,0,"PRESIDENT PEGGY1","PRESIDENT PEGGY44413"]
["2021-08-05","WBL",390,8,null,0,1,1,6,6,"SAILORS GIRL",0.20901330000000001,1,-0.90637659999999998,1,0,"SAILORS GIRL1","SAILORS GIRL44413"]
["2021-08-05","WBL",390,8,null,0,1,1,7,7,"JOFFAS TIARA",0.11928329999999999,1,-0.90637659999999998,1,0,"JOFFAS TIARA1","JOFFAS TIARA44413"]
["2021-08-05","WBL",390,8,null,0,1,1,8,8,"TONTOS REVENGE",0.1822995,1,-0.90637659999999998,1,0,"TONTOS REVENGE1","TONTOS REVENGE44413"]
["2021-08-05","WBL",390,8,null,0,1,2,1,1,"KING CUJO",42.34384,1,-0.90637659999999998,1,0,"KING CUJO2","KING CUJO44413"]
["2021-08-05","WBL",390,8,null,3,23,2,2,2,"GRANNY SAID GO",41.958799999999997,1,-0.90637659999999998,0,0,"GRANNY SAID GO2","GRANNY SAID GO44413"]
["2021-08-05","WBL",390,8,null,0,1,2,4,4,"BIG BLAZER",42.446339999999999,1,-0.90637659999999998,1,0,"BIG BLAZER2","BIG BLAZER44413"]
["2021-08-05","WBL",390,8,null,5,5,2,5,5,"VIOLET ROSE",42.879100000000001,1,-0.90637659999999998,0,0,"VIOLET ROSE2","VIOLET ROSE44413"]
["2021-08-05","WBL",390,8,null,0,1,2,7,7,"MORAINE LUCY",42.276020000000003,1,-0.90637659999999998,1,0,"MORAINE LUCY2","MORAINE LUCY44413"]
["2021-08-05","WBL",390,8,null,0,1,2,8,8,"BINGO RINGO",42.402430000000003,1,-0.90637659999999998,1,0,"BINGO RINGO2","BINGO RINGO44413"]
["2021-08-05","WBL",390,8,null,0,1,3,1,1,"ONE HAPPY HIPPO",43.385190000000001,1,-0.90637659999999998,1,0,"ONE HAPPY HIPPO3","ONE HAPPY HIPPO44413"]
["2021-08-05","WBL",390,8,null,0,1,3,2,2,"CHEERY OLA BABY",43.449530000000003,1,-0.90637659999999998,1,0,"CHEERY OLA BABY3","CHEERY OLA BABY44413"]
["2021-08-05","WBL",390,8,null,0,1,3,4,4,"MILLIE MILLIONS",43.434849999999997,1,-0.90637659999999998,1,0,"MILLIE MILLIONS3","MILLIE MILLIONS44413"]
["2021-08-05","WBL",390,8,null,0,1,3,5,5,"URANA BLACKIE",43.252920000000003,1,-0.90637659999999998,1,0,"URANA BLACKIE3","URANA BLACKIE44413"]
["2021-08-05","WBL",390,8,null,221,8,3,7,7,"BIG BOY BROOKE",42.53707,1,-0.90637659999999998,0,0,"BIG BOY BROOKE3","BIG BOY BROOKE44413"]
["2021-08-05","WBL",390,8,null,0,1,3,8,8,"OLD MATE PADDY",43.300690000000003,1,-0.90637659999999998,1,0,"OLD MATE PADDY3","OLD MATE PADDY44413"]
["2021-08-05","WBL",390,5,null,9,3,4,1,1,"DARK STORMY",42.931269999999998,1,-0.90637659999999998,0,0,"DARK STORMY4","DARK STORMY44413"]
["2021-08-05","WBL",390,5,null,7,2,4,2,2,"MADLENKA",43.306130000000003,1,-0.90637659999999998,0,0,"MADLENKA4","MADLENKA44413"]
["2021-08-05","WBL",390,5,null,29,11,4,3,3,"MY GOLDEN EAGLE",43.37191,1,-0.90637659999999998,0,0,"MY GOLDEN EAGLE4","MY GOLDEN EAGLE44413"]
["2021-08-05","WBL",390,5,null,6,9,4,4,4,"BLAZING PENNY",43.299720000000001,1,-0.90637659999999998,0,0,"BLAZING PENNY4","BLAZING PENNY44413"]
["2021-08-05","WBL",390,5,null,9,5,4,5,5,"ASTON HARRISON",43.055160000000001,1,-0.90637659999999998,0,0,"ASTON HARRISON4","ASTON HARRISON44413"]
["2021-08-05","WBL",390,5,null,7,6,4,6,6,"RED SUNSET",43.058109999999999,1,-0.90637659999999998,0,0,"RED SUNSET4","RED SUNSET44413"]
["2021-08-05","WBL",390,5,null,21,3,4,7,7,"STALKING SHADOW",43.00432,1,-0.90637659999999998,0,0,"STALKING SHADOW4","STALKING SHADOW44413"]
["2021-08-05","WBL",390,5,null,226,1,4,8,8,"BLACK MARTINI",42.371490000000001,1,-0.90637659999999998,1,0,"BLACK MARTINI4","BLACK MARTINI44413"]
["2021-08-05","WBL",450,5,null,7,4,5,1,1,"WIZARDRY MAGIC",42.975850000000001,1,-0.90637659999999998,0,0,"WIZARDRY MAGIC5","WIZARDRY MAGIC44413"]
["2021-08-05","WBL",450,5,null,7,4,5,2,2,"TEN DOLLAR SLAPS",43.576250000000002,1,-0.90637659999999998,0,0,"TEN DOLLAR SLAPS5","TEN DOLLAR SLAPS44413"]
["2021-08-05","WBL",450,5,null,7,7,5,3,3,"MEPUNGA HAYLES",43.364139999999999,1,-0.90637659999999998,0,0,"MEPUNGA HAYLES5","MEPUNGA HAYLES44413"]
["2021-08-05","WBL",450,5,null,7,5,5,4,4,"BOBBY BULL SHARK",43.554360000000003,1,-0.90637659999999998,0,0,"BOBBY BULL SHARK5","BOBBY BULL SHARK44413"]
["2021-08-05","WBL",450,5,null,7,4,5,5,5,"TAPERING OFF",43.468739999999997,1,-0.90637659999999998,0,0,"TAPERING OFF5","TAPERING OFF44413"]
["2021-08-05","WBL",450,5,null,8,4,5,6,6,"ASTON WONDER",43.451810000000002,1,-0.90637659999999998,0,0,"ASTON WONDER5","ASTON WONDER44413"]
["2021-08-05","WBL",450,5,null,7,5,5,7,7,"POISON SKY",43.586210000000001,1,-0.90637659999999998,0,0,"POISON SKY5","POISON SKY44413"]
["2021-08-05","WBL",450,5,null,7,5,5,8,8,"DESTROY WE SAID",43.188740000000003,1,-0.90637659999999998,0,0,"DESTROY WE SAID5","DESTROY WE SAID44413"]
["2021-08-05","WBL",450,5,null,7,4,6,1,1,"MR BENT LEE",43.758760000000002,1,-0.90637659999999998,0,0,"MR BENT LEE6","MR BENT LEE44413"]
["2021-08-05","WBL",450,5,null,7,28,6,2,2,"ASTON PRESTIGE",42.896590000000003,1,-0.90637659999999998,0,0,"ASTON PRESTIGE6","ASTON PRESTIGE44413"]
["2021-08-05","WBL",450,5,null,7,5,6,3,3,"ALFIE ALLIGATOR",43.370719999999999,1,-0.90637659999999998,0,0,"ALFIE ALLIGATOR6","ALFIE ALLIGATOR44413"]
["2021-08-05","WBL",450,5,null,7,6,6,4,4,"AUBAMEYANG",43.546770000000002,1,-0.90637659999999998,0,0,"AUBAMEYANG6","AUBAMEYANG44413"]
["2021-08-05","WBL",450,5,null,7,27,6,6,6,"GOT THE TORQUE",43.54468,1,-0.90637659999999998,0,0,"GOT THE TORQUE6","GOT THE TORQUE44413"]
["2021-08-05","WBL",450,5,null,7,13,6,7,7,"COOL CUSTOMER",43.621070000000003,1,-0.90637659999999998,0,0,"COOL CUSTOMER6","COOL CUSTOMER44413"]
["2021-08-05","WBL",450,5,null,7,4,6,9,8,"PADDY WANTS PATS",43.434489999999997,1,-0.90637659999999998,0,0,"PADDY WANTS PATS6","PADDY WANTS PATS44413"]
["2021-08-05","WBL",450,5,null,7,39,6,10,5,"BAREFOOT BARRY",43.349530000000001,1,-0.90637659999999998,0,0,"BAREFOOT BARRY6","BAREFOOT BARRY44413"]
["2021-08-05","WBL",450,5,null,9,30,7,1,1,"ESMAY",43.334159999999997,1,-0.90637659999999998,0,0,"ESMAY7","ESMAY44413"]
["2021-08-05","WBL",450,5,null,7,4,7,2,2,"ATTITUDE",43.132869999999997,1,-0.90637659999999998,0,0,"ATTITUDE7","ATTITUDE44413"]
["2021-08-05","WBL",450,5,null,7,19,7,3,3,"JAGGERED",43.21011,1,-0.90637659999999998,0,0,"JAGGERED7","JAGGERED44413"]
["2021-08-05","WBL",450,5,null,5,7,7,5,5,"ZIPPING TIFFANY",43.359439999999999,1,-0.90637659999999998,0,0,"ZIPPING TIFFANY7","ZIPPING TIFFANY44413"]
["2021-08-05","WBL",450,5,null,9,31,7,6,6,"BLACKPOOL STORM",43.389560000000003,1,-0.90637659999999998,0,0,"BLACKPOOL STORM7","BLACKPOOL STORM44413"]
["2021-08-05","WBL",450,5,null,13,16,7,8,8,"MOLLY TESSA",42.945799999999998,1,-0.90637659999999998,0,0,"MOLLY TESSA7","MOLLY TESSA44413"]
["2021-08-05","WBL",450,4,null,7,28,8,1,1,"CHERI CLOWNFISH",43.466320000000003,1,-0.90637659999999998,0,0,"CHERI CLOWNFISH8","CHERI CLOWNFISH44413"]
["2021-08-05","WBL",450,4,null,7,3,8,2,2,"STIFF WIND",43.202109999999998,1,-0.90637659999999998,0,0,"STIFF WIND8","STIFF WIND44413"]
["2021-08-05","WBL",450,4,null,6,28,8,3,3,"BLACKPOOL BOLT",43.655560000000001,1,-0.90637659999999998,0,0,"BLACKPOOL BOLT8","BLACKPOOL BOLT44413"]
["2021-08-05","WBL",450,4,null,7,49,8,4,4,"MEPUNGA DANIEL",43.414050000000003,1,-0.90637659999999998,0,0,"MEPUNGA DANIEL8","MEPUNGA DANIEL44413"]
["2021-08-05","WBL",450,4,null,5,4,8,5,5,"SIREN HEAD",43.16563,1,-0.90637659999999998,0,0,"SIREN HEAD8","SIREN HEAD44413"]
["2021-08-05","WBL",450,4,null,8,5,8,6,6,"FERNANDOS QUEST",43.27261,1,-0.90637659999999998,0,0,"FERNANDOS QUEST8","FERNANDOS QUEST44413"]
["2021-08-05","WBL",450,4,null,7,15,8,7,7,"NO PAYER",43.711579999999998,1,-0.90637659999999998,0,0,"NO PAYER8","NO PAYER44413"]
["2021-08-05","WBL",450,4,null,4,40,8,8,8,"ZIMMER BALE",43.377360000000003,1,-0.90637659999999998,0,0,"ZIMMER BALE8","ZIMMER BALE44413"]
["2021-08-05","WBL",390,3,null,9,36,9,1,1,"NUMINOUS",43.23169,1,-0.90637659999999998,0,0,"NUMINOUS9","NUMINOUS44413"]
["2021-08-05","WBL",390,3,null,7,19,9,2,2,"OUR ANDO",43.041440000000001,1,-0.90637659999999998,0,0,"OUR ANDO9","OUR ANDO44413"]
["2021-08-05","WBL",390,3,null,7,2,9,3,3,"DAPHS EXTREME",42.9407,1,-0.90637659999999998,0,0,"DAPHS EXTREME9","DAPHS EXTREME44413"]
["2021-08-05","WBL",390,3,null,32,20,9,4,4,"HELLO KEEN",42.934649999999998,1,-0.90637659999999998,0,0,"HELLO KEEN9","HELLO KEEN44413"]
["2021-08-05","WBL",390,3,null,6,28,9,6,6,"BLACKPOOL FLASH",44.013629999999999,1,-0.90637659999999998,0,0,"BLACKPOOL FLASH9","BLACKPOOL FLASH44413"]
["2021-08-05","WBL",390,3,null,8,9,9,8,8,"ASTON PROFIT",43.418149999999997,1,-0.90637659999999998,0,0,"ASTON PROFIT9","ASTON PROFIT44413"]
["2021-08-05","WBL",390,5,null,8,11,10,1,1,"TAN STAR",43.573819999999998,1,-0.90637659999999998,0,0,"TAN STAR10","TAN STAR44413"]
["2021-08-05","WBL",390,5,null,21,9,10,2,2,"SAINT MAC",43.075859999999999,1,-0.90637659999999998,0,0,"SAINT MAC10","SAINT MAC44413"]
["2021-08-05","WBL",390,5,null,9,4,10,3,3,"CRACKERJACK NOAH",43.326770000000003,1,-0.90637659999999998,0,0,"CRACKERJACK NOAH10","CRACKERJACK NOAH44413"]
["2021-08-05","WBL",390,5,null,8,23,10,4,4,"MERRY LASS",43.546790000000001,1,-0.90637659999999998,0,0,"MERRY LASS10","MERRY LASS44413"]
["2021-08-05","WBL",390,5,null,7,34,10,6,6,"ABALONE FOZZ",43.507649999999998,1,-0.90637659999999998,0,0,"ABALONE FOZZ10","ABALONE FOZZ44413"]
["2021-08-05","WBL",390,5,null,7,27,10,7,7,"SUPER BIG",43.364669999999997,1,-0.90637659999999998,0,0,"SUPER BIG10","SUPER BIG44413"]
["2021-08-05","WBL",390,5,null,7,5,10,8,8,"MISS COSMIC LEE",43.347340000000003,1,-0.90637659999999998,0,0,"MISS COSMIC LEE10","MISS COSMIC LEE44413"]
["2021-08-05","WBL",390,5,null,13,37,11,1,1,"MOLLY BYRNES",43.3581,1,-0.90637659999999998,0,0,"MOLLY BYRNES11","MOLLY BYRNES44413"]
["2021-08-05","WBL",390,5,null,9,15,11,2,2,"BERMUDA",43.100729999999999,1,-0.90637659999999998,0,0,"BERMUDA11","BERMUDA44413"]
["2021-08-05","WBL",390,5,null,7,14,11,4,4,"ASTON SHINTARO",43.419780000000003,1,-0.90637659999999998,0,0,"ASTON SHINTARO11","ASTON SHINTARO44413"]
["2021-08-05","WBL",390,5,null,7,7,11,6,6,"HACKER",43.532530000000001,1,-0.90637659999999998,0,0,"HACKER11","HACKER44413"]
["2021-08-05","WBL",390,5,null,6,4,11,7,7,"GLADIATOR HULK",43.912529999999997,1,-0.90637659999999998,0,0,"GLADIATOR HULK11","GLADIATOR HULK44413"]
["2021-08-05","WBL",390,5,null,28,35,11,8,8,"TWINKLE LOVE",43.515729999999998,1,-0.90637659999999998,0,0,"TWINKLE LOVE11","TWINKLE LOVE44413"]
["2021-08-05","WBL",390,5,null,3,6,12,1,1,"DRAKENSBERG DOT",43.507359999999998,1,-0.90637659999999998,0,0,"DRAKENSBERG DOT12","DRAKENSBERG DOT44413"]
["2021-08-05","WBL",390,5,null,9,54,12,2,2,"INGA OLLIE",43.508090000000003,1,-0.90637659999999998,0,0,"INGA OLLIE12","INGA OLLIE44413"]
["2021-08-05","WBL",390,5,null,20,5,12,3,3,"COCONINO",42.828710000000001,1,-0.90637659999999998,0,0,"COCONINO12","COCONINO44413"]
["2021-08-05","WBL",390,5,null,17,55,12,4,4,"RAMPANT TERESA",42.708260000000003,1,-0.90637659999999998,0,0,"RAMPANT TERESA12","RAMPANT TERESA44413"]
["2021-08-05","WBL",390,5,null,7,9,12,5,5,"CYBER CRIME",43.378970000000002,1,-0.90637659999999998,0,0,"CYBER CRIME12","CYBER CRIME44413"]
["2021-08-05","WBL",390,5,null,23,32,12,6,6,"FUGACIOUS",43.237459999999999,1,-0.90637659999999998,0,0,"FUGACIOUS12","FUGACIOUS44413"]
["2021-08-05","WBL",390,5,null,9,25,12,7,7,"ASTON HEIDI",43.256900000000002,1,-0.90637659999999998,0,0,"ASTON HEIDI12","ASTON HEIDI44413"]
["2021-08-05","WBL",390,5,null,7,11,12,8,8,"WAR WIDOW",43.62932,1,-0.90637659999999998,0,0,"WAR WIDOW12","WAR WIDOW44413"]
["2021-08-05","WGL",460,8,null,7,6,1,1,1,"KIWI BILLY",27.469259999999998,1,-0.98537019999999997,0,0,"KIWI BILLY1","KIWI BILLY44413"]
["2021-08-05","WGL",460,8,null,9,5,1,2,2,"BLAZIN SUSHI",27.25563,1,-0.98537019999999997,0,0,"BLAZIN SUSHI1","BLAZIN SUSHI44413"]
["2021-08-05","WGL",460,8,null,14,5,1,3,3,"KILLSHOT",27.202069999999999,1,-0.98537019999999997,0,0,"KILLSHOT1","KILLSHOT44413"]
["2021-08-05","WGL",460,8,null,13,4,1,5,5,"FLYWHEEL CRACKER",27.783270000000002,1,-0.98537019999999997,0,0,"FLYWHEEL CRACKER1","FLYWHEEL CRACKER44413"]
["2021-08-05","WGL",460,8,null,4,4,1,6,6,"TSUNAMI OUBRE",27.46931,1,-0.98537019999999997,0,0,"TSUNAMI OUBRE1","TSUNAMI OUBRE44413"]
["2021-08-05","WGL",460,8,null,7,5,1,7,7,"SATANIC MIKADO",27.379909999999999,1,-0.98537019999999997,0,0,"SATANIC MIKADO1","SATANIC MIKADO44413"]
["2021-08-05","WGL",460,8,null,7,6,1,8,8,"OHANA PEARL",27.218350000000001,1,-0.98537019999999997,0,0,"OHANA PEARL1","OHANA PEARL44413"]
["2021-08-05","WGL",460,8,null,4,4,1,9,4,"EYE SPY SKYE",27.564060000000001,1,-0.98537019999999997,0,0,"EYE SPY SKYE1","EYE SPY SKYE44413"]
["2021-08-05","WGL",400,8,null,7,5,2,1,1,"ALKONOST",42.139400000000002,1,-0.90637659999999998,0,0,"ALKONOST2","ALKONOST44413"]
["2021-08-05","WGL",400,8,null,13,4,2,2,2,"SAY YOU WILL",42.458100000000002,1,-0.90637659999999998,0,0,"SAY YOU WILL2","SAY YOU WILL44413"]
["2021-08-05","WGL",400,8,null,7,4,2,3,3,"HEARTS DENIED",42.073399999999999,1,-0.90637659999999998,0,0,"HEARTS DENIED2","HEARTS DENIED44413"]
["2021-08-05","WGL",400,8,null,14,4,2,4,4,"WEEONA JACK",42.784469999999999,1,-0.90637659999999998,0,0,"WEEONA JACK2","WEEONA JACK44413"]
["2021-08-05","WGL",400,8,null,7,3,2,6,6,"HE CAN TALK",42.454810000000002,1,-0.90637659999999998,0,0,"HE CAN TALK2","HE CAN TALK44413"]
["2021-08-05","WGL",400,8,null,4,3,2,7,7,"EVADED",42.959090000000003,1,-0.90637659999999998,0,0,"EVADED2","EVADED44413"]
["2021-08-05","WGL",400,8,null,284,2,2,8,8,"SUGAR PLUM FAIRY",41.510860000000001,1,-0.90637659999999998,0,0,"SUGAR PLUM FAIRY2","SUGAR PLUM FAIRY44413"]
["2021-08-05","WGL",400,8,null,7,6,2,10,5,"SHOW QUEEN",42.51728,1,-0.90637659999999998,0,0,"SHOW QUEEN2","SHOW QUEEN44413"]
["2021-08-05","WGL",400,8,null,14,2,3,1,1,"PRINCE NANGANA",42.496209999999998,1,-0.90637659999999998,0,0,"PRINCE NANGANA3","PRINCE NANGANA44413"]
["2021-08-05","WGL",400,8,null,19,2,3,2,2,"LITTLE JESA",42.062980000000003,1,-0.90637659999999998,0,0,"LITTLE JESA3","LITTLE JESA44413"]
["2021-08-05","WGL",400,8,null,7,4,3,3,3,"HAVOCS LEGACY",42.628639999999997,1,-0.90637659999999998,0,0,"HAVOCS LEGACY3","HAVOCS LEGACY44413"]
["2021-08-05","WGL",400,8,null,217,50,3,4,4,"SKY SHOW",41.785739999999997,1,-0.90637659999999998,0,0,"SKY SHOW3","SKY SHOW44413"]
["2021-08-05","WGL",400,8,null,14,2,3,5,5,"JEZA YOU BEAUTY",42.761629999999997,1,-0.90637659999999998,0,0,"JEZA YOU BEAUTY3","JEZA YOU BEAUTY44413"]
["2021-08-05","WGL",400,8,null,6,9,3,6,6,"ELSWYK SUZIE",42.93927,1,-0.90637659999999998,0,0,"ELSWYK SUZIE3","ELSWYK SUZIE44413"]
["2021-08-05","WGL",400,8,null,3,3,3,7,7,"IZUKU BALE",43.037930000000003,1,-0.90637659999999998,0,0,"IZUKU BALE3","IZUKU BALE44413"]
["2021-08-05","WGL",400,8,null,0,1,3,8,8,"SCOTT OR NOT",42.506839999999997,1,-0.90637659999999998,1,0,"SCOTT OR NOT3","SCOTT OR NOT44413"]
["2021-08-05","WGL",400,8,null,8,2,4,1,1,"HARDAWAY ROCKET",42.944809999999997,1,-0.90637659999999998,0,0,"HARDAWAY ROCKET4","HARDAWAY ROCKET44413"]
["2021-08-05","WGL",400,8,null,0,1,4,2,2,"LONESOME BEE",42.371699999999997,1,-0.90637659999999998,1,0,"LONESOME BEE4","LONESOME BEE44413"]
["2021-08-05","WGL",400,8,null,3,13,4,3,3,"DR PERRY",42.698399999999999,1,-0.90637659999999998,0,0,"DR PERRY4","DR PERRY44413"]
["2021-08-05","WGL",400,8,null,7,5,4,4,4,"STRATOSPHERIC",42.741599999999998,1,-0.90637659999999998,0,0,"STRATOSPHERIC4","STRATOSPHERIC44413"]
["2021-08-05","WGL",400,8,null,6,6,4,5,5,"ELSWYK ROCKY",42.806080000000001,1,-0.90637659999999998,0,0,"ELSWYK ROCKY4","ELSWYK ROCKY44413"]
["2021-08-05","WGL",400,8,null,3,6,4,6,6,"GOOD BOY COLOMBO",42.966670000000001,1,-0.90637659999999998,0,0,"GOOD BOY COLOMBO4","GOOD BOY COLOMBO44413"]
["2021-08-05","WGL",400,8,null,10,3,4,7,7,"TIGERS ON FIRE",42.315959999999997,1,-0.90637659999999998,0,0,"TIGERS ON FIRE4","TIGERS ON FIRE44413"]
["2021-08-05","WGL",400,8,null,7,6,4,8,8,"LEG BURNER",42.926340000000003,1,-0.90637659999999998,0,0,"LEG BURNER4","LEG BURNER44413"]
["2021-08-05","WGL",460,8,null,7,4,5,1,1,"EVANLEE",27.643609999999999,1,-0.98537019999999997,0,0,"EVANLEE5","EVANLEE44413"]
["2021-08-05","WGL",460,8,null,7,6,5,3,3,"COALVILLE JEWEL",27.18627,1,-0.98537019999999997,0,0,"COALVILLE JEWEL5","COALVILLE JEWEL44413"]
["2021-08-05","WGL",460,8,null,14,5,5,4,4,"CAPTAIN WARRIOR",27.385899999999999,1,-0.98537019999999997,0,0,"CAPTAIN WARRIOR5","CAPTAIN WARRIOR44413"]
["2021-08-05","WGL",460,8,null,7,16,5,5,5,"HONEY DOUBLE ONE",27.487359999999999,1,-0.98537019999999997,0,0,"HONEY DOUBLE ONE5","HONEY DOUBLE ONE44413"]
["2021-08-05","WGL",460,8,null,6,4,5,6,6,"JUST A MINUTE",27.36871,1,-0.98537019999999997,0,0,"JUST A MINUTE5","JUST A MINUTE44413"]
["2021-08-05","WGL",460,8,null,14,5,5,7,7,"DUNDEE ZIRCON",27.59768,1,-0.98537019999999997,0,0,"DUNDEE ZIRCON5","DUNDEE ZIRCON44413"]
["2021-08-05","WGL",460,8,null,7,17,5,8,8,"BOMBERS TRAIN",27.286159999999999,1,-0.98537019999999997,0,0,"BOMBERS TRAIN5","BOMBERS TRAIN44413"]
["2021-08-05","WGL",460,8,null,6,8,5,9,2,"SUPERCOMPUTER",27.313300000000002,1,-0.98537019999999997,0,0,"SUPERCOMPUTER5","SUPERCOMPUTER44413"]
["2021-08-05","WGL",460,5,null,6,20,6,1,1,"INTER VINCE",27.089770000000001,1,-0.98537019999999997,0,0,"INTER VINCE6","INTER VINCE44413"]
["2021-08-05","WGL",460,5,null,7,6,6,2,2,"ZIPPY CUSTOMER",27.110900000000001,1,-0.98537019999999997,0,0,"ZIPPY CUSTOMER6","ZIPPY CUSTOMER44413"]
["2021-08-05","WGL",460,5,null,6,2,6,3,3,"SPEED LIMIT",27.402830000000002,1,-0.98537019999999997,0,0,"SPEED LIMIT6","SPEED LIMIT44413"]
["2021-08-05","WGL",460,5,null,9,27,6,4,4,"SYMBOL FOR YOU",27.023430000000001,1,-0.98537019999999997,0,0,"SYMBOL FOR YOU6","SYMBOL FOR YOU44413"]
["2021-08-05","WGL",460,5,null,6,9,6,5,5,"LADY LOCH",27.23227,1,-0.98537019999999997,0,0,"LADY LOCH6","LADY LOCH44413"]
["2021-08-05","WGL",460,5,null,30,2,6,7,7,"TAKING NOTES",27.918890000000001,1,-0.98537019999999997,0,0,"TAKING NOTES6","TAKING NOTES44413"]
["2021-08-05","WGL",460,5,null,7,5,6,8,8,"FANCY MIKADO",27.62555,1,-0.98537019999999997,0,0,"FANCY MIKADO6","FANCY MIKADO44413"]
["2021-08-05","WGL",400,5,null,5,16,7,1,1,"WILLOW ASH",43.677680000000002,1,-0.90637659999999998,0,0,"WILLOW ASH7","WILLOW ASH44413"]
["2021-08-05","WGL",400,5,null,7,22,7,2,2,"BIT OF PEPPER",43.123100000000001,1,-0.90637659999999998,0,0,"BIT OF PEPPER7","BIT OF PEPPER44413"]
["2021-08-05","WGL",400,5,null,7,17,7,3,3,"WILLOWS HAND",43.138640000000002,1,-0.90637659999999998,0,0,"WILLOWS HAND7","WILLOWS HAND44413"]
["2021-08-05","WGL",400,5,null,8,25,7,4,4,"ALWAYS PRIMED",43.232300000000002,1,-0.90637659999999998,0,0,"ALWAYS PRIMED7","ALWAYS PRIMED44413"]
["2021-08-05","WGL",400,5,null,10,29,7,5,5,"HURRICANE KEELY",42.864350000000002,1,-0.90637659999999998,0,0,"HURRICANE KEELY7","HURRICANE KEELY44413"]
["2021-08-05","WGL",400,5,null,3,30,7,6,6,"IRWIN BALE",43.005479999999999,1,-0.90637659999999998,0,0,"IRWIN BALE7","IRWIN BALE44413"]
["2021-08-05","WGL",400,5,null,5,38,7,7,7,"WHY NOT GIGI",43.481850000000001,1,-0.90637659999999998,0,0,"WHY NOT GIGI7","WHY NOT GIGI44413"]
["2021-08-05","WGL",400,5,null,10,39,7,8,8,"CALABRESE GINO",43.054169999999999,1,-0.90637659999999998,0,0,"CALABRESE GINO7","CALABRESE GINO44413"]
["2021-08-05","WGL",460,5,null,7,48,8,1,1,"OSCAR THE SCOUT",27.201080000000001,1,-0.98537019999999997,0,0,"OSCAR THE SCOUT8","OSCAR THE SCOUT44413"]
["2021-08-05","WGL",460,5,null,6,48,8,2,2,"ALMAPA SUNSHINE",27.164619999999999,1,-0.98537019999999997,0,0,"ALMAPA SUNSHINE8","ALMAPA SUNSHINE44413"]
["2021-08-05","WGL",460,5,null,3,14,8,3,3,"BARWIDGI",27.6921,1,-0.98537019999999997,0,0,"BARWIDGI8","BARWIDGI44413"]
["2021-08-05","WGL",460,5,null,6,4,8,4,4,"BETA DAYS AHEAD",27.51491,1,-0.98537019999999997,0,0,"BETA DAYS AHEAD8","BETA DAYS AHEAD44413"]
["2021-08-05","WGL",460,5,null,17,10,8,5,5,"SHE RULES",27.328109999999999,1,-0.98537019999999997,0,0,"SHE RULES8","SHE RULES44413"]
["2021-08-05","WGL",460,5,null,7,5,8,6,6,"ZIPPING QUOKKA",27.410879999999999,1,-0.98537019999999997,0,0,"ZIPPING QUOKKA8","ZIPPING QUOKKA44413"]
["2021-08-05","WGL",460,5,null,3,6,8,7,7,"LONG BLACK LASS",27.658639999999998,1,-0.98537019999999997,0,0,"LONG BLACK LASS8","LONG BLACK LASS44413"]
["2021-08-05","WGL",460,5,null,7,8,8,8,8,"NAGA VIPER",27.315639999999998,1,-0.98537019999999997,0,0,"NAGA VIPER8","NAGA VIPER44413"]
["2021-08-05","WGL",400,5,null,11,7,9,1,1,"DUNDEE CANDY",42.665669999999999,1,-0.90637659999999998,0,0,"DUNDEE CANDY9","DUNDEE CANDY44413"]
["2021-08-05","WGL",400,5,null,7,12,9,2,2,"BROKEN BOOTS",42.527790000000003,1,-0.90637659999999998,0,0,"BROKEN BOOTS9","BROKEN BOOTS44413"]
["2021-08-05","WGL",400,5,null,6,3,9,3,3,"MECHANICS KISMET",42.999020000000002,1,-0.90637659999999998,0,0,"MECHANICS KISMET9","MECHANICS KISMET44413"]
["2021-08-05","WGL",400,5,null,6,16,9,4,4,"REV THE JOCKEY",41.915999999999997,1,-0.90637659999999998,0,0,"REV THE JOCKEY9","REV THE JOCKEY44413"]
["2021-08-05","WGL",400,5,null,7,5,9,5,5,"SHANGO RUN",42.850230000000003,1,-0.90637659999999998,0,0,"SHANGO RUN9","SHANGO RUN44413"]
["2021-08-05","WGL",400,5,null,10,32,9,6,6,"MIGHTY TUSCANY",42.221040000000002,1,-0.90637659999999998,0,0,"MIGHTY TUSCANY9","MIGHTY TUSCANY44413"]
["2021-08-05","WGL",400,5,null,5,5,9,7,7,"POTATO SUNRISE",42.383200000000002,1,-0.90637659999999998,0,0,"POTATO SUNRISE9","POTATO SUNRISE44413"]
["2021-08-05","WGL",400,5,null,4,6,9,8,8,"HEAVENS TOWER",42.59243,1,-0.90637659999999998,0,0,"HEAVENS TOWER9","HEAVENS TOWER44413"]
["2021-08-05","WGL",400,5,null,7,17,10,1,1,"LOVE A COLLISION",42.817399999999999,1,-0.90637659999999998,0,0,"LOVE A COLLISION10","LOVE A COLLISION44413"]
["2021-08-05","WGL",400,5,null,17,57,10,2,2,"FLASH SPOLLY",42.798020000000001,1,-0.90637659999999998,0,0,"FLASH SPOLLY10","FLASH SPOLLY44413"]
["2021-08-05","WGL",400,5,null,5,86,10,3,3,"TAKE A ROSE",42.942709999999998,1,-0.90637659999999998,0,0,"TAKE A ROSE10","TAKE A ROSE44413"]
["2021-08-05","WGL",400,5,null,7,20,10,4,4,"FRECKLES BROWN",42.641820000000003,1,-0.90637659999999998,0,0,"FRECKLES BROWN10","FRECKLES BROWN44413"]
["2021-08-05","WGL",400,5,null,3,24,10,7,7,"HURRICANE MIAMI",42.626849999999997,1,-0.90637659999999998,0,0,"HURRICANE MIAMI10","HURRICANE MIAMI44413"]
["2021-08-05","WGL",400,5,null,7,24,10,8,8,"METRO BOOMIN",42.817250000000001,1,-0.90637659999999998,0,0,"METRO BOOMIN10","METRO BOOMIN44413"]
["2021-08-05","WGL",400,5,null,7,6,10,9,6,"HIGH PRIORITY",42.973979999999997,1,-0.90637659999999998,0,0,"HIGH PRIORITY10","HIGH PRIORITY44413"]
["2021-08-05","WGL",400,5,null,7,17,10,10,5,"SHADY TALKS",42.71949,1,-0.90637659999999998,0,0,"SHADY TALKS10","SHADY TALKS44413"]
["2021-08-05","WGL",400,5,null,7,7,11,1,1,"EILISHS DREAM",42.659649999999999,1,-0.90637659999999998,0,0,"EILISHS DREAM11","EILISHS DREAM44413"]
["2021-08-05","WGL",400,5,null,3,12,11,2,2,"STANLEY BOY",42.727519999999998,1,-0.90637659999999998,0,0,"STANLEY BOY11","STANLEY BOY44413"]
["2021-08-05","WGL",400,5,"L DAVIS",7,93,11,3,3,"PILOT PETE",42.576160000000002,1,-0.90637659999999998,0,0,"PILOT PETE11","PILOT PETE44413"]
["2021-08-05","WGL",400,5,null,7,44,11,4,4,"BAG OF TRICKS",42.939309999999999,1,-0.90637659999999998,0,0,"BAG OF TRICKS11","BAG OF TRICKS44413"]
["2021-08-05","WGL",400,5,"P POLLUTRO",7,126,11,5,5,"FOURTH DIMENTION",42.282490000000003,1,-0.90637659999999998,0,0,"FOURTH DIMENTION11","FOURTH DIMENTION44413"]
["2021-08-05","WGL",400,5,null,10,72,11,6,6,"WHY NOT GAZZA",42.641950000000001,1,-0.90637659999999998,0,0,"WHY NOT GAZZA11","WHY NOT GAZZA44413"]
["2021-08-05","WGL",400,5,null,217,58,11,7,7,"DIAMA MISS",42.193959999999997,1,-0.90637659999999998,0,0,"DIAMA MISS11","DIAMA MISS44413"]
["2021-08-05","WGL",400,5,null,4,55,11,8,8,"SPEED DEMON",42.912770000000002,1,-0.90637659999999998,0,0,"SPEED DEMON11","SPEED DEMON44413"]
["2021-08-05","WGL",400,5,null,7,28,12,1,1,"CROUCHING TIGER",42.652180000000001,1,-0.90637659999999998,0,0,"CROUCHING TIGER12","CROUCHING TIGER44413"]
["2021-08-05","WGL",400,5,null,9,36,12,2,2,"RUN TO YOU",42.372979999999998,1,-0.90637659999999998,0,0,"RUN TO YOU12","RUN TO YOU44413"]
["2021-08-05","WGL",400,5,"M CARR",10,91,12,3,3,"PRINCESS AMERICA",42.605710000000002,1,-0.90637659999999998,0,0,"PRINCESS AMERICA12","PRINCESS AMERICA44413"]
["2021-08-05","WGL",400,5,"A ANDREWS",7,59,12,4,4,"JUST BURNING",42.393320000000003,1,-0.90637659999999998,0,0,"JUST BURNING12","JUST BURNING44413"]
["2021-08-05","WGL",400,5,"T PRICE",7,67,12,5,5,"CEE ME SNOOP",42.375959999999999,1,-0.90637659999999998,0,0,"CEE ME SNOOP12","CEE ME SNOOP44413"]
["2021-08-05","WGL",400,5,null,7,11,12,6,6,"BLUE CASCADE",42.66301,1,-0.90637659999999998,0,0,"BLUE CASCADE12","BLUE CASCADE44413"]
["2021-08-05","WGL",400,5,null,10,65,12,7,7,"WHY NOT POCKETS",42.352519999999998,1,-0.90637659999999998,0,0,"WHY NOT POCKETS12","WHY NOT POCKETS44413"]
["2021-08-05","WGL",400,5,null,7,16,12,8,8,"CAPTAIN GOLDIE",42.470829999999999,1,-0.90637659999999998,0,0,"CAPTAIN GOLDIE12","CAPTAIN GOLDIE44413"]

{"sheet":"past_races","index":8,"n_rows":185,"n_cols":18,"rows_kept":185,"cut":false,"hidden":false,"merged":[]}
["Casino R1 300m","ULS","UL","MLO","Back","Lay","MBO","UB","UBS","Matched","BF","Public","LS","L","Fair Odds","B","BS","P/L"]
["1. Blazing Bonus",null,null,13.5,14,15.5,24,null,null,559,13.19,8.5,null,null,17.032641596727359,null,null,0]
["2. Kiss Biscuit",null,null,6.6,7,7.6,11,null,null,2067.75,7.13,6.5,null,null,8.2327911526839852,null,null,0]
["3. Wilgunya Scott",null,null,110,70,120,1000,null,null,54.97,95.48,71,null,null,143.36940068152245,null,null,0]
["4. Stacked Deck",null,null,4.4000000000000004,5.7,5.9,6.8,null,null,1268.3900000000001,5.79,4.2,null,null,5.4611243626956512,null,null,0]
["5. Business First",null,null,42,38,48,1000,null,null,81.93,43.73,26,null,null,52.943874784236321,null,null,0]
["6. Skylahs Misfit",null,null,27,32,38,55,null,null,166.88,29.48,17,null,null,33.252177030728092,null,null,0]
["7. In The Thirties",null,null,75,30,36,1000,null,null,229.19,31.87,21,null,null,93.63464517354349,null,null,0]
["8. Star One",null,null,1.43,1.91,1.95,1.88,null,null,15942.4,1.93,1.8,null,null,1.7540927080808499,null,null,0]
[]
[]
[]
[]
[]
[]
[]
[]
[]
[]
[]
[]
[]
[]
[]
[]
[]
[]
[]
[]
[]
[]
[]
[]
[]
[]
[]
[]
["Mount Gambier R2 400m","ULS","UL","MLO","Back","Lay","MBO","UB","UBS","Matched","BF","Public","LS","L","Fair Odds","B","BS","P/L"]
["1. Troublesome Fury",null,null,42,65,100,1000,1000,1,90.02,56.45,51,null,null,52.139498947890615,75,2,140]
["2. Santino Gold",24,2.06,2.06,2.3199999999999998,2.38,2.82,null,null,13442.83,2.17,2.1,null,null,2.5145369719174107,null,null,-10]
["6. Pulya",null,null,1.58,2,2.04,2.1,2.1800000000000002,24,12546.25,2.15,1.9,null,null,1.9352797986423456,null,null,-10]
["8. Memphis Fury",5,12,12,14,14.5,21,18,4,1146.5899999999999,16.25,11,null,null,15.057519001643627,18.223750000000003,8,135.80000000000001]
[]
[]
[]
[]
[]
[]
[]
[]
[]
[]
[]
[]
[]
[]
[]
[]
[]
[]
[]
[]
[]
[]
[]
[]
[]
[]
[]
[]
["Shepparton R6 450m","ULS","UL","MLO","Back","Lay","MBO","UB","UBS","Matched","BF","Public","LS","L","Fair Odds","B","BS","P/L"]
["1. Barbados Dream",1,80,80,80,100,1000,1000,1,80.099999999999994,94.2,61,2,90,102.88248640963513,null,null,-144.24]
["2. Lexs Delight",3,25,25,32,36,48,48,2,161.33000000000001,33.03,19,null,null,31.466130240145347,38,0.84,67.680000000000007]
["3. Why Delila",10,4.8,4.8,5.4,5.6,7.4,7.4,8,1527.52,5.44,5,null,null,5.8966353611949778,null,null,35.76]
["4. Palace Lady",null,null,2.98,3.75,4,4.3,4.3,13,6623.69,3.72,2.9,16,3.05,3.6467055412211451,null,null,-13.04]
["5. Crackerjack Nev",5,10.5,10.5,11.5,12,18,null,null,965.69,10.94,9.5,22.2,10.318018018018018,13.044272548200464,null,null,-193.3]
["6. New Samsation",5,9.8000000000000007,10.5,18,20,17.5,19,3,672.06,16.18,11,null,null,12.816508714299044,17.624859392575924,8.89,192.45]
["7. Grey Not Blue",15,3.3,3.3,3.95,4.0999999999999996,4.9000000000000004,4.9000000000000004,10.29,3849.32,4.18,3.7,null,null,4.0636547133091536,4.8999999999999995,1.71,44.14]
["8. Emergency",7,7,7,7.8,8,11.5,12,5,888.75,7.9,7,7,7.4,8.7779855760761265,null,null,-16.04]
[]
[]
[]
[]
[]
[]
[]
[]
[]
[]
[]
[]
[]
[]
[]
[]
[]
[]
[]
[]
[]
[]
[]
[]
[]
[]
[]
[]
["Mount Gambier R5 400m","ULS","UL","MLO","Back","Lay","MBO","UB","UBS","Matched","BF","Public","LS","L","Fair Odds","B","BS","P/L"]
["1. Spicey Jill",2,34,34,34,42,1000,1000,1,344.74,35.840000000000003,34,4,38,43.780094657285986,null,null,-239.71]
["3. Big Cadillac",null,null,17.5,22,24,32,null,null,607.41,18.47,16,null,null,21.489517098473101,23.90909090909091,11,175.29]
["4. Bungaloo Ash",null,null,23,36,42,44,44,1.99,283.93,43.02,21,null,null,28.387192017187118,54.890243902439025,0.82,-42.7]
["6. Big Fellow",null,null,1.22,1.63,1.65,1.58,null,null,13013.3,1.74,1.55,null,null,1.4968161929865,1.6075000000000004,148,150.19999999999999]
["7. Magic Burner",null,null,5.9,4.4000000000000004,4.5999999999999996,9.1999999999999993,null,null,2122.7600000000002,4.4000000000000004,4,68.11,4.3972250770811927,7.207861644174911,null,null,-387.2]
["8. Rip Tear",null,null,9.1999999999999993,13,14,15.5,15.5,4,507.74,13.41,7.5,null,null,11.289868145450791,null,null,-87.71]
[]
[]
[]
[]
[]
[]
[]
[]
[]
[]
[]
[]
[]
[]
[]
[]
[]
[]
[]
[]
[]
[]
[]
[]
[]
[]
[]
[]
["Casino R6 411m","ULS","UL","MLO","Back","Lay","MBO","UB","UBS","Matched","BF","Public","LS","L","Fair Odds","B","BS","P/L"]
["1. Summer Breeze",null,null,1.6,1.58,1.6,2.14,null,null,24197.1,1.6,1.55,194,1.5987113402061854,1.9585151193943993,null,null,-151.74]
["2. Clover Returns",3,17.5,17.5,17.5,18.5,32,null,null,636.95000000000005,16.62,13,7.41,18.70242914979757,21.90492710779391,null,null,19.829999999999998]
["3. Iron Pony",null,null,42,65,90,1000,1000,1,235.34,63.28,34,null,null,51.340401082478841,null,null,158.41]
["4. Wilgunya Boy",1,60,70,90,130,1000,1000,1,53.64,107.16,61,null,null,86.222004066995439,null,null,158.41]
["5. Stormy Paradise",null,null,140,150,160,1000,1000,1,108.81,157.57,101,2,165,177.8506556585331,null,null,-171.59]
["6. Four More Guy",5,11,11,13,13.5,19.5,19.5,4,1222.6600000000001,13.06,11,10,12.547999999999998,13.922204226704935,null,null,32.93]
["7. Slingshot Pete",null,null,4.5999999999999996,8.8000000000000007,9.1999999999999993,7,null,null,1965.04,8.73,6.5,null,null,5.6437785125530082,8.3073333333333341,30,407.63]
["8. Charlie Valley",null,null,5.0999999999999996,9.8000000000000007,10.5,8,null,null,1023.45,9.83,5.5,null,null,6.3273197078160468,10.119999999999999,25,411.41]
[]
[]
[]
[]
[]
[]
[]
[]
[]
[]
[]
[]
[]
[]
[]
[]
[]
[]
[]
[]
[]
[]
[]
[]
[]
[]
[]
[]
["Mount Gambier R8 512m","ULS","UL","MLO","Back","Lay","MBO","UB","UBS","Matched","BF","Public","LS","L","Fair Odds","B","BS","P/L"]
["1. Shady Past",null,null,1.07,1.32,1.33,1.36,null,null,8006.34,1.3,1.25,null,null,1.3087424787075308,null,null,0]
["2. Amorphous Fire",null,null,20,12.5,14,36,null,null,62.11,13.97,13,null,null,24.439297543857379,null,null,0]
["3. See Me Socks",null,null,23,26,36,44,null,null,13.02,34.43,17,null,null,28.921108601640043,null,null,0]
["7. Bungaloo Sarah",null,null,85,85,400,1000,null,null,4.18,96.59,61,null,null,106.14545093695483,null,null,0]
["8. Golden Lester",null,null,5.4,7,8.6,8.4,null,null,427.61,7,4.2,null,null,6.622859704284509,null,null,0]

{"sheet":"bet_log","index":9,"n_rows":1,"n_cols":19,"rows_kept":1,"cut":false,"hidden":false,"merged":[]}
["ref","selection","stake","odds","matched","type","date","location","race","market_eff","ttj","p/l","amp","rating","public","fair_odds","filter","dist","udi"]

{"sheet":"bf_data","index":10,"n_rows":81,"n_cols":28,"rows_kept":81,"cut":false,"hidden":false,"merged":[]}
["udi","b_3_odds","b_2_odds","b_1_odds","l_1_odds","l_2_odds","l_3_odds","b_3_vol","b_2_vol","b_1_vol","l_1_vol","l_2_vol","l_3_vol","matched","lpt","amp","tab","ubet","t/o","t/o","ttj","uri","runner","lay_matched","lay_odds","back_matched","back_odds","profit_loss"]
["SHADY PAST44413",1.28,1.32,1.34,1.54,1.55,1.58,108,585,94,205,1990,13,197.52,1.36,1.45,1.35,1.35,1.4059999999999999,1.4059999999999999,600,"Mount Gambier-8-44413","1. Shady Past",0,"",0,"",0]
["AMORPHOUS FIRE44413",9,9.1999999999999993,10,15,24,32,23,5,5,50,9,8,0,0,0,10,10,18.797000000000001,18.797000000000001,600,"Mount Gambier-8-44413","2. Amorphous Fire",0,"",0,"",0]
["SEE ME SOCKS44413",9.4,10.5,11,32,46,95,12,19,27,9,5,6,0,0,0,13,13,22.114999999999998,22.114999999999998,600,"Mount Gambier-8-44413","3. See Me Socks",0,"",0,"",0]
["BUNGALOO SARAH44413",32,36,38,250,310,900,5,20,7,5,5,8,0,0,0,41,41,71.474000000000004,71.474000000000004,600,"Mount Gambier-8-44413","7. Bungaloo Sarah",0,"",0,"",0]
["GOLDEN LESTER44413",5.0999999999999996,5.4,5.6,8.6,8.8000000000000007,9.8000000000000007,11,12,12,20,31,27,234.01,7.8,5.59,3.6,3.6,5.6669999999999998,5.6669999999999998,600,"Mount Gambier-8-44413","8. Golden Lester",0,"",0,"",0]
["SHADY PAST44413",1.28,1.32,1.34,1.53,1.54,1.55,108,585,94,34,205,1990,197.52,1.36,1.45,1.33,1.33,1.387,1.387,599,"Mount Gambier-8-44413","1. Shady Past",0,"",0,"",0]
["AMORPHOUS FIRE44413",9,9.1999999999999993,10,15,24,32,23,5,5,50,9,8,0,0,0,11,11,20.669,20.669,599,"Mount Gambier-8-44413","2. Amorphous Fire",0,"",0,"",0]
["SEE ME SOCKS44413",9.4,10.5,11,32,46,95,12,19,27,9,5,6,0,0,0,13,13,22.138000000000002,22.138000000000002,599,"Mount Gambier-8-44413","3. See Me Socks",0,"",0,"",0]
["BUNGALOO SARAH44413",32,36,38,250,310,900,5,20,7,5,5,8,0,0,0,41,41,71.55,71.55,599,"Mount Gambier-8-44413","7. Bungaloo Sarah",0,"",0,"",0]
["GOLDEN LESTER44413",5.0999999999999996,5.4,5.6,8.6,8.8000000000000007,9.8000000000000007,11,12,12,20,31,27,234.01,7.8,5.59,3.7,3.7,5.8280000000000003,5.8280000000000003,599,"Mount Gambier-8-44413","8. Golden Lester",0,"",0,"",0]
["SHADY PAST44413",1.29,1.32,1.34,1.5,1.51,1.52,16,1214,91,35,205,46,226.65,1.35,1.43,1.33,1.33,1.387,1.387,578,"Mount Gambier-8-44413","1. Shady Past",0,"",0,"",0]
["AMORPHOUS FIRE44413",8.8000000000000007,9,11,14.5,15,22,40,66,7,5,50,5,0,0,0,11,11,20.669,20.669,578,"Mount Gambier-8-44413","2. Amorphous Fire",0,"",0,"",0]
["SEE ME SOCKS44413",11,11.5,12.5,34,46,75,35,11,6,9,5,9,0,0,0,13,13,22.138000000000002,22.138000000000002,578,"Mount Gambier-8-44413","3. See Me Socks",0,"",0,"",0]
["BUNGALOO SARAH44413",23,30,32,250,310,900,17,13,9,7,5,8,0,0,0,41,41,71.55,71.55,578,"Mount Gambier-8-44413","7. Bungaloo Sarah",0,"",0,"",0]
["GOLDEN LESTER44413",4.4000000000000004,5.8,6,8.6,8.8000000000000007,9.8000000000000007,11,8,6,22,31,27,234.01,7.8,5.59,3.7,3.7,5.8280000000000003,5.8280000000000003,578,"Mount Gambier-8-44413","8. Golden Lester",0,"",0,"",0]
["SHADY PAST44413",1.27,1.28,1.29,1.36,1.41,1.44,1441,116,62,64,5,6,2625.2,1.29,1.31,1.33,1.33,1.387,1.387,557,"Mount Gambier-8-44413","1. Shady Past",0,"",0,"",0]
["AMORPHOUS FIRE44413",9.8000000000000007,10,10.5,14.5,15,29,44,9,9,8,50,9,1.08,14.5,14.5,11,11,20.669,20.669,557,"Mount Gambier-8-44413","2. Amorphous Fire",0,"",0,"",0]
["SEE ME SOCKS44413",12,13,14.5,60,65,75,5,6,9,8,5,8,0.54,29,29,13,13,22.138000000000002,22.138000000000002,557,"Mount Gambier-8-44413","3. See Me Socks",0,"",0,"",0]
["BUNGALOO SARAH44413",32,36,40,260,350,900,5,22,9,5,9,10,0.09,170,170,41,41,71.55,71.55,557,"Mount Gambier-8-44413","7. Bungaloo Sarah",0,"",0,"",0]
["GOLDEN LESTER44413",5.8,5.9,6.2,9.1999999999999993,9.4,11,5,10,15,5,29,24,238.13,8.6,5.64,3.7,3.7,5.8280000000000003,5.8280000000000003,557,"Mount Gambier-8-44413","8. Golden Lester",0,"",0,"",0]
["SHADY PAST44413",1.31,1.32,1.33,1.35,1.36,1.37,5,51,98,39,80,64,2625.2,1.29,1.31,1.33,1.33,1.387,1.387,536,"Mount Gambier-8-44413","1. Shady Past",0,"",0,"",0]
["AMORPHOUS FIRE44413",11,11.5,12,15,22,24,5,5,10,59,5,5,1.08,14.5,14.5,11,11,20.669,20.669,536,"Mount Gambier-8-44413","2. Amorphous Fire",0,"",0,"",0]
["SEE ME SOCKS44413",15.5,18,20,34,38,60,5,9,9,6,9,8,0.54,29,29,13,13,22.138000000000002,22.138000000000002,536,"Mount Gambier-8-44413","3. See Me Socks",0,"",0,"",0]
["BUNGALOO SARAH44413",30,36,48,250,350,900,13,23,9,8,6,10,0.09,170,170,41,41,71.55,71.55,536,"Mount Gambier-8-44413","7. Bungaloo Sarah",0,"",0,"",0]
["GOLDEN LESTER44413",6.6,6.8,7,8.4,9.1999999999999993,9.4,18,6,16,11,9,34,248.55,6.8,5.69,3.7,3.7,5.8280000000000003,5.8280000000000003,536,"Mount Gambier-8-44413","8. Golden Lester",0,"",0,"",0]
["SHADY PAST44413",1.31,1.32,1.33,1.35,1.36,1.37,20,118,20,70,29,64,3556.23,1.33,1.31,1.3,1.3,1.367,1.367,515,"Mount Gambier-8-44413","1. Shady Past",0,"",0,"",0]
["AMORPHOUS FIRE44413",11,12,12.5,15,21,24,10,7,5,59,5,5,1.08,14.5,14.5,12,12,22.699000000000002,22.699000000000002,515,"Mount Gambier-8-44413","2. Amorphous Fire",0,"",0,"",0]
["SEE ME SOCKS44413",15.5,20,22,34,38,55,7,5,8,5,9,14,0.54,29,29,13,13,22.315000000000001,22.315000000000001,515,"Mount Gambier-8-44413","3. See Me Socks",0,"",0,"",0]
["BUNGALOO SARAH44413",30,36,55,240,250,340,13,24,9,5,5,5,0.09,170,170,41,41,72.12,72.12,515,"Mount Gambier-8-44413","7. Bungaloo Sarah",0,"",0,"",0]
["GOLDEN LESTER44413",6.4,6.8,7.2,8.6,9.4,10.5,14,23,5,9,34,15,248.55,6.8,5.69,3.8,3.8,6.0309999999999997,6.0309999999999997,515,"Mount Gambier-8-44413","8. Golden Lester",0,"",0,"",0]
["SHADY PAST44413",1.27,1.28,1.29,1.31,1.32,1.33,37,36,36,51,18,83,3846.77,1.32,1.31,1.3,1.3,1.367,1.367,493.99999999999994,"Mount Gambier-8-44413","1. Shady Past",0,"",0,"",0]
["AMORPHOUS FIRE44413",11,12,12.5,14.5,15,21,15,7,9,5,55,5,1.08,14.5,14.5,12,12,22.699000000000002,22.699000000000002,493.99999999999994,"Mount Gambier-8-44413","2. Amorphous Fire",0,"",0,"",0]
["SEE ME SOCKS44413",22,23,24,55,70,90,8,5,9,9,7,10,0.54,29,29,13,13,22.315000000000001,22.315000000000001,493.99999999999994,"Mount Gambier-8-44413","3. See Me Socks",0,"",0,"",0]
["BUNGALOO SARAH44413",36,60,65,250,300,360,20,9,5,7,5,5,0.09,170,170,41,41,72.12,72.12,493.99999999999994,"Mount Gambier-8-44413","7. Bungaloo Sarah",0,"",0,"",0]
["GOLDEN LESTER44413",6.6,7.2,7.6,9.4,10.5,11,13,10,7,33,7,28,257.5,8.1999999999999993,5.77,3.8,3.8,6.0309999999999997,6.0309999999999997,493.99999999999994,"Mount Gambier-8-44413","8. Golden Lester",0,"",0,"",0]
["SHADY PAST44413",1.26,1.27,1.28,1.29,1.3,1.31,36,37,36,8,61,16,3991.31,1.29,1.31,1.3,1.3,1.367,1.367,473,"Mount Gambier-8-44413","1. Shady Past",0,"",0,"",0]
["AMORPHOUS FIRE44413",11,12,12.5,14.5,15,21,16,7,13,5,55,9,1.08,14.5,14.5,12,12,22.699000000000002,22.699000000000002,473,"Mount Gambier-8-44413","2. Amorphous Fire",0,"",0,"",0]
["SEE ME SOCKS44413",26,29,32,65,90,140,5,9,5,10,14,5,0.54,29,29,13,13,22.315000000000001,22.315000000000001,473,"Mount Gambier-8-44413","3. See Me Socks",0,"",0,"",0]
["BUNGALOO SARAH44413",36,60,75,250,300,360,21,8,7,5,5,5,0.09,170,170,41,41,72.12,72.12,473,"Mount Gambier-8-44413","7. Bungaloo Sarah",0,"",0,"",0]
["GOLDEN LESTER44413",7,7.2,7.4,8.8000000000000007,9,9.1999999999999993,9,11,5,9,6,14,282.14999999999998,7.4,5.93,3.8,3.8,6.0309999999999997,6.0309999999999997,473,"Mount Gambier-8-44413","8. Golden Lester",0,"",0,"",0]
["SHADY PAST44413",1.26,1.27,1.28,1.3,1.31,1.32,36,37,36,61,27,80,3991.31,1.29,1.31,1.28,1.28,1.335,1.335,452,"Mount Gambier-8-44413","1. Shady Past",0,"",0,"",0]
["AMORPHOUS FIRE44413",11,12,12.5,14.5,15,21,15,7,14,5,55,9,1.08,14.5,14.5,13,13,24.344999999999999,24.344999999999999,452,"Mount Gambier-8-44413","2. Amorphous Fire",0,"",0,"",0]
["SEE ME SOCKS44413",22,24,36,60,65,90,5,6,10,5,8,13,0.54,29,29,15,15,25.466999999999999,25.466999999999999,452,"Mount Gambier-8-44413","3. See Me Socks",0,"",0,"",0]
["BUNGALOO SARAH44413",30,36,85,250,330,410,16,20,5,8,6,5,0.09,170,170,51,51,88.634,88.634,452,"Mount Gambier-8-44413","7. Bungaloo Sarah",0,"",0,"",0]
["GOLDEN LESTER44413",6.6,7,7.2,8.6,9,9.1999999999999993,6,10,11,5,11,5,282.14999999999998,7.4,5.93,4,4,6.2880000000000003,6.2880000000000003,452,"Mount Gambier-8-44413","8. Golden Lester",0,"",0,"",0]
["SHADY PAST44413",1.24,1.25,1.26,1.27,1.28,1.29,106,1672,76,419,64,12,4252.7,1.27,1.31,1.28,1.28,1.335,1.335,431,"Mount Gambier-8-44413","1. Shady Past",0,"",0,"",0]
["AMORPHOUS FIRE44413",12.5,13,13.5,15,15.5,22,25,7,16,61,6,9,1.08,14.5,14.5,13,13,24.344999999999999,24.344999999999999,431,"Mount Gambier-8-44413","2. Amorphous Fire",0,"",0,"",0]
["SEE ME SOCKS44413",23,25,30,55,65,120,8,12,12,6,12,11,4.34,42,40.380000000000003,15,15,25.466999999999999,25.466999999999999,431,"Mount Gambier-8-44413","3. See Me Socks",0,"",0,"",0]
["BUNGALOO SARAH44413",55,65,75,230,300,400,5,6,5,5,5,6,0.09,170,170,51,51,88.634,88.634,431,"Mount Gambier-8-44413","7. Bungaloo Sarah",0,"",0,"",0]
["GOLDEN LESTER44413",7.8,8,8.1999999999999993,9,9.8000000000000007,11,8,67,11,6,37,5,302.05,8.4,6.09,4,4,6.2880000000000003,6.2880000000000003,431,"Mount Gambier-8-44413","8. Golden Lester",0,"",0,"",0]
["SHADY PAST44413",1.25,1.26,1.27,1.29,1.3,1.31,117,155,107,520,86,36,4358.3500000000004,1.28,1.31,1.28,1.28,1.335,1.335,410,"Mount Gambier-8-44413","1. Shady Past",0,"",0,"",0]
["AMORPHOUS FIRE44413",12.5,13,13.5,15,15.5,22,13,12,15,61,6,11,4.99,14,14.11,13,13,24.344999999999999,24.344999999999999,410,"Mount Gambier-8-44413","2. Amorphous Fire",0,"",0,"",0]
["SEE ME SOCKS44413",23,24,32,55,65,90,6,9,7,8,7,8,4.34,42,40.380000000000003,15,15,25.466999999999999,25.466999999999999,410,"Mount Gambier-8-44413","3. See Me Socks",0,"",0,"",0]
["BUNGALOO SARAH44413",42,48,85,230,400,900,15,5,9,5,8,6,0.09,170,170,51,51,88.634,88.634,410,"Mount Gambier-8-44413","7. Bungaloo Sarah",0,"",0,"",0]
["GOLDEN LESTER44413",7.4,7.8,8,9,10,10.5,17,11,5,6,9,8,302.05,8.4,6.09,4,4,6.2880000000000003,6.2880000000000003,410,"Mount Gambier-8-44413","8. Golden Lester",0,"",0,"",0]
["SHADY PAST44413",1.22,1.24,1.25,1.27,1.28,1.29,45,101,77,129,46,282,5559.11,1.27,1.31,1.28,1.28,1.335,1.335,389,"Mount Gambier-8-44413","1. Shady Past",0,"",0,"",0]
["AMORPHOUS FIRE44413",12.5,13,13.5,14.5,15,15.5,13,12,12,6,53,9,34.01,15,14.11,13,13,24.344999999999999,24.344999999999999,389,"Mount Gambier-8-44413","2. Amorphous Fire",0,"",0,"",0]
["SEE ME SOCKS44413",23,26,34,55,65,90,8,6,6,14,7,8,4.34,42,40.380000000000003,15,15,25.466999999999999,25.466999999999999,389,"Mount Gambier-8-44413","3. See Me Socks",0,"",0,"",0]
["BUNGALOO SARAH44413",42,90,95,230,400,900,16,5,5,5,8,6,0.09,170,170,51,51,88.634,88.634,389,"Mount Gambier-8-44413","7. Bungaloo Sarah",0,"",0,"",0]
["GOLDEN LESTER44413",8,8.1999999999999993,8.4,11,11.5,12,12,31,12,8,5,7,332.38,10,6.09,4,4,6.2880000000000003,6.2880000000000003,389,"Mount Gambier-8-44413","8. Golden Lester",0,"",0,"",0]
["SHADY PAST44413",1.24,1.25,1.26,1.27,1.28,1.29,117,48,21,111,88,362,5976.7,1.26,1.3,1.28,1.28,1.335,1.335,368,"Mount Gambier-8-44413","1. Shady Past",0,"",0,"",0]
["AMORPHOUS FIRE44413",12.5,13,13.5,14.5,15,15.5,13,18,14,6,53,9,34.01,15,14.68,13,13,24.344999999999999,24.344999999999999,368,"Mount Gambier-8-44413","2. Amorphous Fire",0,"",0,"",0]
["SEE ME SOCKS44413",23,24,34,48,50,65,7,9,6,5,5,7,4.34,42,40.380000000000003,15,15,25.466999999999999,25.466999999999999,368,"Mount Gambier-8-44413","3. See Me Socks",0,"",0,"",0]
["BUNGALOO SARAH44413",40,42,95,230,370,400,9,15,9,5,5,5,0.09,170,170,51,51,88.634,88.634,368,"Mount Gambier-8-44413","7. Bungaloo Sarah",0,"",0,"",0]
["GOLDEN LESTER44413",8.8000000000000007,9,9.1999999999999993,10.5,11.5,12,8,9,14,6,33,11,398.46,9.1999999999999993,6.84,4,4,6.2880000000000003,6.2880000000000003,368,"Mount Gambier-8-44413","8. Golden Lester",0,"",0,"",0]
["SHADY PAST44413",1.25,1.26,1.27,1.29,1.3,1.31,75,115,46,82,83,69,6971.1,1.29,1.3,1.25,1.25,1.3089999999999999,1.3089999999999999,347,"Mount Gambier-8-44413","1. Shady Past",0,"",0,"",0]
["AMORPHOUS FIRE44413",12,12.5,13,14,14.5,15,9,13,20,7,6,53,41.66,13,14.45,13,13,24.439,24.439,347,"Mount Gambier-8-44413","2. Amorphous Fire",0,"",0,"",0]
["SEE ME SOCKS44413",19,23,30,44,48,55,6,8,6,11,5,8,8.33,30,36.92,17,17,28.920999999999999,28.920999999999999,347,"Mount Gambier-8-44413","3. See Me Socks",0,"",0,"",0]
["BUNGALOO SARAH44413",40,42,95,300,310,830,9,15,8,5,5,6,2.61,95,100.53,61,61,106.145,106.145,347,"Mount Gambier-8-44413","7. Bungaloo Sarah",0,"",0,"",0]
["GOLDEN LESTER44413",8,8.4,8.8000000000000007,10.5,11,11.5,13,9,5,6,16,28,408.87,9.1999999999999993,6.9,4.2,4.2,6.6230000000000002,6.6230000000000002,347,"Mount Gambier-8-44413","8. Golden Lester",0,"",0,"",0]
["SHADY PAST44413",1.25,1.26,1.27,1.29,1.3,1.31,75,118,31,178,129,67,7081.09,1.29,1.3,1.25,1.25,1.3089999999999999,1.3089999999999999,326,"Mount Gambier-8-44413","1. Shady Past",0,"",0,"",0]
["AMORPHOUS FIRE44413",12,12.5,13,14,14.5,15,9,13,22,7,6,53,41.66,13,14.45,13,13,24.439,24.439,326,"Mount Gambier-8-44413","2. Amorphous Fire",0,"",0,"",0]
["SEE ME SOCKS44413",19,23,30,42,46,55,6,8,6,9,9,5,8.33,30,36.92,17,17,28.920999999999999,28.920999999999999,326,"Mount Gambier-8-44413","3. See Me Socks",0,"",0,"",0]
["BUNGALOO SARAH44413",42,75,85,880,890,900,17,5,5,5,5,6,2.61,95,100.53,61,61,106.145,106.145,326,"Mount Gambier-8-44413","7. Bungaloo Sarah",0,"",0,"",0]
["GOLDEN LESTER44413",8.6,9,9.1999999999999993,10.5,11,11.5,5,6,7,6,12,8,412.07,9.1999999999999993,6.92,4.2,4.2,6.6230000000000002,6.6230000000000002,326,"Mount Gambier-8-44413","8. Golden Lester",0,"",0,"",0]
["SHADY PAST44413",1.3,1.31,1.32,1.35,1.39,1.4,55,94,27,69,113,42,8006.34,1.32,1.3,1.25,1.25,1.3089999999999999,1.3089999999999999,305,"Mount Gambier-8-44413","1. Shady Past",0,"",0,"",0]
["AMORPHOUS FIRE44413",11,12,12.5,14,14.5,15,57,15,17,15,10,53,62.11,13,13.97,13,13,24.439,24.439,305,"Mount Gambier-8-44413","2. Amorphous Fire",0,"",0,"",0]
["SEE ME SOCKS44413",23,25,26,36,40,42,8,7,7,5,9,8,13.02,30,34.43,17,17,28.920999999999999,28.920999999999999,305,"Mount Gambier-8-44413","3. See Me Socks",0,"",0,"",0]
["BUNGALOO SARAH44413",42,50,95,400,470,510,15,9,5,5,5,5,4.18,90,96.59,61,61,106.145,106.145,305,"Mount Gambier-8-44413","7. Bungaloo Sarah",0,"",0,"",0]
["GOLDEN LESTER44413",6.2,6.6,6.8,8.6,9,9.1999999999999993,5,8,24,8,6,6,427.61,8.8000000000000007,7,4.2,4.2,6.6230000000000002,6.6230000000000002,305,"Mount Gambier-8-44413","8. Golden Lester",0,"",0,"",0]

{"sheet":"data_log","index":11,"n_rows":404,"n_cols":3,"rows_kept":404,"cut":false,"hidden":false,"merged":[]}
["earnings","today_bkrl","script_spd"]
[0,43381.48,163]
[-1085,43392.13]
[1045,43594.59]
[2076,43948.85]
[3856,43657.079999999994]
[6333,43867.18]
[5979,44054.829999999994]
[5681]
[8590]
[7851]
[9051]
[9109]
[6928]
[5890]
[5389]
[3245]
[5294]
[6116]
[7070]
[6707]
[7202]
[6130]
[5929]
[6008]
[6645]
[9002]
[8243]
[13257]
[11987]
[12040]
[10484]
[10202]
[10623]
[11571]
[9964]
[9254]
[9324]
[7322]
[6259]
[4833]
[1862]
[2308]
[5777]
[7325]
[5056]
[6117]
[5004]
[8872]
[9627]
[15968]
[13447]
[21322]
[22385]
[17850]
[17628]
[18616]
[22111]
[24561]
[32221]
[32969]
[29704]
[23551]
[25991]
[22899]
[23958]
[22848]
[21078]
[19514]
[19153]
[18696]
[15372]
[15458]
[17234]
[18410]
[19684]
[17730]
[20001]
[19018]
[27763]
[29060]
[28927]
[25036]
[23534]
[23660]
[25723]
[26794]
[29784]
[34632]
[36319]
[45367]
[45880]
[46342]
[48173]
[49821]
[45555]
[52973]
[47838]
[50827]
[48938]
[45397]
[48565]
[42841]
[44126]
[46497]
[43704]
[35355]
[34513]
[31801]
[36571]
[40596]
[41911]
[45423]
[38767]
[33804]
[37150]
[37104]
[38070]
[37197]
[36992]
[41526]
[42418]
[41013]
[45435]
[39335]
[40378]
[46104]
[44663]
[44149]
[50405]
[48102]
[45756]
[50903]
[52730]
[61551]
[62966]
[67429]
[62625]
[56568]
[58687]
[70172]
[64439]
[68548]
[66806]
[60583]
[55451]
[55806]
[53628]
[58837]
[58176]
[62372]
[74654]
[62199]
[67590]
[57892]
[62388]
[58909]
[59925]
[63444]
[60918]
[65402]
[61692]
[64051]
[63512]
[67658]
[72260]
[66615]
[68296]
[66971]
[72777]
[63563]
[62043]
[62334]
[57281]
[57402]
[59491]
[62028]
[71559]
[80515]
[85777]
[84886]
[82483]
[78400]
[76598]
[73607]
[70947]
[67769]
[78893]
[87451]
[90509]
[96479]
[99429]
[96771]
[111085]
[119393]
[123965]
[125208]
[123738]
[127081]
[117787]
[125500]
[115853]
[121558]
[128620]
[121418]
[116491]
[113104]
[109611]
[116313]
[110350]
[105591]
[105514]
[101283]
[80465]
[81165]
[86780]
[93835]
[101587]
[89522]
[87937]
[91422]
[109207]
[117643]
[112141]
[108066]
[104074]
[109980]
[101428]
[95137]
[92729]
[83807]
[84512]
[83956]
[85741]
[83253]
[78782]
[78347]
[78053]
[71006]
[67650]
[75061]
[62422]
[69646]
[75034]
[71776]
[75736]
[82802]
[82959]
[82520]
[80101]
[64685]
[64175]
[65065]
[58740]
[68004]
[72545]
[70747]
[73367]
[78910]
[83460]
[84014]
[84393]
[85572]
[98988]
[102759]
[102528]
[112165]
[118536]
[122705]
[137409]
[101455]
[112064]
[124652]
[127646]
[125358]
[116971]
[111659]
[96955]
[105499]
[104819]
[97442]
[106305]
[104126]
[111538]
[129230]
[135916]
[127019]
[118664]
[121346]
[121393]
[121136]
[129310]
[140714]
[137852]
[137851.72]
[148222.17000000001]
[157223.20000000001]
[198306.75]
[199714.57]
[199480.72]
[199865.31]
[202818.35]
[199669.53]
[204432.64000000001]
[216237.05]
[214905.39]
[225600.16999999998]
[224811.03]
[233357.46]
[243744.49]
[243384.67]
[245912.34]
[256234.22]
[259108.06]
[272855.88]
[256277.56]
[238103.35]
[233580.36]
[238812.45]
[237706.83]
[233735.43]
[231874.45]
[222214.78999999998]
[219512.87]
[212785.72999999998]
[205094.66999999998]
[211477.97]
[210356.38]
[216662.91999999998]
[220393.39]
[225074.51]
[226556.16]
[232434.51]
[235963.23]
[232000.56]
[251367.35]
[251864.02]
[258522.36]
[256932.51]
[263193.68]
[265974.58999999997]
[275538.45999999996]
[290075.95]
[300303.95]
[293752.14]
[288907.73]
[281493.21999999997]
[284212.29000000004]
[290628.07]
[301967.04000000004]
[303251.67000000004]
[301795.17000000004]
[312231.52]
[318125.26]
[323047.88]
[268564.79000000004]
[267990.84999999998]
[272809.05]
[275959.58999999997]
[278848.28000000003]
[284115.54000000004]
[273765.93]
[276578.24]
[257166.24]
[259561.5]
[254241.14]
[248885.73]
[255773.68]
[239524.49]
[234463.48]
[236277.24]
[231913.16999999998]
[213647.61]
[220146.15]
[223500.41]
[222546.07]
[222614.43]
[219220.31]
[226956.51]
[230898.4]
[226917.89]
[227352.03]
[220240.87]
[224898.05]
[231612.13]
[222739.82]
[210280.75]
[204136.58000000002]
[198449.89]
[192678.09]
[193136.83000000002]
[187676.28999999998]
[182111.77000000002]
[183831.06]
[181592.03]
[175472.76]
[186604.41]
[183881.28999999998]
[173495.19]
[164330.29999999999]
[168978.05]
[167981.11]
[169632.99]
[171381.48]